{"id":441,"date":"2018-03-01T16:39:40","date_gmt":"2018-03-01T15:39:40","guid":{"rendered":"http:\/\/shop.mittgard.de\/?page_id=441"},"modified":"2020-10-30T15:47:48","modified_gmt":"2020-10-30T14:47:48","slug":"frisuren-der-griechen","status":"publish","type":"page","link":"https:\/\/shop.mittgard.de\/?page_id=441","title":{"rendered":"Frisuren der Griechen"},"content":{"rendered":"<h1 style=\"text-align: center;\">Griechen<\/h1>\n<h3 style=\"text-align: center;\">1500 &#8211; 150 v.0<\/h3>\n<h6 style=\"text-align: center;\"><a href=\"https:\/\/shop.mittgard.de\/?page_id=441\">Griechen <\/a>I <a href=\"https:\/\/shop.mittgard.de\/?page_id=451\">R\u00f6mer <\/a>I <a href=\"https:\/\/shop.mittgard.de\/?page_id=458\">Kelten <\/a>I <a href=\"https:\/\/shop.mittgard.de\/?page_id=466\">Germanen <\/a>I <a href=\"https:\/\/shop.mittgard.de\/?page_id=474\">Romanik <\/a>I <a href=\"https:\/\/shop.mittgard.de\/?page_id=481\">Gotik <\/a>I <a href=\"https:\/\/shop.mittgard.de\/?page_id=487\">Renaissance<\/a><\/h6>\n<p>&nbsp;<\/p>\n<p>Bis 500 v.0 trug die griechische Frau ihr Haar offen in langen Korkenzieherlocken, die sie sparsam mit B\u00e4ndern, Stirnreif &amp; Haarnadeln schm\u00fcckte.Sp\u00e4ter steckte sie ihre Haare zu einem Knoten am Hinterkopf hoch und verzierte ihn mit farbigen B\u00e4ndern und silbernen &amp; goldenen Haarnetzen. Nach 300 v.0 wurde die Mode durch den Ostzug Alexander d. Gro\u00dfen orientalisch beeinflusst. Die Griechen begannen damit ihr dunkelblondes Haar mit Safran aufzuhellen. Man erfand au\u00dferdem das Calamistrum, ein erw\u00e4rmter Bronzestab oder -gabel, um den man das feuchte Haar wickelte und so in lange Locken legte und zu prachtvollen Frisuren hochsteckte.<\/p>\n<p>Bei den M\u00e4nnern richteten sich die Frisuren nach ihrem Stand: Gelehrte &amp; Dichter trugen langes gepflegtes Haupt- &amp; Barthaar. Sportler &amp; Krieger hatten kurz gelocktes Haar und waren rasiert. Reiche Stadtburschen trugen langes gewelltes Haar und waren ebenfalls bartlos.<\/p>\n<div id='gallery-1' class='gallery galleryid-441 gallery-columns-4 gallery-size-full'><figure class='gallery-item'>\n\t\t\t<div class='gallery-icon portrait'>\n\t\t\t\t<a href='https:\/\/shop.mittgard.de\/wp-content\/uploads\/2018\/03\/Griechen4.jpg'><img loading=\"lazy\" decoding=\"async\" width=\"142\" height=\"170\" src=\"https:\/\/shop.mittgard.de\/wp-content\/uploads\/2018\/03\/Griechen4.jpg\" class=\"attachment-full size-full\" alt=\"\" sizes=\"auto, 100vw\" \/><\/a>\n\t\t\t<\/div><\/figure><figure class='gallery-item'>\n\t\t\t<div class='gallery-icon portrait'>\n\t\t\t\t<a href='https:\/\/shop.mittgard.de\/wp-content\/uploads\/2018\/03\/Griechen1.jpg'><img loading=\"lazy\" decoding=\"async\" width=\"180\" height=\"220\" src=\"https:\/\/shop.mittgard.de\/wp-content\/uploads\/2018\/03\/Griechen1.jpg\" class=\"attachment-full size-full\" alt=\"\" sizes=\"auto, 100vw\" \/><\/a>\n\t\t\t<\/div><\/figure><figure class='gallery-item'>\n\t\t\t<div class='gallery-icon portrait'>\n\t\t\t\t<a href='https:\/\/shop.mittgard.de\/wp-content\/uploads\/2018\/03\/Griechen3.jpg'><img loading=\"lazy\" decoding=\"async\" width=\"180\" height=\"220\" src=\"https:\/\/shop.mittgard.de\/wp-content\/uploads\/2018\/03\/Griechen3.jpg\" class=\"attachment-full size-full\" alt=\"\" sizes=\"auto, 100vw\" \/><\/a>\n\t\t\t<\/div><\/figure><figure class='gallery-item'>\n\t\t\t<div class='gallery-icon portrait'>\n\t\t\t\t<a href='https:\/\/shop.mittgard.de\/wp-content\/uploads\/2018\/03\/Griechen2.jpg'><img loading=\"lazy\" decoding=\"async\" width=\"142\" height=\"170\" src=\"https:\/\/shop.mittgard.de\/wp-content\/uploads\/2018\/03\/Griechen2.jpg\" class=\"attachment-full size-full\" alt=\"\" sizes=\"auto, 100vw\" \/><\/a>\n\t\t\t<\/div><\/figure>\n\t\t<\/div>\n\n<p style=\"text-align: center;\"><a href=\"https:\/\/shop.mittgard.de\/?page_id=451\">weiter<\/a><\/p>\n","protected":false},"excerpt":{"rendered":"<p>Griechen 1500 &#8211; 150 v.0 Griechen I R\u00f6mer I Kelten I Germanen I Romanik I Gotik I Renaissance &nbsp; Bis 500 v.0 trug die griechische Frau ihr Haar offen in langen Korkenzieherlocken, die sie sparsam mit B\u00e4ndern, Stirnreif &amp; Haarnadeln schm\u00fcckte.Sp\u00e4ter steckte sie ihre Haare zu einem Knoten am Hinterkopf hoch und verzierte ihn mit &hellip; <\/p>\n<p class=\"link-more\"><a href=\"https:\/\/shop.mittgard.de\/?page_id=441\" class=\"more-link\"><span class=\"screen-reader-text\">\u201eFrisuren der Griechen\u201c <\/span>weiterlesen<\/a><\/p>\n","protected":false},"author":2,"featured_media":0,"parent":438,"menu_order":0,"comment_status":"closed","ping_status":"closed","template":"","meta":{"footnotes":""},"class_list":["post-441","page","type-page","status-publish","hentry"],"_links":{"self":[{"href":"https:\/\/shop.mittgard.de\/index.php?rest_route=\/wp\/v2\/pages\/441","targetHints":{"allow":["GET"]}}],"collection":[{"href":"https:\/\/shop.mittgard.de\/index.php?rest_route=\/wp\/v2\/pages"}],"about":[{"href":"https:\/\/shop.mittgard.de\/index.php?rest_route=\/wp\/v2\/types\/page"}],"author":[{"embeddable":true,"href":"https:\/\/shop.mittgard.de\/index.php?rest_route=\/wp\/v2\/users\/2"}],"replies":[{"embeddable":true,"href":"https:\/\/shop.mittgard.de\/index.php?rest_route=%2Fwp%2Fv2%2Fcomments&post=441"}],"version-history":[{"count":9,"href":"https:\/\/shop.mittgard.de\/index.php?rest_route=\/wp\/v2\/pages\/441\/revisions"}],"predecessor-version":[{"id":9648,"href":"https:\/\/shop.mittgard.de\/index.php?rest_route=\/wp\/v2\/pages\/441\/revisions\/9648"}],"up":[{"embeddable":true,"href":"https:\/\/shop.mittgard.de\/index.php?rest_route=\/wp\/v2\/pages\/438"}],"wp:attachment":[{"href":"https:\/\/shop.mittgard.de\/index.php?rest_route=%2Fwp%2Fv2%2Fmedia&parent=441"}],"curies":[{"name":"wp","href":"https:\/\/api.w.org\/{rel}","templated":true}]}}