{"id":451,"date":"2018-03-01T16:46:54","date_gmt":"2018-03-01T15:46:54","guid":{"rendered":"http:\/\/shop.mittgard.de\/?page_id=451"},"modified":"2020-10-30T16:43:28","modified_gmt":"2020-10-30T15:43:28","slug":"frisuren-der-roemer","status":"publish","type":"page","link":"https:\/\/shop.mittgard.de\/?page_id=451","title":{"rendered":"Frisuren der R\u00f6mer"},"content":{"rendered":"<h1 style=\"text-align: center;\">R\u00f6mer<\/h1>\n<h3 style=\"text-align: center;\">500 v. &#8211; 500 n.0<\/h3>\n<h6 style=\"text-align: center;\"><a href=\"https:\/\/shop.mittgard.de\/?page_id=441\">Griechen <\/a>I <a href=\"https:\/\/shop.mittgard.de\/?page_id=451\">R\u00f6mer <\/a>I <a href=\"https:\/\/shop.mittgard.de\/?page_id=458\">Kelten <\/a>I <a href=\"https:\/\/shop.mittgard.de\/?page_id=466\">Germanen <\/a>I <a href=\"https:\/\/shop.mittgard.de\/?page_id=474\">Romanik <\/a>I <a href=\"https:\/\/shop.mittgard.de\/?page_id=481\">Gotik<\/a> I <a href=\"https:\/\/shop.mittgard.de\/?page_id=487\">Renaissance<\/a><\/h6>\n<p>&nbsp;<\/p>\n<p>In der Zeit der Republik (500-30 v.0) trug die R\u00f6merin ihr Haar in einem einfachen Haarknoten, den man heute Dutt nennt. Prunkvolle gelockte Frisuren waren verp\u00f6nt und nur dem Stand der Prostituierten vorbehalten. Ab der Kaiserzeit wurde die r\u00f6mische Mode beeinflusst von seinen weitreichenden Eroberungen. \u00c4gyptische Sklavinnen flochten komplizierte Flechtfrisuren, griechische Sklavinnen legten die Haare der Herrin in Locken &amp; Wellen. Und von den keltischen &amp; germanischen Sklavinnen schnitt man kurzerhand die blonden &amp; roten Locken ab und verarbeitete das Haar zu kunstvollen Per\u00fccken. Dazu schm\u00fcckten sie ihr Haar mit kostbarem Haarschmuck.<\/p>\n<p>Der Mann der Republik trug langes Haar und Vollbart. In der Kaiserzeit wurde das Haar soldatisch kurz &amp; bartlos getragen. In der sp\u00e4ten Kaiserzeit bevorzugte der Mann lockiges Haar und einen gepflegten Kinn- &amp; Schnurrbart.<\/p>\n<div id='gallery-1' class='gallery galleryid-451 gallery-columns-4 gallery-size-full'><figure class='gallery-item'>\n\t\t\t<div class='gallery-icon portrait'>\n\t\t\t\t<a href='https:\/\/shop.mittgard.de\/wp-content\/uploads\/2018\/03\/Roemer3.jpg'><img loading=\"lazy\" decoding=\"async\" width=\"128\" height=\"250\" src=\"https:\/\/shop.mittgard.de\/wp-content\/uploads\/2018\/03\/Roemer3.jpg\" class=\"attachment-full size-full\" alt=\"\" sizes=\"auto, 100vw\" \/><\/a>\n\t\t\t<\/div><\/figure><figure class='gallery-item'>\n\t\t\t<div class='gallery-icon portrait'>\n\t\t\t\t<a href='https:\/\/shop.mittgard.de\/wp-content\/uploads\/2018\/03\/Roemer1.jpg'><img loading=\"lazy\" decoding=\"async\" width=\"160\" height=\"200\" src=\"https:\/\/shop.mittgard.de\/wp-content\/uploads\/2018\/03\/Roemer1.jpg\" class=\"attachment-full size-full\" alt=\"\" sizes=\"auto, 100vw\" \/><\/a>\n\t\t\t<\/div><\/figure><figure class='gallery-item'>\n\t\t\t<div class='gallery-icon portrait'>\n\t\t\t\t<a href='https:\/\/shop.mittgard.de\/wp-content\/uploads\/2018\/03\/Roemer4.jpg'><img loading=\"lazy\" decoding=\"async\" width=\"160\" height=\"200\" src=\"https:\/\/shop.mittgard.de\/wp-content\/uploads\/2018\/03\/Roemer4.jpg\" class=\"attachment-full size-full\" alt=\"\" sizes=\"auto, 100vw\" \/><\/a>\n\t\t\t<\/div><\/figure><figure class='gallery-item'>\n\t\t\t<div class='gallery-icon portrait'>\n\t\t\t\t<a href='https:\/\/shop.mittgard.de\/wp-content\/uploads\/2018\/03\/Roemer2.jpg'><img loading=\"lazy\" decoding=\"async\" width=\"160\" height=\"200\" src=\"https:\/\/shop.mittgard.de\/wp-content\/uploads\/2018\/03\/Roemer2.jpg\" class=\"attachment-full size-full\" alt=\"\" sizes=\"auto, 100vw\" \/><\/a>\n\t\t\t<\/div><\/figure>\n\t\t<\/div>\n\n<p style=\"text-align: center;\"><a href=\"https:\/\/shop.mittgard.de\/?page_id=441\">zur\u00fcck <\/a>| <a href=\"https:\/\/shop.mittgard.de\/?page_id=458\">weiter<\/a><\/p>\n","protected":false},"excerpt":{"rendered":"<p>R\u00f6mer 500 v. &#8211; 500 n.0 Griechen I R\u00f6mer I Kelten I Germanen I Romanik I Gotik I Renaissance &nbsp; In der Zeit der Republik (500-30 v.0) trug die R\u00f6merin ihr Haar in einem einfachen Haarknoten, den man heute Dutt nennt. Prunkvolle gelockte Frisuren waren verp\u00f6nt und nur dem Stand der Prostituierten vorbehalten. Ab der &hellip; <\/p>\n<p class=\"link-more\"><a href=\"https:\/\/shop.mittgard.de\/?page_id=451\" class=\"more-link\"><span class=\"screen-reader-text\">\u201eFrisuren der R\u00f6mer\u201c <\/span>weiterlesen<\/a><\/p>\n","protected":false},"author":2,"featured_media":0,"parent":438,"menu_order":0,"comment_status":"closed","ping_status":"closed","template":"","meta":{"footnotes":""},"class_list":["post-451","page","type-page","status-publish","hentry"],"_links":{"self":[{"href":"https:\/\/shop.mittgard.de\/index.php?rest_route=\/wp\/v2\/pages\/451","targetHints":{"allow":["GET"]}}],"collection":[{"href":"https:\/\/shop.mittgard.de\/index.php?rest_route=\/wp\/v2\/pages"}],"about":[{"href":"https:\/\/shop.mittgard.de\/index.php?rest_route=\/wp\/v2\/types\/page"}],"author":[{"embeddable":true,"href":"https:\/\/shop.mittgard.de\/index.php?rest_route=\/wp\/v2\/users\/2"}],"replies":[{"embeddable":true,"href":"https:\/\/shop.mittgard.de\/index.php?rest_route=%2Fwp%2Fv2%2Fcomments&post=451"}],"version-history":[{"count":5,"href":"https:\/\/shop.mittgard.de\/index.php?rest_route=\/wp\/v2\/pages\/451\/revisions"}],"predecessor-version":[{"id":9655,"href":"https:\/\/shop.mittgard.de\/index.php?rest_route=\/wp\/v2\/pages\/451\/revisions\/9655"}],"up":[{"embeddable":true,"href":"https:\/\/shop.mittgard.de\/index.php?rest_route=\/wp\/v2\/pages\/438"}],"wp:attachment":[{"href":"https:\/\/shop.mittgard.de\/index.php?rest_route=%2Fwp%2Fv2%2Fmedia&parent=451"}],"curies":[{"name":"wp","href":"https:\/\/api.w.org\/{rel}","templated":true}]}}

Frisuren der Römer

<h1 style="text-align: center;">Römer</h1>
<h3 style="text-align: center;">500 v. &#8211; 500 n.0</h3>
<h6 style="text-align: center;"><a href="https://shop.mittgard.de/?page_id=441">Griechen </a>I <a href="https://shop.mittgard.de/?page_id=451">Römer </a>I <a href="https://shop.mittgard.de/?page_id=458">Kelten </a>I <a href="https://shop.mittgard.de/?page_id=466">Germanen </a>I <a href="https://shop.mittgard.de/?page_id=474">Romanik </a>I <a href="https://shop.mittgard.de/?page_id=481">Gotik</a> I <a href="https://shop.mittgard.de/?page_id=487">Renaissance</a></h6>
<p>&nbsp;</p>
<p>In der Zeit der Republik (500-30 v.0) trug die Römerin ihr Haar in einem einfachen Haarknoten, den man heute Dutt nennt. Prunkvolle gelockte Frisuren waren verpönt und nur dem Stand der Prostituierten vorbehalten. Ab der Kaiserzeit wurde die römische Mode beeinflusst von seinen weitreichenden Eroberungen. Ägyptische Sklavinnen flochten komplizierte Flechtfrisuren, griechische Sklavinnen legten die Haare der Herrin in Locken &amp; Wellen. Und von den keltischen &amp; germanischen Sklavinnen schnitt man kurzerhand die blonden &amp; roten Locken ab und verarbeitete das Haar zu kunstvollen Perücken. Dazu schmückten sie ihr Haar mit kostbarem Haarschmuck.</p>
<p>Der Mann der Republik trug langes Haar und Vollbart. In der Kaiserzeit wurde das Haar soldatisch kurz &amp; bartlos getragen. In der späten Kaiserzeit bevorzugte der Mann lockiges Haar und einen gepflegten Kinn- &amp; Schnurrbart.</p>
<div id='gallery-1' class='gallery galleryid-451 gallery-columns-4 gallery-size-full'><figure class='gallery-item'>
			<div class='gallery-icon portrait'>
				<a href='https://shop.mittgard.de/wp-content/uploads/2018/03/Roemer3.jpg'><img loading="lazy" decoding="async" width="128" height="250" src="https://shop.mittgard.de/wp-content/uploads/2018/03/Roemer3.jpg" class="attachment-full size-full" alt="" sizes="auto, 100vw" /></a>
			</div></figure><figure class='gallery-item'>
			<div class='gallery-icon portrait'>
				<a href='https://shop.mittgard.de/wp-content/uploads/2018/03/Roemer1.jpg'><img loading="lazy" decoding="async" width="160" height="200" src="https://shop.mittgard.de/wp-content/uploads/2018/03/Roemer1.jpg" class="attachment-full size-full" alt="" sizes="auto, 100vw" /></a>
			</div></figure><figure class='gallery-item'>
			<div class='gallery-icon portrait'>
				<a href='https://shop.mittgard.de/wp-content/uploads/2018/03/Roemer4.jpg'><img loading="lazy" decoding="async" width="160" height="200" src="https://shop.mittgard.de/wp-content/uploads/2018/03/Roemer4.jpg" class="attachment-full size-full" alt="" sizes="auto, 100vw" /></a>
			</div></figure><figure class='gallery-item'>
			<div class='gallery-icon portrait'>
				<a href='https://shop.mittgard.de/wp-content/uploads/2018/03/Roemer2.jpg'><img loading="lazy" decoding="async" width="160" height="200" src="https://shop.mittgard.de/wp-content/uploads/2018/03/Roemer2.jpg" class="attachment-full size-full" alt="" sizes="auto, 100vw" /></a>
			</div></figure>
		</div>

<p style="text-align: center;"><a href="https://shop.mittgard.de/?page_id=441">zurück </a>| <a href="https://shop.mittgard.de/?page_id=458">weiter</a></p>

<p>Römer 500 v. &#8211; 500 n.0 Griechen I Römer I Kelten I Germanen I Romanik I Gotik I Renaissance &nbsp; In der Zeit der Republik (500-30 v.0) trug die Römerin ihr Haar in einem einfachen Haarknoten, den man heute Dutt nennt. Prunkvolle gelockte Frisuren waren verpönt und nur dem Stand der Prostituierten vorbehalten. Ab der &hellip; </p>
<p class="link-more"><a href="https://shop.mittgard.de/?page_id=451" class="more-link"><span class="screen-reader-text">„Frisuren der Römer“ </span>weiterlesen</a></p>
