{"id":458,"date":"2018-03-01T16:51:39","date_gmt":"2018-03-01T15:51:39","guid":{"rendered":"http:\/\/shop.mittgard.de\/?page_id=458"},"modified":"2020-10-30T15:49:13","modified_gmt":"2020-10-30T14:49:13","slug":"frisuren-der-kelten","status":"publish","type":"page","link":"https:\/\/shop.mittgard.de\/?page_id=458","title":{"rendered":"Frisuren der Kelten"},"content":{"rendered":"<h1 style=\"text-align: center;\">Kelten<\/h1>\n<h3 style=\"text-align: center;\">1500 v. &#8211; 500 n.0<\/h3>\n<h6 style=\"text-align: center;\"><a href=\"https:\/\/shop.mittgard.de\/?page_id=441\">Griechen <\/a>I <a href=\"https:\/\/shop.mittgard.de\/?page_id=451\">R\u00f6mer <\/a>I <a href=\"https:\/\/shop.mittgard.de\/?page_id=458\">Kelten <\/a>I <a href=\"https:\/\/shop.mittgard.de\/?page_id=466\">Germanen <\/a>I <a href=\"https:\/\/shop.mittgard.de\/?page_id=474\">Romanik <\/a>I <a href=\"https:\/\/shop.mittgard.de\/?page_id=481\">Gotik <\/a>I <a href=\"https:\/\/shop.mittgard.de\/?page_id=487\">Renaissance<\/a><\/h6>\n<p>Die Kelten waren bei den R\u00f6mern f\u00fcr ihre Frisuren ber\u00fchmt-ber\u00fcchtigt. Die Frauen steckten ihre \u00fcppigen roten Haare, die oft gef\u00e4rbt wurden, zu aufwendigen Flechtfrisuren hoch und sparten nicht mit prunkvollem Haarschmuck, wie bunten B\u00e4ndern, silberne &amp; goldene Metallf\u00e4den, Haarnetzen &amp; -nadeln.<\/p>\n<p>Die M\u00e4nner trugen langes Haar, dass regelm\u00e4\u00dfig mit Kalkwasser gewaschen wurde, damit es dick und steif nach hinten stand &#8211; das sollte die Feinde im Kampf erschrecken. Au\u00dferdem rasierten sie sich regelm\u00e4\u00dfig und lie\u00dfen sich nur einen lange Schnauzbart stehen.<\/p>\n<div id='gallery-1' class='gallery galleryid-458 gallery-columns-3 gallery-size-full'><figure class='gallery-item'>\n\t\t\t<div class='gallery-icon portrait'>\n\t\t\t\t<a href='https:\/\/shop.mittgard.de\/wp-content\/uploads\/2018\/03\/Kelten1.jpg'><img loading=\"lazy\" decoding=\"async\" width=\"99\" height=\"270\" src=\"https:\/\/shop.mittgard.de\/wp-content\/uploads\/2018\/03\/Kelten1.jpg\" class=\"attachment-full size-full\" alt=\"\" sizes=\"auto, 100vw\" \/><\/a>\n\t\t\t<\/div><\/figure><figure class='gallery-item'>\n\t\t\t<div class='gallery-icon portrait'>\n\t\t\t\t<a href='https:\/\/shop.mittgard.de\/wp-content\/uploads\/2018\/03\/Kelten2.jpg'><img loading=\"lazy\" decoding=\"async\" width=\"145\" height=\"250\" src=\"https:\/\/shop.mittgard.de\/wp-content\/uploads\/2018\/03\/Kelten2.jpg\" class=\"attachment-full size-full\" alt=\"\" sizes=\"auto, 100vw\" \/><\/a>\n\t\t\t<\/div><\/figure><figure class='gallery-item'>\n\t\t\t<div class='gallery-icon portrait'>\n\t\t\t\t<a href='https:\/\/shop.mittgard.de\/wp-content\/uploads\/2018\/03\/Kelten3.jpg'><img loading=\"lazy\" decoding=\"async\" width=\"145\" height=\"200\" src=\"https:\/\/shop.mittgard.de\/wp-content\/uploads\/2018\/03\/Kelten3.jpg\" class=\"attachment-full size-full\" alt=\"\" sizes=\"auto, 100vw\" \/><\/a>\n\t\t\t<\/div><\/figure><figure class='gallery-item'>\n\t\t\t<div class='gallery-icon portrait'>\n\t\t\t\t<a href='https:\/\/shop.mittgard.de\/wp-content\/uploads\/2018\/03\/Kelten6.jpg'><img loading=\"lazy\" decoding=\"async\" width=\"160\" height=\"241\" src=\"https:\/\/shop.mittgard.de\/wp-content\/uploads\/2018\/03\/Kelten6.jpg\" class=\"attachment-full size-full\" alt=\"\" sizes=\"auto, 100vw\" \/><\/a>\n\t\t\t<\/div><\/figure><figure class='gallery-item'>\n\t\t\t<div class='gallery-icon portrait'>\n\t\t\t\t<a href='https:\/\/shop.mittgard.de\/wp-content\/uploads\/2018\/03\/Kelten4.jpg'><img loading=\"lazy\" decoding=\"async\" width=\"160\" height=\"200\" src=\"https:\/\/shop.mittgard.de\/wp-content\/uploads\/2018\/03\/Kelten4.jpg\" class=\"attachment-full size-full\" alt=\"\" sizes=\"auto, 100vw\" \/><\/a>\n\t\t\t<\/div><\/figure><figure class='gallery-item'>\n\t\t\t<div class='gallery-icon portrait'>\n\t\t\t\t<a href='https:\/\/shop.mittgard.de\/wp-content\/uploads\/2018\/03\/Kelten5.jpg'><img loading=\"lazy\" decoding=\"async\" width=\"160\" height=\"200\" src=\"https:\/\/shop.mittgard.de\/wp-content\/uploads\/2018\/03\/Kelten5.jpg\" class=\"attachment-full size-full\" alt=\"\" sizes=\"auto, 100vw\" \/><\/a>\n\t\t\t<\/div><\/figure>\n\t\t<\/div>\n\n<p style=\"text-align: center;\"><a href=\"https:\/\/shop.mittgard.de\/?page_id=451\">zur\u00fcck <\/a>| <a href=\"https:\/\/shop.mittgard.de\/?page_id=466\">weiter<\/a><\/p>\n","protected":false},"excerpt":{"rendered":"<p>Kelten 1500 v. &#8211; 500 n.0 Griechen I R\u00f6mer I Kelten I Germanen I Romanik I Gotik I Renaissance Die Kelten waren bei den R\u00f6mern f\u00fcr ihre Frisuren ber\u00fchmt-ber\u00fcchtigt. Die Frauen steckten ihre \u00fcppigen roten Haare, die oft gef\u00e4rbt wurden, zu aufwendigen Flechtfrisuren hoch und sparten nicht mit prunkvollem Haarschmuck, wie bunten B\u00e4ndern, silberne &amp; &hellip; <\/p>\n<p class=\"link-more\"><a href=\"https:\/\/shop.mittgard.de\/?page_id=458\" class=\"more-link\"><span class=\"screen-reader-text\">\u201eFrisuren der Kelten\u201c <\/span>weiterlesen<\/a><\/p>\n","protected":false},"author":2,"featured_media":0,"parent":438,"menu_order":0,"comment_status":"closed","ping_status":"closed","template":"","meta":{"footnotes":""},"class_list":["post-458","page","type-page","status-publish","hentry"],"_links":{"self":[{"href":"https:\/\/shop.mittgard.de\/index.php?rest_route=\/wp\/v2\/pages\/458","targetHints":{"allow":["GET"]}}],"collection":[{"href":"https:\/\/shop.mittgard.de\/index.php?rest_route=\/wp\/v2\/pages"}],"about":[{"href":"https:\/\/shop.mittgard.de\/index.php?rest_route=\/wp\/v2\/types\/page"}],"author":[{"embeddable":true,"href":"https:\/\/shop.mittgard.de\/index.php?rest_route=\/wp\/v2\/users\/2"}],"replies":[{"embeddable":true,"href":"https:\/\/shop.mittgard.de\/index.php?rest_route=%2Fwp%2Fv2%2Fcomments&post=458"}],"version-history":[{"count":5,"href":"https:\/\/shop.mittgard.de\/index.php?rest_route=\/wp\/v2\/pages\/458\/revisions"}],"predecessor-version":[{"id":9650,"href":"https:\/\/shop.mittgard.de\/index.php?rest_route=\/wp\/v2\/pages\/458\/revisions\/9650"}],"up":[{"embeddable":true,"href":"https:\/\/shop.mittgard.de\/index.php?rest_route=\/wp\/v2\/pages\/438"}],"wp:attachment":[{"href":"https:\/\/shop.mittgard.de\/index.php?rest_route=%2Fwp%2Fv2%2Fmedia&parent=458"}],"curies":[{"name":"wp","href":"https:\/\/api.w.org\/{rel}","templated":true}]}}