{"id":466,"date":"2018-03-01T16:57:34","date_gmt":"2018-03-01T15:57:34","guid":{"rendered":"http:\/\/shop.mittgard.de\/?page_id=466"},"modified":"2020-10-30T15:44:42","modified_gmt":"2020-10-30T14:44:42","slug":"frisuren-der-germanen","status":"publish","type":"page","link":"https:\/\/shop.mittgard.de\/?page_id=466","title":{"rendered":"Frisuren der Germanen"},"content":{"rendered":"<h1 style=\"text-align: center;\">Germanen<\/h1>\n<h3 style=\"text-align: center;\">1500 v. &#8211; 800 n.0<\/h3>\n<h6 style=\"text-align: center;\"><a href=\"https:\/\/shop.mittgard.de\/?page_id=441\">Griechen<\/a> I <a href=\"https:\/\/shop.mittgard.de\/?page_id=451\">R\u00f6mer <\/a>I <a href=\"https:\/\/shop.mittgard.de\/?page_id=458\">Kelten <\/a>I <a href=\"https:\/\/shop.mittgard.de\/?page_id=466\">Germanen <\/a>I <a href=\"https:\/\/shop.mittgard.de\/?page_id=474\">Romanik <\/a>I <a href=\"https:\/\/shop.mittgard.de\/?page_id=481\">Gotik <\/a>I <a href=\"https:\/\/shop.mittgard.de\/?page_id=487\">Renaissance<\/a><\/h6>\n<p>&nbsp;<\/p>\n<p><a href=\"http:\/\/shop.mittgard.de\/wp-content\/uploads\/2018\/03\/Germanen2.jpg\"><img loading=\"lazy\" decoding=\"async\" class=\"alignleft size-full wp-image-467\" src=\"http:\/\/shop.mittgard.de\/wp-content\/uploads\/2018\/03\/Germanen2.jpg\" alt=\"\" width=\"159\" height=\"250\" \/><\/a>Die Frauen trugen ihr langes blond &#8211; rotes Haar in der Mitte gescheitelt und lang herabfallend oder zu zwei dicken Z\u00f6pfen geflochten. Der Sage nach soll die germanische Prinzessin Ildiko den Hunnenf\u00fcrsten Atilla in der Hochzeitsnacht mit einem ihrer Z\u00f6pfe erdrosselt haben! Die verheirateten Frauen steckten ihr Haar in ein Haarnetz oder unter ein Kopftuch bzw. Schleier. Sie schm\u00fcckten ihr Haar mit B\u00e4ndern und Blumen und hellten ihre Haare mit einer Beize aus Milch und Kalklauge auf. <a href=\"http:\/\/shop.mittgard.de\/wp-content\/uploads\/2018\/03\/Germanen1.jpg\"><img loading=\"lazy\" decoding=\"async\" class=\"alignright size-full wp-image-468\" src=\"http:\/\/shop.mittgard.de\/wp-content\/uploads\/2018\/03\/Germanen1.jpg\" alt=\"\" width=\"178\" height=\"220\" \/><\/a><\/p>\n<p>In der Bronzezeit trugen die M\u00e4nner ihre Haare halblang, steckten es mit einem Schl\u00e4fenring \u00fcber dem Ohr fest und waren rasiert. Sp\u00e4ter wurden die Haare l\u00e4nger und der Vollbart wurde modern. Au\u00dferdem unterschieden sich die M\u00e4nnerfrisuren nach ihrer Stammeszugeh\u00f6rigkeit:<\/p>\n<p>Ostgermanische Bastarnen n\u00f6rdlich des Schwarzen Meeres flochten ihre Haare in mehreren Z\u00f6pfen zur rechten Kopfseite her\u00fcber.<\/p>\n<p>Die Kimbern f\u00e4rbten ihre Haare vor der Schlacht mit einer seifenartigen Paste aus Holzasche und Tonerde rot, um die Feinde zu erschrecken.<\/p>\n<p><a href=\"http:\/\/shop.mittgard.de\/wp-content\/uploads\/2018\/03\/Germanen3.jpg\"><img loading=\"lazy\" decoding=\"async\" class=\"alignleft size-full wp-image-469\" src=\"http:\/\/shop.mittgard.de\/wp-content\/uploads\/2018\/03\/Germanen3.jpg\" alt=\"\" width=\"159\" height=\"250\" \/><\/a>Die Sueben trugen ihr Haar im bekannten Suebenknoten seitlich \u00fcbern rechten Ohr. Herausragende Krieger drehten ihre Haare zu einem Haarbusch direkt auf dem Kopf, um f\u00fcr Feinde gr\u00f6\u00dfer und schrecklicher zu erscheinen.<br \/>\nBei den Chatten &amp; Franken war es \u00fcblich Haare &amp; Bart lang zu tragen, als Zeichen des freien Mannes oder sie leisteten einen Schwur die Haare erst zu schneiden, wenn sie ein sich gestecktes Ziel erreicht hatten. Bei den merowingischen K\u00f6nigen waren die langen Haare Zeichen ihrer k\u00f6niglichen Macht.<\/p>\n<p style=\"text-align: center;\"><a href=\"https:\/\/shop.mittgard.de\/?page_id=458\">zur\u00fcck <\/a>| <a href=\"https:\/\/shop.mittgard.de\/?page_id=474\">weiter<\/a><\/p>\n","protected":false},"excerpt":{"rendered":"<p>Germanen 1500 v. &#8211; 800 n.0 Griechen I R\u00f6mer I Kelten I Germanen I Romanik I Gotik I Renaissance &nbsp; Die Frauen trugen ihr langes blond &#8211; rotes Haar in der Mitte gescheitelt und lang herabfallend oder zu zwei dicken Z\u00f6pfen geflochten. Der Sage nach soll die germanische Prinzessin Ildiko den Hunnenf\u00fcrsten Atilla in der &hellip; <\/p>\n<p class=\"link-more\"><a href=\"https:\/\/shop.mittgard.de\/?page_id=466\" class=\"more-link\"><span class=\"screen-reader-text\">\u201eFrisuren der Germanen\u201c <\/span>weiterlesen<\/a><\/p>\n","protected":false},"author":2,"featured_media":0,"parent":438,"menu_order":0,"comment_status":"closed","ping_status":"closed","template":"","meta":{"footnotes":""},"class_list":["post-466","page","type-page","status-publish","hentry"],"_links":{"self":[{"href":"https:\/\/shop.mittgard.de\/index.php?rest_route=\/wp\/v2\/pages\/466","targetHints":{"allow":["GET"]}}],"collection":[{"href":"https:\/\/shop.mittgard.de\/index.php?rest_route=\/wp\/v2\/pages"}],"about":[{"href":"https:\/\/shop.mittgard.de\/index.php?rest_route=\/wp\/v2\/types\/page"}],"author":[{"embeddable":true,"href":"https:\/\/shop.mittgard.de\/index.php?rest_route=\/wp\/v2\/users\/2"}],"replies":[{"embeddable":true,"href":"https:\/\/shop.mittgard.de\/index.php?rest_route=%2Fwp%2Fv2%2Fcomments&post=466"}],"version-history":[{"count":7,"href":"https:\/\/shop.mittgard.de\/index.php?rest_route=\/wp\/v2\/pages\/466\/revisions"}],"predecessor-version":[{"id":9644,"href":"https:\/\/shop.mittgard.de\/index.php?rest_route=\/wp\/v2\/pages\/466\/revisions\/9644"}],"up":[{"embeddable":true,"href":"https:\/\/shop.mittgard.de\/index.php?rest_route=\/wp\/v2\/pages\/438"}],"wp:attachment":[{"href":"https:\/\/shop.mittgard.de\/index.php?rest_route=%2Fwp%2Fv2%2Fmedia&parent=466"}],"curies":[{"name":"wp","href":"https:\/\/api.w.org\/{rel}","templated":true}]}}