{"id":474,"date":"2018-03-01T17:03:59","date_gmt":"2018-03-01T16:03:59","guid":{"rendered":"http:\/\/shop.mittgard.de\/?page_id=474"},"modified":"2020-10-30T16:41:59","modified_gmt":"2020-10-30T15:41:59","slug":"frisuren-der-romanik","status":"publish","type":"page","link":"https:\/\/shop.mittgard.de\/?page_id=474","title":{"rendered":"Frisuren der Romanik"},"content":{"rendered":"<h1 style=\"text-align: center;\">Romanik<\/h1>\n<h3 style=\"text-align: center;\">800 &#8211; 1250<\/h3>\n<h6 style=\"text-align: center;\"><a href=\"https:\/\/shop.mittgard.de\/?page_id=441\">Griechen <\/a>I <a href=\"https:\/\/shop.mittgard.de\/?page_id=451\">R\u00f6mer <\/a>I <a href=\"https:\/\/shop.mittgard.de\/?page_id=458\">Kelten <\/a>I <a href=\"https:\/\/shop.mittgard.de\/?page_id=466\">Germanen<\/a> I <a href=\"https:\/\/shop.mittgard.de\/?page_id=474\">Romanik <\/a>I <a href=\"https:\/\/shop.mittgard.de\/?page_id=481\">Gotik <\/a>I <a href=\"https:\/\/shop.mittgard.de\/?page_id=487\">Renaissance<\/a><\/h6>\n<h6><\/h6>\n<p>In der 1.H\u00e4lfte der Romanik waren die Frisuren \u00e4hnlich wie bereits bei den Germanen. Unverheiratete M\u00e4dchen trugen ihr Haar lang, gewellt und offen, verheiratete Frauen zu zwei langen Z\u00f6pfen geflochten. Die Hofdamen schm\u00fcckten ihr Haar mit B\u00e4ndern, Blumen und einem Haarreif, woraus sp\u00e4ter das Schapel entstand. Die Schl\u00e4fenhaare wurden mit einem Brenneisen gekr\u00e4uselt. In der Wikingerzeit wurden die geflochtenen Z\u00f6pfe dann als Haarkranz getragen. Erst ab Mitte des 12.Jhd. setzten sich die kirchlichen Vorschriften so weit durch, dass die Haare durch T\u00fccher &amp; Schleier verdeckt wurden, hervorquellende Schl\u00e4fenhaare wurden abrasiert.<\/p>\n<p>Seit den Verordnungen Karls d. Gro\u00dfen trugen die M\u00e4nner, ganz nach seinem Vorbild, kurzes Haar und rasierten sich. Ab dem 11.Jhd. bestimmte die Ritterschaft die m\u00e4nnliche Mode, die nach kirchlicher Vorschrift ihr langes oder halblanges Haar in Form eines Pagenkopfes trugen. Ritter &amp; Edelknappen waren bartlos, wogegen Kaiser, Geistliche und reiche B\u00fcrger einen runden oder spitz gestutzten Kinnbart mit Schnurrbart trugen.<\/p>\n<div id='gallery-1' class='gallery galleryid-474 gallery-columns-3 gallery-size-full'><figure class='gallery-item'>\n\t\t\t<div class='gallery-icon portrait'>\n\t\t\t\t<a href='https:\/\/shop.mittgard.de\/wp-content\/uploads\/2018\/03\/Romanik5.jpg'><img loading=\"lazy\" decoding=\"async\" width=\"145\" height=\"200\" src=\"https:\/\/shop.mittgard.de\/wp-content\/uploads\/2018\/03\/Romanik5.jpg\" class=\"attachment-full size-full\" alt=\"\" sizes=\"auto, 100vw\" \/><\/a>\n\t\t\t<\/div><\/figure><figure class='gallery-item'>\n\t\t\t<div class='gallery-icon portrait'>\n\t\t\t\t<a href='https:\/\/shop.mittgard.de\/wp-content\/uploads\/2018\/03\/Romanik1.jpg'><img loading=\"lazy\" decoding=\"async\" width=\"116\" height=\"200\" src=\"https:\/\/shop.mittgard.de\/wp-content\/uploads\/2018\/03\/Romanik1.jpg\" class=\"attachment-full size-full\" alt=\"\" sizes=\"auto, 100vw\" \/><\/a>\n\t\t\t<\/div><\/figure><figure class='gallery-item'>\n\t\t\t<div class='gallery-icon portrait'>\n\t\t\t\t<a href='https:\/\/shop.mittgard.de\/wp-content\/uploads\/2018\/03\/Romanik4.jpg'><img loading=\"lazy\" decoding=\"async\" width=\"145\" height=\"200\" src=\"https:\/\/shop.mittgard.de\/wp-content\/uploads\/2018\/03\/Romanik4.jpg\" class=\"attachment-full size-full\" alt=\"\" sizes=\"auto, 100vw\" \/><\/a>\n\t\t\t<\/div><\/figure><figure class='gallery-item'>\n\t\t\t<div class='gallery-icon portrait'>\n\t\t\t\t<a href='https:\/\/shop.mittgard.de\/wp-content\/uploads\/2018\/03\/Romanik2.jpg'><img loading=\"lazy\" decoding=\"async\" width=\"149\" height=\"200\" src=\"https:\/\/shop.mittgard.de\/wp-content\/uploads\/2018\/03\/Romanik2.jpg\" class=\"attachment-full size-full\" alt=\"\" sizes=\"auto, 100vw\" \/><\/a>\n\t\t\t<\/div><\/figure><figure class='gallery-item'>\n\t\t\t<div class='gallery-icon portrait'>\n\t\t\t\t<a href='https:\/\/shop.mittgard.de\/wp-content\/uploads\/2018\/03\/Romanik3.jpg'><img loading=\"lazy\" decoding=\"async\" width=\"145\" height=\"200\" src=\"https:\/\/shop.mittgard.de\/wp-content\/uploads\/2018\/03\/Romanik3.jpg\" class=\"attachment-full size-full\" alt=\"\" sizes=\"auto, 100vw\" \/><\/a>\n\t\t\t<\/div><\/figure>\n\t\t<\/div>\n\n<p style=\"text-align: center;\"><a href=\"https:\/\/shop.mittgard.de\/?page_id=466\">zur\u00fcck <\/a>| <a href=\"https:\/\/shop.mittgard.de\/?page_id=481\">weiter<\/a><\/p>\n","protected":false},"excerpt":{"rendered":"<p>Romanik 800 &#8211; 1250 Griechen I R\u00f6mer I Kelten I Germanen I Romanik I Gotik I Renaissance In der 1.H\u00e4lfte der Romanik waren die Frisuren \u00e4hnlich wie bereits bei den Germanen. Unverheiratete M\u00e4dchen trugen ihr Haar lang, gewellt und offen, verheiratete Frauen zu zwei langen Z\u00f6pfen geflochten. Die Hofdamen schm\u00fcckten ihr Haar mit B\u00e4ndern, Blumen &hellip; <\/p>\n<p class=\"link-more\"><a href=\"https:\/\/shop.mittgard.de\/?page_id=474\" class=\"more-link\"><span class=\"screen-reader-text\">\u201eFrisuren der Romanik\u201c <\/span>weiterlesen<\/a><\/p>\n","protected":false},"author":2,"featured_media":0,"parent":438,"menu_order":0,"comment_status":"closed","ping_status":"closed","template":"","meta":{"footnotes":""},"class_list":["post-474","page","type-page","status-publish","hentry"],"_links":{"self":[{"href":"https:\/\/shop.mittgard.de\/index.php?rest_route=\/wp\/v2\/pages\/474","targetHints":{"allow":["GET"]}}],"collection":[{"href":"https:\/\/shop.mittgard.de\/index.php?rest_route=\/wp\/v2\/pages"}],"about":[{"href":"https:\/\/shop.mittgard.de\/index.php?rest_route=\/wp\/v2\/types\/page"}],"author":[{"embeddable":true,"href":"https:\/\/shop.mittgard.de\/index.php?rest_route=\/wp\/v2\/users\/2"}],"replies":[{"embeddable":true,"href":"https:\/\/shop.mittgard.de\/index.php?rest_route=%2Fwp%2Fv2%2Fcomments&post=474"}],"version-history":[{"count":5,"href":"https:\/\/shop.mittgard.de\/index.php?rest_route=\/wp\/v2\/pages\/474\/revisions"}],"predecessor-version":[{"id":9654,"href":"https:\/\/shop.mittgard.de\/index.php?rest_route=\/wp\/v2\/pages\/474\/revisions\/9654"}],"up":[{"embeddable":true,"href":"https:\/\/shop.mittgard.de\/index.php?rest_route=\/wp\/v2\/pages\/438"}],"wp:attachment":[{"href":"https:\/\/shop.mittgard.de\/index.php?rest_route=%2Fwp%2Fv2%2Fmedia&parent=474"}],"curies":[{"name":"wp","href":"https:\/\/api.w.org\/{rel}","templated":true}]}}

<h1 style="text-align: center;">Romanik</h1>
<h3 style="text-align: center;">800 &#8211; 1250</h3>
<h6 style="text-align: center;"><a href="https://shop.mittgard.de/?page_id=441">Griechen </a>I <a href="https://shop.mittgard.de/?page_id=451">Römer </a>I <a href="https://shop.mittgard.de/?page_id=458">Kelten </a>I <a href="https://shop.mittgard.de/?page_id=466">Germanen</a> I <a href="https://shop.mittgard.de/?page_id=474">Romanik </a>I <a href="https://shop.mittgard.de/?page_id=481">Gotik </a>I <a href="https://shop.mittgard.de/?page_id=487">Renaissance</a></h6>
<h6></h6>
<p>In der 1.Hälfte der Romanik waren die Frisuren ähnlich wie bereits bei den Germanen. Unverheiratete Mädchen trugen ihr Haar lang, gewellt und offen, verheiratete Frauen zu zwei langen Zöpfen geflochten. Die Hofdamen schmückten ihr Haar mit Bändern, Blumen und einem Haarreif, woraus später das Schapel entstand. Die Schläfenhaare wurden mit einem Brenneisen gekräuselt. In der Wikingerzeit wurden die geflochtenen Zöpfe dann als Haarkranz getragen. Erst ab Mitte des 12.Jhd. setzten sich die kirchlichen Vorschriften so weit durch, dass die Haare durch Tücher &amp; Schleier verdeckt wurden, hervorquellende Schläfenhaare wurden abrasiert.</p>
<p>Seit den Verordnungen Karls d. Großen trugen die Männer, ganz nach seinem Vorbild, kurzes Haar und rasierten sich. Ab dem 11.Jhd. bestimmte die Ritterschaft die männliche Mode, die nach kirchlicher Vorschrift ihr langes oder halblanges Haar in Form eines Pagenkopfes trugen. Ritter &amp; Edelknappen waren bartlos, wogegen Kaiser, Geistliche und reiche Bürger einen runden oder spitz gestutzten Kinnbart mit Schnurrbart trugen.</p>
<div id='gallery-1' class='gallery galleryid-474 gallery-columns-3 gallery-size-full'><figure class='gallery-item'>
			<div class='gallery-icon portrait'>
				<a href='https://shop.mittgard.de/wp-content/uploads/2018/03/Romanik5.jpg'><img loading="lazy" decoding="async" width="145" height="200" src="https://shop.mittgard.de/wp-content/uploads/2018/03/Romanik5.jpg" class="attachment-full size-full" alt="" sizes="auto, 100vw" /></a>
			</div></figure><figure class='gallery-item'>
			<div class='gallery-icon portrait'>
				<a href='https://shop.mittgard.de/wp-content/uploads/2018/03/Romanik1.jpg'><img loading="lazy" decoding="async" width="116" height="200" src="https://shop.mittgard.de/wp-content/uploads/2018/03/Romanik1.jpg" class="attachment-full size-full" alt="" sizes="auto, 100vw" /></a>
			</div></figure><figure class='gallery-item'>
			<div class='gallery-icon portrait'>
				<a href='https://shop.mittgard.de/wp-content/uploads/2018/03/Romanik4.jpg'><img loading="lazy" decoding="async" width="145" height="200" src="https://shop.mittgard.de/wp-content/uploads/2018/03/Romanik4.jpg" class="attachment-full size-full" alt="" sizes="auto, 100vw" /></a>
			</div></figure><figure class='gallery-item'>
			<div class='gallery-icon portrait'>
				<a href='https://shop.mittgard.de/wp-content/uploads/2018/03/Romanik2.jpg'><img loading="lazy" decoding="async" width="149" height="200" src="https://shop.mittgard.de/wp-content/uploads/2018/03/Romanik2.jpg" class="attachment-full size-full" alt="" sizes="auto, 100vw" /></a>
			</div></figure><figure class='gallery-item'>
			<div class='gallery-icon portrait'>
				<a href='https://shop.mittgard.de/wp-content/uploads/2018/03/Romanik3.jpg'><img loading="lazy" decoding="async" width="145" height="200" src="https://shop.mittgard.de/wp-content/uploads/2018/03/Romanik3.jpg" class="attachment-full size-full" alt="" sizes="auto, 100vw" /></a>
			</div></figure>
		</div>

<p style="text-align: center;"><a href="https://shop.mittgard.de/?page_id=466">zurück </a>| <a href="https://shop.mittgard.de/?page_id=481">weiter</a></p>

<p>Romanik 800 &#8211; 1250 Griechen I Römer I Kelten I Germanen I Romanik I Gotik I Renaissance In der 1.Hälfte der Romanik waren die Frisuren ähnlich wie bereits bei den Germanen. Unverheiratete Mädchen trugen ihr Haar lang, gewellt und offen, verheiratete Frauen zu zwei langen Zöpfen geflochten. Die Hofdamen schmückten ihr Haar mit Bändern, Blumen &hellip; </p>
<p class="link-more"><a href="https://shop.mittgard.de/?page_id=474" class="more-link"><span class="screen-reader-text">„Frisuren der Romanik“ </span>weiterlesen</a></p>
