{"id":487,"date":"2018-03-01T17:13:32","date_gmt":"2018-03-01T16:13:32","guid":{"rendered":"http:\/\/shop.mittgard.de\/?page_id=487"},"modified":"2020-10-30T16:37:18","modified_gmt":"2020-10-30T15:37:18","slug":"frisuren-der-renaissance","status":"publish","type":"page","link":"https:\/\/shop.mittgard.de\/?page_id=487","title":{"rendered":"Frisuren der Renaissance"},"content":{"rendered":"<h1 style=\"text-align: center;\">Renaissance<\/h1>\n<h3 style=\"text-align: center;\">1450 &#8211; 1600<\/h3>\n<h6 style=\"text-align: center;\"><a href=\"https:\/\/shop.mittgard.de\/?page_id=441\">Griechen<\/a> I <a href=\"https:\/\/shop.mittgard.de\/?page_id=451\">R\u00f6mer <\/a>I <a href=\"https:\/\/shop.mittgard.de\/?page_id=458\">Kelten <\/a>I <a href=\"https:\/\/shop.mittgard.de\/?page_id=466\">Germanen <\/a>I <a href=\"https:\/\/shop.mittgard.de\/?page_id=474\">Romanik <\/a>I <a href=\"https:\/\/shop.mittgard.de\/?page_id=481\">Gotik <\/a>I <a href=\"https:\/\/shop.mittgard.de\/?page_id=487\">Renaissance<\/a><\/h6>\n<p>&nbsp;<\/p>\n<p>Ende des 14.Jh. wurde zuerst in den italienischen Stadtstaaten die Antike wiederentdeckt. Bis zum Ende des 15.Jh. hatte man auch im restlichen Europa die Fesseln des kirchlichen Jenseitsglaubens abgelegt und lebte im sch\u00f6nen heiteren Diesseits mit allen Kostbarkeiten, die man haben konnte. Bei den Frauen tauchen wieder griechische und r\u00f6mische Frisuren auf, die \u00fcppig &amp; phantasievoll abgewandelt werden. Das Haar wurde reich mit Perlen &amp; Juwelen, goldenen Haarnetzen &amp; Drahtgeflechten und Goldschmiedearbeiten geschm\u00fcckt. Stirnhaare und Augenbrauen wurden rasiert. Da die komplexen Frisuren viel Haar ben\u00f6tigten wurden Zopfteile und Toupets eingeflochten oder gleich Per\u00fccken aus Flachs getragen, da Echthaar sehr teuer war.<\/p>\n<div id='gallery-1' class='gallery galleryid-487 gallery-columns-3 gallery-size-full'><figure class='gallery-item'>\n\t\t\t<div class='gallery-icon portrait'>\n\t\t\t\t<a href='https:\/\/shop.mittgard.de\/wp-content\/uploads\/2018\/03\/Renaissance1.jpg'><img loading=\"lazy\" decoding=\"async\" width=\"140\" height=\"200\" src=\"https:\/\/shop.mittgard.de\/wp-content\/uploads\/2018\/03\/Renaissance1.jpg\" class=\"attachment-full size-full\" alt=\"\" sizes=\"auto, 100vw\" \/><\/a>\n\t\t\t<\/div><\/figure><figure class='gallery-item'>\n\t\t\t<div class='gallery-icon portrait'>\n\t\t\t\t<a href='https:\/\/shop.mittgard.de\/wp-content\/uploads\/2018\/03\/Renaissance2.jpg'><img loading=\"lazy\" decoding=\"async\" width=\"140\" height=\"200\" src=\"https:\/\/shop.mittgard.de\/wp-content\/uploads\/2018\/03\/Renaissance2.jpg\" class=\"attachment-full size-full\" alt=\"\" sizes=\"auto, 100vw\" \/><\/a>\n\t\t\t<\/div><\/figure><figure class='gallery-item'>\n\t\t\t<div class='gallery-icon portrait'>\n\t\t\t\t<a href='https:\/\/shop.mittgard.de\/wp-content\/uploads\/2018\/03\/Renaissance5.jpg'><img loading=\"lazy\" decoding=\"async\" width=\"140\" height=\"200\" src=\"https:\/\/shop.mittgard.de\/wp-content\/uploads\/2018\/03\/Renaissance5.jpg\" class=\"attachment-full size-full\" alt=\"\" sizes=\"auto, 100vw\" \/><\/a>\n\t\t\t<\/div><\/figure>\n\t\t<\/div>\n\n<p>Bis Mitte des 16.Jh. verschwanden die Hauben ganz und es traten barett\u00e4hnliche mit Strau\u00dfenfedern geschm\u00fcckte H\u00fcte in Erscheinung. Blondes Haar stand hoch im Kurs, das man mit Kamillentee wusch und in der Sonne bleichte. Im Gegensatz zur Gotik waren auch rote Haare wieder modern, was man mit Hennaf\u00e4rbungen zu erreichen versuchte. Ende des 16.Jh. bestimmte Spanien die Mode und man trug \u00fcberall die strenge spanische Halskrause, weshalb k\u00fcrzere Harre modern wurde, die man streng nach oben frisierte und mit Haark\u00e4mmen hielt.<\/p>\n<div id='gallery-2' class='gallery galleryid-487 gallery-columns-2 gallery-size-full'><figure class='gallery-item'>\n\t\t\t<div class='gallery-icon portrait'>\n\t\t\t\t<a href='https:\/\/shop.mittgard.de\/wp-content\/uploads\/2018\/03\/Renaissance3.jpg'><img loading=\"lazy\" decoding=\"async\" width=\"140\" height=\"200\" src=\"https:\/\/shop.mittgard.de\/wp-content\/uploads\/2018\/03\/Renaissance3.jpg\" class=\"attachment-full size-full\" alt=\"\" sizes=\"auto, 100vw\" \/><\/a>\n\t\t\t<\/div><\/figure><figure class='gallery-item'>\n\t\t\t<div class='gallery-icon portrait'>\n\t\t\t\t<a href='https:\/\/shop.mittgard.de\/wp-content\/uploads\/2018\/03\/Renaissance4.jpg'><img loading=\"lazy\" decoding=\"async\" width=\"140\" height=\"200\" src=\"https:\/\/shop.mittgard.de\/wp-content\/uploads\/2018\/03\/Renaissance4.jpg\" class=\"attachment-full size-full\" alt=\"\" sizes=\"auto, 100vw\" \/><\/a>\n\t\t\t<\/div><\/figure>\n\t\t<\/div>\n\n<p>Bis zum Ende des 15.Jh. trugen die M\u00e4nner die &#8222;Kolbe&#8220; &#8211; eine Art scheitelloser Pagenschnitt und dazu einen waagerecht geschnittenen Vollbart. Ab dem 16.Jh. verweiblichte die Haartracht, die Haare wurden wieder l\u00e4nger, man lie\u00df sie krausen und bleichen oder schwarz f\u00e4rben. Durch die spanischen Kragen wurden sp\u00e4ter auch die Frisuren der M\u00e4nner k\u00fcrzer und schlichter. Man trug wieder Spitz- &amp; Schnurrbart.<\/p>\n<p style=\"text-align: center;\"><a href=\"https:\/\/shop.mittgard.de\/?page_id=481\">zur\u00fcck<\/a><\/p>\n","protected":false},"excerpt":{"rendered":"<p>Renaissance 1450 &#8211; 1600 Griechen I R\u00f6mer I Kelten I Germanen I Romanik I Gotik I Renaissance &nbsp; Ende des 14.Jh. wurde zuerst in den italienischen Stadtstaaten die Antike wiederentdeckt. Bis zum Ende des 15.Jh. hatte man auch im restlichen Europa die Fesseln des kirchlichen Jenseitsglaubens abgelegt und lebte im sch\u00f6nen heiteren Diesseits mit allen &hellip; <\/p>\n<p class=\"link-more\"><a href=\"https:\/\/shop.mittgard.de\/?page_id=487\" class=\"more-link\"><span class=\"screen-reader-text\">\u201eFrisuren der Renaissance\u201c <\/span>weiterlesen<\/a><\/p>\n","protected":false},"author":2,"featured_media":0,"parent":438,"menu_order":0,"comment_status":"closed","ping_status":"closed","template":"","meta":{"footnotes":""},"class_list":["post-487","page","type-page","status-publish","hentry"],"_links":{"self":[{"href":"https:\/\/shop.mittgard.de\/index.php?rest_route=\/wp\/v2\/pages\/487","targetHints":{"allow":["GET"]}}],"collection":[{"href":"https:\/\/shop.mittgard.de\/index.php?rest_route=\/wp\/v2\/pages"}],"about":[{"href":"https:\/\/shop.mittgard.de\/index.php?rest_route=\/wp\/v2\/types\/page"}],"author":[{"embeddable":true,"href":"https:\/\/shop.mittgard.de\/index.php?rest_route=\/wp\/v2\/users\/2"}],"replies":[{"embeddable":true,"href":"https:\/\/shop.mittgard.de\/index.php?rest_route=%2Fwp%2Fv2%2Fcomments&post=487"}],"version-history":[{"count":5,"href":"https:\/\/shop.mittgard.de\/index.php?rest_route=\/wp\/v2\/pages\/487\/revisions"}],"predecessor-version":[{"id":9652,"href":"https:\/\/shop.mittgard.de\/index.php?rest_route=\/wp\/v2\/pages\/487\/revisions\/9652"}],"up":[{"embeddable":true,"href":"https:\/\/shop.mittgard.de\/index.php?rest_route=\/wp\/v2\/pages\/438"}],"wp:attachment":[{"href":"https:\/\/shop.mittgard.de\/index.php?rest_route=%2Fwp%2Fv2%2Fmedia&parent=487"}],"curies":[{"name":"wp","href":"https:\/\/api.w.org\/{rel}","templated":true}]}}

<h1 style="text-align: center;">Renaissance</h1>
<h3 style="text-align: center;">1450 &#8211; 1600</h3>
<h6 style="text-align: center;"><a href="https://shop.mittgard.de/?page_id=441">Griechen</a> I <a href="https://shop.mittgard.de/?page_id=451">Römer </a>I <a href="https://shop.mittgard.de/?page_id=458">Kelten </a>I <a href="https://shop.mittgard.de/?page_id=466">Germanen </a>I <a href="https://shop.mittgard.de/?page_id=474">Romanik </a>I <a href="https://shop.mittgard.de/?page_id=481">Gotik </a>I <a href="https://shop.mittgard.de/?page_id=487">Renaissance</a></h6>
<p>&nbsp;</p>
<p>Ende des 14.Jh. wurde zuerst in den italienischen Stadtstaaten die Antike wiederentdeckt. Bis zum Ende des 15.Jh. hatte man auch im restlichen Europa die Fesseln des kirchlichen Jenseitsglaubens abgelegt und lebte im schönen heiteren Diesseits mit allen Kostbarkeiten, die man haben konnte. Bei den Frauen tauchen wieder griechische und römische Frisuren auf, die üppig &amp; phantasievoll abgewandelt werden. Das Haar wurde reich mit Perlen &amp; Juwelen, goldenen Haarnetzen &amp; Drahtgeflechten und Goldschmiedearbeiten geschmückt. Stirnhaare und Augenbrauen wurden rasiert. Da die komplexen Frisuren viel Haar benötigten wurden Zopfteile und Toupets eingeflochten oder gleich Perücken aus Flachs getragen, da Echthaar sehr teuer war.</p>
<div id='gallery-1' class='gallery galleryid-487 gallery-columns-3 gallery-size-full'><figure class='gallery-item'>
			<div class='gallery-icon portrait'>
				<a href='https://shop.mittgard.de/wp-content/uploads/2018/03/Renaissance1.jpg'><img loading="lazy" decoding="async" width="140" height="200" src="https://shop.mittgard.de/wp-content/uploads/2018/03/Renaissance1.jpg" class="attachment-full size-full" alt="" sizes="auto, 100vw" /></a>
			</div></figure><figure class='gallery-item'>
			<div class='gallery-icon portrait'>
				<a href='https://shop.mittgard.de/wp-content/uploads/2018/03/Renaissance2.jpg'><img loading="lazy" decoding="async" width="140" height="200" src="https://shop.mittgard.de/wp-content/uploads/2018/03/Renaissance2.jpg" class="attachment-full size-full" alt="" sizes="auto, 100vw" /></a>
			</div></figure><figure class='gallery-item'>
			<div class='gallery-icon portrait'>
				<a href='https://shop.mittgard.de/wp-content/uploads/2018/03/Renaissance5.jpg'><img loading="lazy" decoding="async" width="140" height="200" src="https://shop.mittgard.de/wp-content/uploads/2018/03/Renaissance5.jpg" class="attachment-full size-full" alt="" sizes="auto, 100vw" /></a>
			</div></figure>
		</div>

<p>Bis Mitte des 16.Jh. verschwanden die Hauben ganz und es traten barettähnliche mit Straußenfedern geschmückte Hüte in Erscheinung. Blondes Haar stand hoch im Kurs, das man mit Kamillentee wusch und in der Sonne bleichte. Im Gegensatz zur Gotik waren auch rote Haare wieder modern, was man mit Hennafärbungen zu erreichen versuchte. Ende des 16.Jh. bestimmte Spanien die Mode und man trug überall die strenge spanische Halskrause, weshalb kürzere Harre modern wurde, die man streng nach oben frisierte und mit Haarkämmen hielt.</p>
<div id='gallery-2' class='gallery galleryid-487 gallery-columns-2 gallery-size-full'><figure class='gallery-item'>
			<div class='gallery-icon portrait'>
				<a href='https://shop.mittgard.de/wp-content/uploads/2018/03/Renaissance3.jpg'><img loading="lazy" decoding="async" width="140" height="200" src="https://shop.mittgard.de/wp-content/uploads/2018/03/Renaissance3.jpg" class="attachment-full size-full" alt="" sizes="auto, 100vw" /></a>
			</div></figure><figure class='gallery-item'>
			<div class='gallery-icon portrait'>
				<a href='https://shop.mittgard.de/wp-content/uploads/2018/03/Renaissance4.jpg'><img loading="lazy" decoding="async" width="140" height="200" src="https://shop.mittgard.de/wp-content/uploads/2018/03/Renaissance4.jpg" class="attachment-full size-full" alt="" sizes="auto, 100vw" /></a>
			</div></figure>
		</div>

<p>Bis zum Ende des 15.Jh. trugen die Männer die &#8222;Kolbe&#8220; &#8211; eine Art scheitelloser Pagenschnitt und dazu einen waagerecht geschnittenen Vollbart. Ab dem 16.Jh. verweiblichte die Haartracht, die Haare wurden wieder länger, man ließ sie krausen und bleichen oder schwarz färben. Durch die spanischen Kragen wurden später auch die Frisuren der Männer kürzer und schlichter. Man trug wieder Spitz- &amp; Schnurrbart.</p>
<p style="text-align: center;"><a href="https://shop.mittgard.de/?page_id=481">zurück</a></p>

<p>Renaissance 1450 &#8211; 1600 Griechen I Römer I Kelten I Germanen I Romanik I Gotik I Renaissance &nbsp; Ende des 14.Jh. wurde zuerst in den italienischen Stadtstaaten die Antike wiederentdeckt. Bis zum Ende des 15.Jh. hatte man auch im restlichen Europa die Fesseln des kirchlichen Jenseitsglaubens abgelegt und lebte im schönen heiteren Diesseits mit allen &hellip; </p>
<p class="link-more"><a href="https://shop.mittgard.de/?page_id=487" class="more-link"><span class="screen-reader-text">„Frisuren der Renaissance“ </span>weiterlesen</a></p>
