{"id":5055,"date":"2018-10-29T18:42:19","date_gmt":"2018-10-29T17:42:19","guid":{"rendered":"http:\/\/shop.mittgard.de\/?page_id=5055"},"modified":"2018-10-29T18:43:27","modified_gmt":"2018-10-29T17:43:27","slug":"die-runenlehren","status":"publish","type":"page","link":"https:\/\/shop.mittgard.de\/?page_id=5055","title":{"rendered":"Die Runenlehren"},"content":{"rendered":"<h1>Die Runenlehren<\/h1>\n<h2>A. Die Entstehung der Runen<\/h2>\n<table style=\"width: 100%; border-collapse: collapse; border-style: none;\" border=\"1\">\n<tbody>\n<tr>\n<td style=\"width: 50%; border-style: none; vertical-align: top;\">1<br \/>\nZeit ist&#8217;s zu raunen<br \/>\nauf dem Rednerstuhl<br \/>\nan dem Urborn Urds.<br \/>\nIch schaute und schwieg,<br \/>\nich schaute und sann,<br \/>\nlauscht auf der M\u00e4nner Mund:<\/td>\n<td style=\"width: 50%; border-style: none; vertical-align: top;\">2<br \/>\nVon Runen h\u00f6rt ich reden &#8211;<br \/>\nsie verrieten die Deutung<br \/>\nvor der Halle Hars;<br \/>\nin der Halle Hars<br \/>\nh\u00f6rt ich sagen so:<\/td>\n<\/tr>\n<tr>\n<td style=\"width: 50%; border-style: none; vertical-align: top;\">3<br \/>\nRunen sollst du finden<br \/>\nund r\u00e4tliche St\u00e4be,<br \/>\ngar stolze St\u00e4be,<br \/>\ngar starke St\u00e4be,<br \/>\ndie ger\u00f6tet der Redeherr<br \/>\nund gewirket Weltm\u00e4chte<br \/>\nund geritzt der Raterf\u00fcrst.<\/td>\n<td style=\"width: 50%; border-style: none; vertical-align: top;\">4<br \/>\nDann zeigt sich&#8217;s recht,<br \/>\nwenn du nach Runen fragst,<br \/>\nden raterentsprossnen,<br \/>\nwie sie wirkten Waltm\u00e4chte,<br \/>\nund sie zog der Zauberherr:<br \/>\nwer Verstand hat, bleibt stumm.<\/td>\n<\/tr>\n<\/tbody>\n<\/table>\n<h2>B. Odins Runenerwerbung<\/h2>\n<table style=\"width: 100%; border-collapse: collapse; border-style: none;\" border=\"1\">\n<tbody>\n<tr>\n<td style=\"width: 50%; border-style: none; vertical-align: top;\">1<br \/>\nIch wei\u00df, da\u00df ich hing<br \/>\nam windigen Baum<br \/>\nneun N\u00e4chte lang,<br \/>\nmit dem Ger verwundet,<br \/>\ngeweiht dem Odin,<br \/>\nich selbst mir selbst,<br \/>\nan jenem Baum,<br \/>\nda jedem fremd,<br \/>\naus welcher Wurzel er w\u00e4chst.<\/td>\n<td style=\"width: 50%; border-style: none; vertical-align: top;\">2<br \/>\nSie spendeten mir<br \/>\nnicht Speise noch Trank;<br \/>\nnieder neigt ich mich,<br \/>\nnahm auf die Runen,<br \/>\nnahm sie rufend auf;<br \/>\nnieder dann neigt ich mich.<\/td>\n<\/tr>\n<tr>\n<td style=\"width: 50%; border-style: none; vertical-align: top;\">3<br \/>\nNeun Hauptlieder<br \/>\nlernt ich vom hehren Bruder<br \/>\nder Bestla, dem B\u00f6thornsohn;<br \/>\nvon Odr\u00f6rir,<br \/>\ndem edelsten Met,<br \/>\ntat ich einen Trunk.<\/td>\n<td style=\"width: 50%; border-style: none; vertical-align: top;\">4<br \/>\nZu wachsen begann ich<br \/>\nund wohl zu gedeihn,<br \/>\nweise ward ich da;<br \/>\nWort mich von Wort<br \/>\nzu Wort f\u00fchrte,<br \/>\nWerk mich von Werk<br \/>\nzu Werk f\u00fchrte.<\/td>\n<\/tr>\n<tr>\n<td style=\"width: 50%; border-style: none; vertical-align: top;\">5<br \/>\nNun sind Hars Reden<br \/>\nin seiner Halle gesagt,<br \/>\ngar r\u00e4tlich Reckens\u00f6hnen,<br \/>\nnicht r\u00e4tlich Riesens\u00f6hnen.<br \/>\nHeil, der sie wies!<br \/>\nHeil, der sie wei\u00df!<br \/>\nEr wahre sie wohl!<br \/>\nHeil, die sie h\u00f6rten!<\/td>\n<td style=\"width: 50%; border-style: none; vertical-align: top;\"><\/td>\n<\/tr>\n<\/tbody>\n<\/table>\n<h2>C. Die Ausbreitung der Runen<\/h2>\n<table style=\"width: 100%; border-collapse: collapse; border-style: none;\" border=\"1\">\n<tbody>\n<tr>\n<td style=\"width: 50%; border-style: none; vertical-align: top;\">1<br \/>\nSie schuf er,<br \/>\nsie schnitt er,<br \/>\nsie ersann Siegvater,<br \/>\ndurch den Trank,<br \/>\nder getropft war<br \/>\naus Heiddraupnirs Haupt<br \/>\nund aus Hoddrofnirs Horn.<\/td>\n<td style=\"width: 50%; border-style: none; vertical-align: top;\">2<br \/>\nSie wirkt er,<br \/>\nsie webt er,<br \/>\nsie alle setzt zusammen er<br \/>\nauf dem Thing,<br \/>\nda die Degen ziehn<br \/>\nzu gerechtem Gericht.<\/td>\n<\/tr>\n<tr>\n<td style=\"width: 50%; border-style: none; vertical-align: top;\">3<br \/>\nAuf dem Berg stand er<br \/>\nmit Brimirs Schneiden,<br \/>\ntrug auf dem Haupt den Helm;<br \/>\nda sprach Mimirs Mund<br \/>\nwahres Weisheitswort<br \/>\nund redete Runenkunde:<\/td>\n<td style=\"width: 50%; border-style: none; vertical-align: top;\">4<br \/>\nRunen sollst du lernen<br \/>\nund r\u00e4tliche St\u00e4be,<br \/>\nSt\u00e4be gar stark,<br \/>\nZeichen voll Zauberkraft,<br \/>\nwie sie zog der Zauberherr,<br \/>\nwie sie wirkten Weihg\u00f6tter,<br \/>\nwie sie ritzte der Raterf\u00fcrst.<\/td>\n<\/tr>\n<tr>\n<td style=\"width: 50%; border-style: none; vertical-align: top;\">5<br \/>\nDain bei den Alben,<br \/>\nDwalin bei den Zwergen,<br \/>\nOdin im Asenreich,<br \/>\nAlswinn im J\u00f6tenreich;<br \/>\nauch ich ritzte einige.<\/td>\n<td style=\"width: 50%; border-style: none; vertical-align: top;\">6<br \/>\nSo ritzte Thund<br \/>\nvor der Tage Beginn;<br \/>\ndort erhob er sich,<br \/>\nvon wo heim er kam.<\/td>\n<\/tr>\n<tr>\n<td style=\"width: 50%; border-style: none; vertical-align: top;\">7<br \/>\nAbgeschabt waren alle,<br \/>\ndie eingeritzt waren,<br \/>\nund in den m\u00e4chtigen Met gemischt,<br \/>\nund weiten Weg gesandt;<br \/>\ndie sind bei den Asen,<br \/>\ndie sind bei den Alben,<br \/>\ndie bei weisen Wanen,<br \/>\ndie in der Menschen Macht.<\/td>\n<td style=\"width: 50%; border-style: none; vertical-align: top;\"><\/td>\n<\/tr>\n<\/tbody>\n<\/table>\n<h2>D. Wo Runen stehen<\/h2>\n<p>Auf den Schild sind sie geritzt,<br \/>\nder steht vor der schimmernden G\u00f6ttin,<br \/>\nauf Arwakers Ohr<br \/>\nund auf Alswinns Huf,<br \/>\nauf das Rad, das sich dreht<br \/>\nunter des Donners Wagen,<br \/>\nauf Sleipnirs Z\u00e4hne<br \/>\nund die Zunge Bragis,<br \/>\nauf des Schlittens Kufen<br \/>\nund den Schnabel des Adlers,<br \/>\nauf des B\u00e4ren Pranke<br \/>\nund die Pfoten des Wolfes,<br \/>\nauf blutige Schwinge<br \/>\nund der Br\u00fccke Stoss,<br \/>\nauf der Heilbringerin Hand<br \/>\nund der Helferin Spur,<br \/>\nauf Glas und auf Gold<br \/>\nund auf guten Kleinod,<br \/>\nin den Wein und ins Bier<br \/>\nund auf gewohnten Sitz,<br \/>\nauf Gungnirs Spitze<br \/>\nund auf Granis Brust,<br \/>\nauf der Norne Nagel<br \/>\nund der Nachteule Schnabel.<\/p>\n<h2>E. Runengebrauch<\/h2>\n<table style=\"width: 100%; border-collapse: collapse; border-style: none;\" border=\"1\">\n<tbody>\n<tr>\n<td style=\"width: 50%; border-style: none; vertical-align: top;\">1<br \/>\nSiegrunen lerne,<br \/>\nwillst du Sieg haben!<br \/>\nAuf den Schwertknauf schneide sie,<br \/>\nauf die Blutrinne<br \/>\nund des R\u00fcckens Breite<br \/>\nund ruf zweimal zu Tyr!<\/td>\n<td style=\"width: 50%; border-style: none; vertical-align: top;\">2<br \/>\n\u00c4lrunen lerne,<br \/>\nsoll eines anderen Weib<br \/>\nnicht tr\u00fcgen dein Vertrauen!<br \/>\nAufs Horn soll man sie ritzen<br \/>\nund auf den Handr\u00fccken<br \/>\nund ziehn auf den Nagel &#8218;Not&#8216;.<\/td>\n<\/tr>\n<tr>\n<td style=\"width: 50%; border-style: none; vertical-align: top;\">3<br \/>\nDen Becher soll man segnen<br \/>\nund vor b\u00f6sem sich schirmen,<br \/>\nwerfen Lauch in den Labetrank;<br \/>\ndann bin ich gewi\u00df,<br \/>\nda\u00df B\u00f6ses dir nicht<br \/>\ngemischt wird in den Met.<\/td>\n<td style=\"width: 50%; border-style: none; vertical-align: top;\">4<br \/>\nGeb\u00e4rrunen brauche,<br \/>\nwillst zur Geburt du helfen,<br \/>\nl\u00f6sen das Kind vor der Kreissenden!<br \/>\nAuf die Hand soll man sie graben<br \/>\nund um die Glieder sie spannen,<br \/>\nbei den Disen Gedeihn erflehn.<\/td>\n<\/tr>\n<tr>\n<td style=\"width: 50%; border-style: none; vertical-align: top;\">5<br \/>\nBrandungsrunen brauche, wenn du bergen willst<br \/>\nauf der Fahrt das Flutenro\u00df!<br \/>\nMan brennt sie auf den Steven<br \/>\nund auf des Steuers Blatt<br \/>\nund ritzt auf die Ruder sie.<br \/>\nNicht ist so schwer die Brandung<br \/>\nnoch so schwarz die Woge:<br \/>\nzum Hafen kommst du heil.<\/td>\n<td style=\"width: 50%; border-style: none; vertical-align: top;\">6<br \/>\nAstrunen lerne,<br \/>\nwenn ein Arzt du sein<br \/>\nund Krankheit erkennen willst!<br \/>\nMan ritzt sie auf die Borke<br \/>\nund des Baumes Gezweig,<br \/>\nder ostw\u00e4rts die \u00c4ste streckt.<\/td>\n<\/tr>\n<tr>\n<td style=\"width: 50%; border-style: none; vertical-align: top;\">7<br \/>\nRederunen lerne,<br \/>\nsoll kein Recke ein Leid<br \/>\ngrimmig vergelten dir!<\/td>\n<td style=\"width: 50%; border-style: none; vertical-align: top;\">8<br \/>\nDenkrunen lerne,<br \/>\nsoll der Degen keiner<br \/>\ndeinen Verstand bestehn!<\/td>\n<\/tr>\n<tr>\n<td style=\"width: 50%; border-style: none; vertical-align: top;\">9<br \/>\nDas sind Buchenrunen,<br \/>\ndas sind Geb\u00e4rrunen<br \/>\nund alle \u00c4lrunen<br \/>\nund k\u00f6stliche Kraftrunen<br \/>\ndem, der sie unversehrt<br \/>\nund unverst\u00f6rt<br \/>\nsich zum Heil beh\u00e4lt.<br \/>\nN\u00fctz es, vernahmst du&#8217;s,<br \/>\nbis die G\u00f6tter vergehn!<\/td>\n<td style=\"width: 50%; border-style: none; vertical-align: top;\"><\/td>\n<\/tr>\n<\/tbody>\n<\/table>\n<h2>F. Runenzauber an Toten<\/h2>\n<p>Oft kommt heilsamer Rat<br \/>\naus hartem Balg,<br \/>\nder bei H\u00e4ten h\u00e4ngt<br \/>\nund bei Fellen flattert<br \/>\nund baumelt bei B\u00f6sewichten.<\/p>\n<h2>G. Runenweissagung<\/h2>\n<p>Wei\u00dft du zu ritzen?<br \/>\nWei\u00dft du zu raten?<br \/>\nWei\u00dft du zu f\u00e4rben?<br \/>\nWei\u00dft du zu fragen?<br \/>\nWei\u00dft du zu w\u00fcnschen?<br \/>\nWei\u00dft du zu weihen?<br \/>\nWei\u00dft du zu schicken?<br \/>\nWei\u00dft du zu schlachten?<\/p>\n<p>&nbsp;<\/p>\n<h6>Die Genzmer&#8217;sche \u00dcbersetzung stammt aus Die Edda: G\u00f6tterdichtung, Spruchweisheit und Heldenges\u00e4nge der Gemanen, Diederichs Verlag, M\u00fcnchen, 1992<\/h6>\n","protected":false},"excerpt":{"rendered":"<p>Die Runenlehren A. Die Entstehung der Runen 1 Zeit ist&#8217;s zu raunen auf dem Rednerstuhl an dem Urborn Urds. Ich schaute und schwieg, ich schaute und sann, lauscht auf der M\u00e4nner Mund: 2 Von Runen h\u00f6rt ich reden &#8211; sie verrieten die Deutung vor der Halle Hars; in der Halle Hars h\u00f6rt ich sagen so: &hellip; <\/p>\n<p class=\"link-more\"><a href=\"https:\/\/shop.mittgard.de\/?page_id=5055\" class=\"more-link\"><span class=\"screen-reader-text\">\u201eDie Runenlehren\u201c <\/span>weiterlesen<\/a><\/p>\n","protected":false},"author":2,"featured_media":0,"parent":5025,"menu_order":4,"comment_status":"closed","ping_status":"closed","template":"","meta":{"footnotes":""},"class_list":["post-5055","page","type-page","status-publish","hentry"],"_links":{"self":[{"href":"https:\/\/shop.mittgard.de\/index.php?rest_route=\/wp\/v2\/pages\/5055","targetHints":{"allow":["GET"]}}],"collection":[{"href":"https:\/\/shop.mittgard.de\/index.php?rest_route=\/wp\/v2\/pages"}],"about":[{"href":"https:\/\/shop.mittgard.de\/index.php?rest_route=\/wp\/v2\/types\/page"}],"author":[{"embeddable":true,"href":"https:\/\/shop.mittgard.de\/index.php?rest_route=\/wp\/v2\/users\/2"}],"replies":[{"embeddable":true,"href":"https:\/\/shop.mittgard.de\/index.php?rest_route=%2Fwp%2Fv2%2Fcomments&post=5055"}],"version-history":[{"count":1,"href":"https:\/\/shop.mittgard.de\/index.php?rest_route=\/wp\/v2\/pages\/5055\/revisions"}],"predecessor-version":[{"id":5056,"href":"https:\/\/shop.mittgard.de\/index.php?rest_route=\/wp\/v2\/pages\/5055\/revisions\/5056"}],"up":[{"embeddable":true,"href":"https:\/\/shop.mittgard.de\/index.php?rest_route=\/wp\/v2\/pages\/5025"}],"wp:attachment":[{"href":"https:\/\/shop.mittgard.de\/index.php?rest_route=%2Fwp%2Fv2%2Fmedia&parent=5055"}],"curies":[{"name":"wp","href":"https:\/\/api.w.org\/{rel}","templated":true}]}}