{"id":5098,"date":"2018-11-05T16:45:30","date_gmt":"2018-11-05T15:45:30","guid":{"rendered":"http:\/\/shop.mittgard.de\/?page_id=5098"},"modified":"2018-11-05T16:45:30","modified_gmt":"2018-11-05T15:45:30","slug":"vegtamskvida-baldurs-traumar-das-wegtamslied-baldurs-traeume","status":"publish","type":"page","link":"https:\/\/shop.mittgard.de\/?page_id=5098","title":{"rendered":"Vegtamskvida \/ Baldurs Traumar &#8211; Das Wegtamslied \/ Baldurs Tr\u00e4ume"},"content":{"rendered":"<h1 style=\"text-align: center;\">Vegtamskvida \/ Baldurs Traumar &#8211; Das Wegtamslied \/ Baldurs Tr\u00e4ume<\/h1>\n<p style=\"text-align: center;\">Die Asen eilten all zur Versammlung<br \/>\nUnd die Asinnen all zum Gespr\u00e4ch:<br \/>\nDar\u00fcber berieten die himmlischen Richter,<br \/>\nWarum den Baldur b\u00f6se Tr\u00e4ume schreckten.<\/p>\n<p style=\"text-align: center;\">(Ihm schien der schwere Schlaf ein Kerker,<br \/>\nVerschwunden des s\u00fc\u00dfen Schlummers Labe.<br \/>\nDa fragten die F\u00fcrsten vorschaunde Wesen,<br \/>\nOb ihnen das wohl Unheil bedeute?<\/p>\n<p style=\"text-align: center;\">Die Gefragten sprachen: &#8222;Dem Tode verfallen ist<br \/>\nUllers Freund, so einzig lieblich.&#8220;<br \/>\nDarob erschraken Swafnir und Frigg,<br \/>\nUnd alle die F\u00fcrsten, sie fa\u00dften den Schlu\u00df:<\/p>\n<p style=\"text-align: center;\">&#8222;Wir wollen besenden die Wesen alle,<br \/>\nFrieden erbitten, da\u00df sie Baldurn nicht schaden.&#8220;<br \/>\nAlles schwur Eide, ihn zu verschonen;<br \/>\nFrigg nahm die festen Schw\u00fcr` in Empfang.<\/p>\n<p style=\"text-align: center;\">Allvater achtete das ungen\u00fcgend,<br \/>\nVerschwunden schienen ihm die Schutzgeister all.<br \/>\nDie Asen berief er, Rat zu heischen;<br \/>\nAm Mahlstein gesprochen ward mancherlei.)<\/p>\n<p style=\"text-align: center;\">Auf stand Odin, der Allerschaffer,<br \/>\nUnd schwang den Sattel auf Sleipnirs R\u00fccken.<br \/>\nNach Nilfheim hernieder ritt er;<br \/>\nDa kam aus Hels Haus ein Hund ihm entgegen,<\/p>\n<p style=\"text-align: center;\">Blutbefleckt vorn an der Brust,<br \/>\nKiefer und Rachen klaffend zum Bi\u00df,<br \/>\nSo ging er entgegen, mit g\u00e4hnendem Schlund,<br \/>\ndem Vater der Lieder und bellte laut.<br \/>\nFort ritt Odin, die Erde dr\u00f6hnte,<br \/>\nZu dem hohen Hause kam er der Hel.<\/p>\n<p style=\"text-align: center;\">Da ritt Odin ans \u00f6stliche Tor,<br \/>\nWo er wu\u00dfte der Wala H\u00fcgel.<br \/>\nDas Wecklied begann er der Weisen zu singen<br \/>\n(Nach Norden schauend, schlug er mit dem Stabe,<br \/>\nSprach die Beschw\u00f6rung, Bescheid erheischend),<br \/>\nBis gezwungen sie aufstand, Unheil verk\u00fcndend.<\/p>\n<p style=\"text-align: center;\">Wala<br \/>\nWelcher der M\u00e4nner, mir unbekannter,<br \/>\nSchafft die Beschwerde mir solchen Gangs?<br \/>\nSchnee beschneite mich, Regen beschlug mich,<br \/>\nTau betr\u00e4ufte mich, tot war ich lange.<\/p>\n<p style=\"text-align: center;\">Odin<br \/>\nIch hei\u00dfe Wegtam, bin Waltams Sohn,<br \/>\nWie ich von der Oberwelt, sprich von der Unterwelt.<br \/>\nWem sind die B\u00e4nke mit Baugen (Ringen) bestreut,<br \/>\nDie gl\u00e4nzenden Betten mit Gold bedeckt?<\/p>\n<p style=\"text-align: center;\">Wala<br \/>\nHier steht dem Baldur der becher eingeschenkt,<br \/>\nDer schimmernde Trank, vom Schild bedeckt.<br \/>\nDie Asen alle sind ohne Hoffnung.<br \/>\nGen\u00f6tigt sprach ich, nun will ich schweigen.<\/p>\n<p style=\"text-align: center;\">Wegtam<br \/>\nSchweig` nicht , Wala, ich will dich fragen,<br \/>\nBis alles ich wei\u00df. Noch w\u00fc\u00dft` ich gerne:<br \/>\nWelcher der M\u00e4nner ermordet Baldurn,<br \/>\nWird Odins Erben das Ende f\u00fcgen?<\/p>\n<p style=\"text-align: center;\">Wala<br \/>\nHierher bringt H\u00f6dur den hochber\u00fchmten,<br \/>\nEr wird der M\u00f6rder werden Baldurs,<br \/>\nWird Odins Erben das Ende f\u00fcgen.<br \/>\nGen\u00f6tigt sprach ich, nun will ich schweigen.<\/p>\n<p style=\"text-align: center;\">Wegtam<br \/>\nSchweig` nicht Wala, ich will dich fragen,<br \/>\nBis alles ich wei\u00df. Noch w\u00fc\u00dft` ich gerne:<br \/>\nWer wird uns Rache gewinnen an Hodur,<br \/>\nUnd zum B\u00fchle bringen Baldurs M\u00f6rder?<\/p>\n<p style=\"text-align: center;\">Wala<br \/>\nRindur im Westen gewinnt den Sohn,<br \/>\nDer einn\u00e4chtig, Odins Erbe, zum Kampf geht.<br \/>\nEr w\u00e4scht die Hand nicht, das Haar nicht k\u00e4mmt er,<br \/>\nBis er zum B\u00fchle brachte Baldurs M\u00f6rder.<br \/>\nGen\u00f6tigt sprach ich, nun will ich schweigen.<\/p>\n<p style=\"text-align: center;\">Wegtam<br \/>\nSchweig` nicht, Wala, ich will dich fragen,<br \/>\nBis ich alles wei\u00df. Noch w\u00fc\u00dft` ich gerne:<br \/>\nWie hei\u00dft das Weib, die nicht weinen will<br \/>\nUnd himmelan werfen des Hauptes Schleier?<br \/>\nSage das eine noch, nicht eher schl\u00e4fst du.<\/p>\n<p style=\"text-align: center;\">Wala<br \/>\nDu bist nicht Wegtam, wie erst ich w\u00e4hnte,<br \/>\nOdin bist du, der Allerschaffer.<\/p>\n<p style=\"text-align: center;\">Odin<br \/>\nDu bist keine Wala, kein wissendes Weib,<br \/>\nVielmehr bist du dreier Thursen Mutter.<\/p>\n<p style=\"text-align: center;\">Wala<br \/>\nHeim reit` nun, Odin, und r\u00fchme dich:<br \/>\nKein Mann kommt mehr, mich zu besuchen,<br \/>\nBis los und ledig Loki der Bande wird<br \/>\nUnd der G\u00f6tter D\u00e4mmerung verderbend einbricht.<\/p>\n<p style=\"text-align: center;\">\n<span style=\"font-size: 8pt;\">Unser Dank gilt Anja Stoye f\u00fcr den zugesanden Text.<\/span><\/p>\n","protected":false},"excerpt":{"rendered":"<p>Vegtamskvida \/ Baldurs Traumar &#8211; Das Wegtamslied \/ Baldurs Tr\u00e4ume Die Asen eilten all zur Versammlung Und die Asinnen all zum Gespr\u00e4ch: Dar\u00fcber berieten die himmlischen Richter, Warum den Baldur b\u00f6se Tr\u00e4ume schreckten. (Ihm schien der schwere Schlaf ein Kerker, Verschwunden des s\u00fc\u00dfen Schlummers Labe. Da fragten die F\u00fcrsten vorschaunde Wesen, Ob ihnen das wohl &hellip; <\/p>\n<p class=\"link-more\"><a href=\"https:\/\/shop.mittgard.de\/?page_id=5098\" class=\"more-link\"><span class=\"screen-reader-text\">\u201eVegtamskvida \/ Baldurs Traumar &#8211; Das Wegtamslied \/ Baldurs Tr\u00e4ume\u201c <\/span>weiterlesen<\/a><\/p>\n","protected":false},"author":2,"featured_media":0,"parent":5025,"menu_order":0,"comment_status":"closed","ping_status":"closed","template":"","meta":{"footnotes":""},"class_list":["post-5098","page","type-page","status-publish","hentry"],"_links":{"self":[{"href":"https:\/\/shop.mittgard.de\/index.php?rest_route=\/wp\/v2\/pages\/5098","targetHints":{"allow":["GET"]}}],"collection":[{"href":"https:\/\/shop.mittgard.de\/index.php?rest_route=\/wp\/v2\/pages"}],"about":[{"href":"https:\/\/shop.mittgard.de\/index.php?rest_route=\/wp\/v2\/types\/page"}],"author":[{"embeddable":true,"href":"https:\/\/shop.mittgard.de\/index.php?rest_route=\/wp\/v2\/users\/2"}],"replies":[{"embeddable":true,"href":"https:\/\/shop.mittgard.de\/index.php?rest_route=%2Fwp%2Fv2%2Fcomments&post=5098"}],"version-history":[{"count":1,"href":"https:\/\/shop.mittgard.de\/index.php?rest_route=\/wp\/v2\/pages\/5098\/revisions"}],"predecessor-version":[{"id":5099,"href":"https:\/\/shop.mittgard.de\/index.php?rest_route=\/wp\/v2\/pages\/5098\/revisions\/5099"}],"up":[{"embeddable":true,"href":"https:\/\/shop.mittgard.de\/index.php?rest_route=\/wp\/v2\/pages\/5025"}],"wp:attachment":[{"href":"https:\/\/shop.mittgard.de\/index.php?rest_route=%2Fwp%2Fv2%2Fmedia&parent=5098"}],"curies":[{"name":"wp","href":"https:\/\/api.w.org\/{rel}","templated":true}]}}