{"id":5146,"date":"2018-11-05T17:09:03","date_gmt":"2018-11-05T16:09:03","guid":{"rendered":"http:\/\/shop.mittgard.de\/?page_id=5146"},"modified":"2018-11-05T17:09:03","modified_gmt":"2018-11-05T16:09:03","slug":"helreidh-brynhildar-bruenhildens-todesfahrt","status":"publish","type":"page","link":"https:\/\/shop.mittgard.de\/?page_id=5146","title":{"rendered":"Helreidh Brynhildar &#8211; Br\u00fcnhildens Todesfahrt"},"content":{"rendered":"<h1 style=\"text-align: center;\">Helreidh Brynhildar<br \/>\nBr\u00fcnhildens Todesfahrt<\/h1>\n<p style=\"text-align: center;\">Nach Br\u00fcnhildens Tod wurden zwei Scheiterhaufen gemacht, einer f\u00fcr Sigurd, der brannte zuerst; danach wurde Br\u00fcnhilde verbrannt, und sie lag auf einem Wagen, der mit Prachtgeweben umzeltet war. Es wird erz\u00e4hlt, da\u00df Br\u00fcnhild auf dem Wagen den Helweg fuhr und durch eine H\u00f6hle kam, wo ein Riesenweib wohnte. Das Riesenweib sprach:<\/p>\n<p style=\"text-align: center;\">Fortzufahren erfrech dich nicht<br \/>\nDurch meine steingest\u00fctzten H\u00e4user.<br \/>\nBesser ziemte dir, Borten zu wirken<br \/>\nAls den Gatten begehren der andern.<\/p>\n<p style=\"text-align: center;\">K\u00e4mpferisch Weib, was willst du suchen,<br \/>\nAllgierig Haupt, in meinem Hause?<br \/>\nDu wuschest, Bewehrte, so du es wissen willst,<br \/>\nVon den H\u00e4nden dir manchesmal Menschenblut.<\/p>\n<p style=\"text-align: center;\">Br\u00fcnhild:<br \/>\nWas wirfst du mir vor, Weib aus Stein,<br \/>\nHab ich im Kriegsheer gek\u00e4mpft denn auch,<br \/>\nSo bin ich die bessere von uns beiden doch,<br \/>\nWenn unsern Adel Einsichtige pr\u00fcfen.<\/p>\n<p style=\"text-align: center;\">Riesin:<br \/>\nDu bist Br\u00fcnhild, Budlis Tochter,<br \/>\nIn widrigster Stunde zur Welt geboren:<br \/>\nDurch dich wurde ohne Erben Giuki,<br \/>\nDu hast sein hohes Haus gest\u00fcrzt.<\/p>\n<p style=\"text-align: center;\">Br\u00fcnhild:<br \/>\nVom Wagen k\u00fcndet die Kluge dir<br \/>\nDer Witzlosen, wenn du es wissen willst:<br \/>\nMich machten Giukis Erben meiner<br \/>\nLiebe verlustigt, der Eide ledig.<\/p>\n<p style=\"text-align: center;\">Der hochsinnige F\u00fcrst lie\u00df die Fluggewande<br \/>\nUns acht Schwestern unter die Eiche tragen;<br \/>\nZw\u00f6lf Winter war ich, wenn du es wissen willst,<br \/>\nAls ich dem jungen F\u00fcrsten den Eid schwur.<\/p>\n<p style=\"text-align: center;\">Alle hie\u00dfen mich in Hlymdalir<br \/>\nHild unterm Helme, wohin ich kam.<\/p>\n<p style=\"text-align: center;\">Da lie\u00df ich den greisen gotischen F\u00fcrsten<br \/>\nHialmgunnar hinab gehn zur Hel,<br \/>\nGab den Sieg dem bl\u00fchenden Bruder Adas:<br \/>\nDar\u00fcber war mir Odin ergrimmt.<\/p>\n<p style=\"text-align: center;\">Er umschlo\u00df mich mit Schilden in Skatalundr,<br \/>\nMit roten und wei\u00dfen; die R\u00e4nder schn\u00fcrten mich.<br \/>\nMeinen Schlaf zu brechen gebot er dem,<br \/>\nDer immer furchtlos gefunden w\u00fcrde.<\/p>\n<p style=\"text-align: center;\">Um meinen Saal, den s\u00fcdlich gelegnen,<br \/>\nLie\u00df er hoch des Holzes Verheerer entbrennen:<br \/>\nDar\u00fcber reiten sollte der Recke nur,<br \/>\nDer das Gold mir br\u00e4chte im Bette Fafnirs.<\/p>\n<p style=\"text-align: center;\">Der rasche Ringspender ritt auf Grani<br \/>\nHin, wo mein H\u00fcter das Land beherrschte.<br \/>\nDer beste schien mir der Degen alle<br \/>\nDer d\u00e4nische F\u00fcrst im Heldengefolge.<\/p>\n<p style=\"text-align: center;\">Wir lagen mit Lust auf einem Lager<br \/>\nAls ob er mein Bruder geboren w\u00e4re.<br \/>\nKeiner von beiden k\u00f6nnt um den andern<br \/>\nIn acht N\u00e4chten die Arme legen.<\/p>\n<p style=\"text-align: center;\">Doch gab mir Gudrun Schuld Giukis Tochter,<br \/>\nIch h\u00e4tte dem Sigurd geschlafen im Arm.<br \/>\nWas ich nicht wollte gewahrt&#8216; ich da:<br \/>\nDa\u00df ich \u00fcberlistet war bei der Verlobung.<\/p>\n<p style=\"text-align: center;\">Zum Unheil werden noch allzulange<br \/>\nM\u00e4nner und Weiber zur Welt geboren.<br \/>\nAber wir beide bleiben zusammen,<br \/>\nIch und Sigurd: versinke Riesenbrut!<\/p>\n<p style=\"text-align: center;\">\n<span style=\"font-size: 8pt;\">Unser Dank gilt Dungeon Keeper f\u00fcr den zugesanden Text.<\/span><\/p>\n","protected":false},"excerpt":{"rendered":"<p>Helreidh Brynhildar Br\u00fcnhildens Todesfahrt Nach Br\u00fcnhildens Tod wurden zwei Scheiterhaufen gemacht, einer f\u00fcr Sigurd, der brannte zuerst; danach wurde Br\u00fcnhilde verbrannt, und sie lag auf einem Wagen, der mit Prachtgeweben umzeltet war. Es wird erz\u00e4hlt, da\u00df Br\u00fcnhild auf dem Wagen den Helweg fuhr und durch eine H\u00f6hle kam, wo ein Riesenweib wohnte. Das Riesenweib sprach: &hellip; <\/p>\n<p class=\"link-more\"><a href=\"https:\/\/shop.mittgard.de\/?page_id=5146\" class=\"more-link\"><span class=\"screen-reader-text\">\u201eHelreidh Brynhildar &#8211; Br\u00fcnhildens Todesfahrt\u201c <\/span>weiterlesen<\/a><\/p>\n","protected":false},"author":2,"featured_media":0,"parent":5025,"menu_order":0,"comment_status":"closed","ping_status":"closed","template":"","meta":{"footnotes":""},"class_list":["post-5146","page","type-page","status-publish","hentry"],"_links":{"self":[{"href":"https:\/\/shop.mittgard.de\/index.php?rest_route=\/wp\/v2\/pages\/5146","targetHints":{"allow":["GET"]}}],"collection":[{"href":"https:\/\/shop.mittgard.de\/index.php?rest_route=\/wp\/v2\/pages"}],"about":[{"href":"https:\/\/shop.mittgard.de\/index.php?rest_route=\/wp\/v2\/types\/page"}],"author":[{"embeddable":true,"href":"https:\/\/shop.mittgard.de\/index.php?rest_route=\/wp\/v2\/users\/2"}],"replies":[{"embeddable":true,"href":"https:\/\/shop.mittgard.de\/index.php?rest_route=%2Fwp%2Fv2%2Fcomments&post=5146"}],"version-history":[{"count":1,"href":"https:\/\/shop.mittgard.de\/index.php?rest_route=\/wp\/v2\/pages\/5146\/revisions"}],"predecessor-version":[{"id":5147,"href":"https:\/\/shop.mittgard.de\/index.php?rest_route=\/wp\/v2\/pages\/5146\/revisions\/5147"}],"up":[{"embeddable":true,"href":"https:\/\/shop.mittgard.de\/index.php?rest_route=\/wp\/v2\/pages\/5025"}],"wp:attachment":[{"href":"https:\/\/shop.mittgard.de\/index.php?rest_route=%2Fwp%2Fv2%2Fmedia&parent=5146"}],"curies":[{"name":"wp","href":"https:\/\/api.w.org\/{rel}","templated":true}]}}