{"id":5154,"date":"2018-11-05T17:12:04","date_gmt":"2018-11-05T16:12:04","guid":{"rendered":"http:\/\/shop.mittgard.de\/?page_id=5154"},"modified":"2018-11-05T17:12:04","modified_gmt":"2018-11-05T16:12:04","slug":"gudrunarkvida-thridja-das-dritte-gudrunenlied","status":"publish","type":"page","link":"https:\/\/shop.mittgard.de\/?page_id=5154","title":{"rendered":"Gudrunarkvida thridja &#8211; Das dritte Gudrunenlied"},"content":{"rendered":"<h1 style=\"text-align: center;\">Gudrunarkvida thridja<br \/>\nDas dritte Gudrunenlied<\/h1>\n<p style=\"text-align: center;\">Herkia hie\u00df eine Magd Atlis, die seine Geliebte gewesen war. Sie sagte dem Atli, sie habe Dietrich und Gudrun beide beisammen gesehen. Dar\u00fcber ward Atli sehr verst\u00f6rt. Gudrun sprach:<\/p>\n<p style=\"text-align: center;\">Was ist dir, Atli, du Erbe Budlis?<br \/>\nWas bel\u00e4dt dir das Herz? Du lachst nicht mehr.<br \/>\nVielen F\u00fcrsten gefiel es besser,<br \/>\nSpr\u00e4chst du mit den Leuten und s\u00e4hst mich an.<\/p>\n<p style=\"text-align: center;\">Atli:<br \/>\nMich gr\u00e4mt, Gudrun, Giukis Tochter,<br \/>\nWas hier in der Halle mir Herkia sagte:<br \/>\nUnter einer Decke mit Dietrich schliefst du,<br \/>\nLos in das Leintuch lagt ihr geh\u00fcllt.<\/p>\n<p style=\"text-align: center;\">Gudrun:<br \/>\n\u00dcber das alles Eide leist ich dir<br \/>\nBei jenem geweihten wei\u00dfen Stein,<br \/>\nDa\u00df ich mit Dietmars Sohne nicht zu schaffen hatte<br \/>\nWas dem Herren geh\u00f6rt und dem Gatten.<\/p>\n<p style=\"text-align: center;\">Hab ich den Herzog umhalst etwa,<br \/>\nDen unbescholtnen einmal vielleicht,<br \/>\nAuf andres zielten unsre Gedanken,<br \/>\nDa harmvoll Zwiegespr\u00e4ch wir zweie hielten.<\/p>\n<p style=\"text-align: center;\">Zu dir kam Dietrich mit drei\u00dfig Mannen:<br \/>\nNicht einer lebt ihm von allen drei\u00dfigen.<br \/>\nBring deine Br\u00fcder in Br\u00fcnnen hierher,<br \/>\nMit deinem n\u00e4chsten Neffen umgib mich.<\/p>\n<p style=\"text-align: center;\">Bescheide der Sachsen, der s\u00fcdlichen, F\u00fcrsten,<br \/>\nDer zu weihen wei\u00df den heiligen Kessel. &#8211;<\/p>\n<p style=\"text-align: center;\">In die Halle traten siebenhundert Helden<br \/>\nEh die Hand die K\u00f6nigin in den Kessel tauchte.<\/p>\n<p style=\"text-align: center;\">Gudrun:<br \/>\nNicht kommt mir Gunnar, nicht klag ich&#8217;s dem H\u00f6gni,<br \/>\nNie soll ich mehr sehen die s\u00fc\u00dfen Br\u00fcder.<br \/>\nR\u00e4chen w\u00fcrde H\u00f6gni den Harm mit dem Schwert.<br \/>\nSo mu\u00df ich selber von Schuld mich reinigen. &#8211;<\/p>\n<p style=\"text-align: center;\">Sie tauchte die wei\u00dfe Hand in die Tiefe,<br \/>\nGriff aus dem Grunde die gr\u00fcnen Steine:<br \/>\n&#8222;Schaut nun, F\u00fcrsten, schuldlos bin ich,<br \/>\nHeil und heilig, wie der Hafen walle.&#8220;<\/p>\n<p style=\"text-align: center;\">Da lachte dem Atli im Leibe das Herz<br \/>\nAls er heil sah die H\u00e4nde Gudruns:<br \/>\n&#8222;So soll nun Herkia zum Hafen treten,<br \/>\nWelche der Gudrun w\u00e4hnte zu schaden.&#8220;<\/p>\n<p style=\"text-align: center;\">Nie sah Kl\u00e4gliches wer nicht gesehn hat<br \/>\nWie da Herkias H\u00e4nde verbrannten.<br \/>\nSie f\u00fchrten die Maid zum faulenden Sumpf:<br \/>\nSo ward Gudrun vergolten der Harm.<\/p>\n<p style=\"text-align: center;\">\n<span style=\"font-size: 8pt;\">Unser Dank gilt Dungeon Keeper f\u00fcr den zugesanden Text.<\/span><\/p>\n","protected":false},"excerpt":{"rendered":"<p>Gudrunarkvida thridja Das dritte Gudrunenlied Herkia hie\u00df eine Magd Atlis, die seine Geliebte gewesen war. Sie sagte dem Atli, sie habe Dietrich und Gudrun beide beisammen gesehen. Dar\u00fcber ward Atli sehr verst\u00f6rt. Gudrun sprach: Was ist dir, Atli, du Erbe Budlis? Was bel\u00e4dt dir das Herz? Du lachst nicht mehr. Vielen F\u00fcrsten gefiel es besser, &hellip; <\/p>\n<p class=\"link-more\"><a href=\"https:\/\/shop.mittgard.de\/?page_id=5154\" class=\"more-link\"><span class=\"screen-reader-text\">\u201eGudrunarkvida thridja &#8211; Das dritte Gudrunenlied\u201c <\/span>weiterlesen<\/a><\/p>\n","protected":false},"author":2,"featured_media":0,"parent":5025,"menu_order":0,"comment_status":"closed","ping_status":"closed","template":"","meta":{"footnotes":""},"class_list":["post-5154","page","type-page","status-publish","hentry"],"_links":{"self":[{"href":"https:\/\/shop.mittgard.de\/index.php?rest_route=\/wp\/v2\/pages\/5154","targetHints":{"allow":["GET"]}}],"collection":[{"href":"https:\/\/shop.mittgard.de\/index.php?rest_route=\/wp\/v2\/pages"}],"about":[{"href":"https:\/\/shop.mittgard.de\/index.php?rest_route=\/wp\/v2\/types\/page"}],"author":[{"embeddable":true,"href":"https:\/\/shop.mittgard.de\/index.php?rest_route=\/wp\/v2\/users\/2"}],"replies":[{"embeddable":true,"href":"https:\/\/shop.mittgard.de\/index.php?rest_route=%2Fwp%2Fv2%2Fcomments&post=5154"}],"version-history":[{"count":1,"href":"https:\/\/shop.mittgard.de\/index.php?rest_route=\/wp\/v2\/pages\/5154\/revisions"}],"predecessor-version":[{"id":5155,"href":"https:\/\/shop.mittgard.de\/index.php?rest_route=\/wp\/v2\/pages\/5154\/revisions\/5155"}],"up":[{"embeddable":true,"href":"https:\/\/shop.mittgard.de\/index.php?rest_route=\/wp\/v2\/pages\/5025"}],"wp:attachment":[{"href":"https:\/\/shop.mittgard.de\/index.php?rest_route=%2Fwp%2Fv2%2Fmedia&parent=5154"}],"curies":[{"name":"wp","href":"https:\/\/api.w.org\/{rel}","templated":true}]}}