{"id":5978,"date":"2018-11-25T13:03:41","date_gmt":"2018-11-25T12:03:41","guid":{"rendered":"http:\/\/shop.mittgard.de\/?page_id=5978"},"modified":"2018-11-25T13:03:56","modified_gmt":"2018-11-25T12:03:56","slug":"die-runen-des-aelteren-futhark","status":"publish","type":"page","link":"https:\/\/shop.mittgard.de\/?page_id=5978","title":{"rendered":"Die Runen des \u00e4lteren Futhark"},"content":{"rendered":"<h1 style=\"text-align: center;\">Die Runen des \u00e4lteren Futhark<\/h1>\n<p>&nbsp;<\/p>\n<p><img loading=\"lazy\" decoding=\"async\" class=\"alignleft size-full wp-image-5869\" src=\"http:\/\/shop.mittgard.de\/wp-content\/uploads\/2018\/11\/f.gif\" alt=\"\" width=\"80\" height=\"80\" \/><strong>Fehu = F<\/strong><br \/>\nGeld allein macht nicht gl\u00fccklich, aber es beruhigt die Nerven.<\/p>\n<p>&nbsp;<\/p>\n<p><img loading=\"lazy\" decoding=\"async\" class=\"alignleft size-full wp-image-5885\" src=\"http:\/\/shop.mittgard.de\/wp-content\/uploads\/2018\/11\/u.gif\" alt=\"\" width=\"80\" height=\"80\" \/><strong>Uruz = U<\/strong><br \/>\nAusdauer &amp; St\u00e4rke bringen dich ans Ziel.<\/p>\n<p>&nbsp;<\/p>\n<p><img loading=\"lazy\" decoding=\"async\" class=\"alignleft size-full wp-image-5884\" src=\"http:\/\/shop.mittgard.de\/wp-content\/uploads\/2018\/11\/th.gif\" alt=\"\" width=\"80\" height=\"80\" \/><strong>Thurisaz = Th<\/strong><br \/>\nWo rohe Kr\u00e4fte sinnlos walten&#8230; entsteht oft Neues aus den Tr\u00fcmmern des Alten.<\/p>\n<p>&nbsp;<\/p>\n<p><img loading=\"lazy\" decoding=\"async\" class=\"alignleft size-full wp-image-5863\" style=\"font-size: 1rem;\" src=\"http:\/\/shop.mittgard.de\/wp-content\/uploads\/2018\/11\/a.gif\" alt=\"\" width=\"80\" height=\"80\" \/><\/p>\n<p><strong>Ansuz = A<\/strong><br \/>\nWer Wissen hat, lasse andere ihr Licht daran entz\u00fcnden..<\/p>\n<p>&nbsp;<\/p>\n<p><img loading=\"lazy\" decoding=\"async\" class=\"alignleft size-full wp-image-5881\" src=\"http:\/\/shop.mittgard.de\/wp-content\/uploads\/2018\/11\/r.gif\" alt=\"\" width=\"80\" height=\"80\" \/><strong>Raido = R<\/strong><br \/>\nDie l\u00e4ngste Reise ist die Reise nach innen.<\/p>\n<p>&nbsp;<\/p>\n<p><img loading=\"lazy\" decoding=\"async\" class=\"alignleft size-full wp-image-5875\" src=\"http:\/\/shop.mittgard.de\/wp-content\/uploads\/2018\/11\/k.gif\" alt=\"\" width=\"80\" height=\"80\" \/><strong>Kenaz = K<\/strong><br \/>\nNur wer selbst brennt, kann Feuer in anderen entfachen.<\/p>\n<p>&nbsp;<\/p>\n<p><img loading=\"lazy\" decoding=\"async\" class=\"alignleft size-full wp-image-5870\" src=\"http:\/\/shop.mittgard.de\/wp-content\/uploads\/2018\/11\/g.gif\" alt=\"\" width=\"80\" height=\"80\" \/><strong>Gebo = G<\/strong><br \/>\nEin Geschenk vergelte mit einer Gabe, doch auf Hohn soll mit Hohn erwidert werden.<\/p>\n<p>&nbsp;<\/p>\n<p><img loading=\"lazy\" decoding=\"async\" class=\"alignleft size-full wp-image-5886\" src=\"http:\/\/shop.mittgard.de\/wp-content\/uploads\/2018\/11\/w.gif\" alt=\"\" width=\"80\" height=\"80\" \/><strong>Wunjo = W<\/strong><br \/>\nDas gr\u00f6\u00dfte Gl\u00fcck im Leben ist, sich \u00fcber alles immer wieder freuen zu k\u00f6nnen, als ob es das 1. Mal w\u00e4re.<\/p>\n<p>&nbsp;<\/p>\n<p><img loading=\"lazy\" decoding=\"async\" class=\"alignleft size-full wp-image-5871\" src=\"http:\/\/shop.mittgard.de\/wp-content\/uploads\/2018\/11\/h.gif\" alt=\"\" width=\"80\" height=\"80\" \/><strong>Hagalaz = H<\/strong><br \/>\nDas Chaos will als solches erkannt und erfahren werden, bevor es sich in eine neue Ordnung umwandeln l\u00e4\u00dft.<\/p>\n<p>&nbsp;<\/p>\n<p><img loading=\"lazy\" decoding=\"async\" class=\"alignleft size-full wp-image-5878\" src=\"http:\/\/shop.mittgard.de\/wp-content\/uploads\/2018\/11\/n.gif\" alt=\"\" width=\"80\" height=\"80\" \/><strong>Nauthiz = N<\/strong><br \/>\nHilf dir selbst, dann helfen dir die G\u00f6tter.<\/p>\n<p>&nbsp;<\/p>\n<p><img loading=\"lazy\" decoding=\"async\" class=\"alignleft size-full wp-image-5872\" src=\"http:\/\/shop.mittgard.de\/wp-content\/uploads\/2018\/11\/i.gif\" alt=\"\" width=\"80\" height=\"80\" \/><strong>Isa = I<\/strong><br \/>\nDie Einsamkeit ist ein dichter Mantel, doch friert das Herz darunter.<\/p>\n<p>&nbsp;<\/p>\n<p><img loading=\"lazy\" decoding=\"async\" class=\"alignleft size-full wp-image-5874\" src=\"http:\/\/shop.mittgard.de\/wp-content\/uploads\/2018\/11\/j.gif\" alt=\"\" width=\"80\" height=\"80\" \/><strong>Jera = J<\/strong><br \/>\nEwig dreht das Rad des Lebens, ewig kreisen Zeit und Erde, ewig neut sich so des Jahres und der Menschen Stirb und Werde.<\/p>\n<p>&nbsp;<\/p>\n<p><img loading=\"lazy\" decoding=\"async\" class=\"alignleft size-full wp-image-5867\" src=\"http:\/\/shop.mittgard.de\/wp-content\/uploads\/2018\/11\/ei.gif\" alt=\"\" width=\"80\" height=\"80\" \/><strong>Eihwaz = Ei<\/strong><br \/>\nDer Mensch kann nicht zu neuen Ufern vordringen, wenn er nicht den Mut aufbringt, die alten zu verlassen.<\/p>\n<p>&nbsp;<\/p>\n<p><img loading=\"lazy\" decoding=\"async\" class=\"alignleft size-full wp-image-5880\" src=\"http:\/\/shop.mittgard.de\/wp-content\/uploads\/2018\/11\/p.gif\" alt=\"\" width=\"80\" height=\"80\" \/><strong>Perthro = P<\/strong><br \/>\nEin ungekl\u00e4rtes Geheimnis schenkt uns oft mehr Sch\u00f6nheit und Freiheit, als seine L\u00f6sung uns gegeben h\u00e4tte.<\/p>\n<p>&nbsp;<\/p>\n<p><img loading=\"lazy\" decoding=\"async\" class=\"alignleft size-full wp-image-5868\" src=\"http:\/\/shop.mittgard.de\/wp-content\/uploads\/2018\/11\/el.gif\" alt=\"\" width=\"80\" height=\"80\" \/><strong>Algiz = Z<\/strong><br \/>\nWenn ein Kind stolpert, h\u00e4lt eine gute Elfe ihre Hand hin.<\/p>\n<p>&nbsp;<\/p>\n<p><img loading=\"lazy\" decoding=\"async\" class=\"alignleft size-full wp-image-5882\" src=\"http:\/\/shop.mittgard.de\/wp-content\/uploads\/2018\/11\/s.gif\" alt=\"\" width=\"80\" height=\"80\" \/><strong>Sowilo = S<\/strong><br \/>\nNur dem Menschen, der an sich selbst glaubt, \u00f6ffnen sich die T\u00fcren aller Welten.<\/p>\n<p>&nbsp;<\/p>\n<p><img loading=\"lazy\" decoding=\"async\" class=\"alignleft size-full wp-image-5883\" src=\"http:\/\/shop.mittgard.de\/wp-content\/uploads\/2018\/11\/t.gif\" alt=\"\" width=\"80\" height=\"80\" \/><strong>Tiwaz = T<\/strong><br \/>\nNichts ist jemals ganz erobert. Alles mu\u00df t\u00e4glich neu erobert werden oder es geht verloren.<\/p>\n<p>&nbsp;<\/p>\n<p><img loading=\"lazy\" decoding=\"async\" class=\"alignleft size-full wp-image-5864\" src=\"http:\/\/shop.mittgard.de\/wp-content\/uploads\/2018\/11\/b.gif\" alt=\"\" width=\"80\" height=\"80\" \/><strong>Berkana = B<\/strong><br \/>\nWahre Liebe ist st\u00e4rker als der Tod..<\/p>\n<p>&nbsp;<\/p>\n<p><img loading=\"lazy\" decoding=\"async\" class=\"alignleft size-full wp-image-5866\" src=\"http:\/\/shop.mittgard.de\/wp-content\/uploads\/2018\/11\/e.gif\" alt=\"\" width=\"80\" height=\"80\" \/><strong>Ehwaz = E<\/strong><br \/>\nDen wahren Freund erkennt man erst in der Not.<\/p>\n<p>&nbsp;<\/p>\n<p><img loading=\"lazy\" decoding=\"async\" class=\"alignleft size-full wp-image-5877\" src=\"http:\/\/shop.mittgard.de\/wp-content\/uploads\/2018\/11\/m.gif\" alt=\"\" width=\"80\" height=\"80\" \/><strong>Mannaz = M<\/strong><br \/>\nVereint sind auch die Schwachen m\u00e4chtig.<\/p>\n<p>&nbsp;<\/p>\n<p><img loading=\"lazy\" decoding=\"async\" class=\"alignleft size-full wp-image-5876\" src=\"http:\/\/shop.mittgard.de\/wp-content\/uploads\/2018\/11\/l.gif\" alt=\"\" width=\"80\" height=\"80\" \/><strong>Laguz = L<\/strong><br \/>\nDie Macht der Gef\u00fchle beruht auf ihrer Unberechenbarkeit.<\/p>\n<p>&nbsp;<\/p>\n<p><img loading=\"lazy\" decoding=\"async\" class=\"alignleft size-full wp-image-5873\" src=\"http:\/\/shop.mittgard.de\/wp-content\/uploads\/2018\/11\/ing.gif\" alt=\"\" width=\"80\" height=\"80\" \/><strong>Inguz = ng<\/strong><br \/>\nIntakte Familien sind Festungen mit vielen Fenstern und T\u00fcren zur Au\u00dfenwelt.<\/p>\n<p>&nbsp;<\/p>\n<p><img loading=\"lazy\" decoding=\"async\" class=\"alignleft size-full wp-image-5865\" src=\"http:\/\/shop.mittgard.de\/wp-content\/uploads\/2018\/11\/d.gif\" alt=\"\" width=\"80\" height=\"80\" \/><strong>Dagaz = D<\/strong><br \/>\nDas Eine kann nicht ohne das Andere sein, nicht Tag ohne Nacht, nicht Gut ohne B\u00f6se, nicht Wei\u00df ohne Schwarz.<\/p>\n<p>&nbsp;<\/p>\n<p><img loading=\"lazy\" decoding=\"async\" class=\"alignleft size-full wp-image-5879\" src=\"http:\/\/shop.mittgard.de\/wp-content\/uploads\/2018\/11\/o.gif\" alt=\"\" width=\"80\" height=\"80\" \/><strong>Othala = O<\/strong><br \/>\nNicht was ich habe, sondern was ich schaffe, ist mein Reich.<\/p>\n<p>&nbsp;<\/p>\n<p style=\"text-align: center;\">Ich habe versucht, mir zu jeder Rune enen kurzen pr\u00e4gnanten Spruch einfallen zu lassen.<br \/>\nNicht alle sind wirklich so richtig treffend formuliert,<br \/>\nwenn Dir ein besserer Spruch zu der einen oder anderen einf\u00e4llt, gib einfach Bescheid.<\/p>\n","protected":false},"excerpt":{"rendered":"<p>Die Runen des \u00e4lteren Futhark &nbsp; Fehu = F Geld allein macht nicht gl\u00fccklich, aber es beruhigt die Nerven. &nbsp; Uruz = U Ausdauer &amp; St\u00e4rke bringen dich ans Ziel. &nbsp; Thurisaz = Th Wo rohe Kr\u00e4fte sinnlos walten&#8230; entsteht oft Neues aus den Tr\u00fcmmern des Alten. &nbsp; Ansuz = A Wer Wissen hat, lasse &hellip; <\/p>\n<p class=\"link-more\"><a href=\"https:\/\/shop.mittgard.de\/?page_id=5978\" class=\"more-link\"><span class=\"screen-reader-text\">\u201eDie Runen des \u00e4lteren Futhark\u201c <\/span>weiterlesen<\/a><\/p>\n","protected":false},"author":2,"featured_media":0,"parent":124,"menu_order":0,"comment_status":"closed","ping_status":"closed","template":"","meta":{"footnotes":""},"class_list":["post-5978","page","type-page","status-publish","hentry"],"_links":{"self":[{"href":"https:\/\/shop.mittgard.de\/index.php?rest_route=\/wp\/v2\/pages\/5978","targetHints":{"allow":["GET"]}}],"collection":[{"href":"https:\/\/shop.mittgard.de\/index.php?rest_route=\/wp\/v2\/pages"}],"about":[{"href":"https:\/\/shop.mittgard.de\/index.php?rest_route=\/wp\/v2\/types\/page"}],"author":[{"embeddable":true,"href":"https:\/\/shop.mittgard.de\/index.php?rest_route=\/wp\/v2\/users\/2"}],"replies":[{"embeddable":true,"href":"https:\/\/shop.mittgard.de\/index.php?rest_route=%2Fwp%2Fv2%2Fcomments&post=5978"}],"version-history":[{"count":4,"href":"https:\/\/shop.mittgard.de\/index.php?rest_route=\/wp\/v2\/pages\/5978\/revisions"}],"predecessor-version":[{"id":5982,"href":"https:\/\/shop.mittgard.de\/index.php?rest_route=\/wp\/v2\/pages\/5978\/revisions\/5982"}],"up":[{"embeddable":true,"href":"https:\/\/shop.mittgard.de\/index.php?rest_route=\/wp\/v2\/pages\/124"}],"wp:attachment":[{"href":"https:\/\/shop.mittgard.de\/index.php?rest_route=%2Fwp%2Fv2%2Fmedia&parent=5978"}],"curies":[{"name":"wp","href":"https:\/\/api.w.org\/{rel}","templated":true}]}}