{"id":10143,"date":"2021-05-04T12:35:29","date_gmt":"2021-05-04T10:35:29","guid":{"rendered":"https:\/\/shop.mittgard.de\/?post_type=product&#038;p=10143"},"modified":"2024-12-14T15:45:18","modified_gmt":"2024-12-14T14:45:18","slug":"raeucherpfanne","status":"publish","type":"product","link":"https:\/\/shop.mittgard.de\/?product=raeucherpfanne","title":{"rendered":"R\u00e4ucherpfanne"},"content":{"rendered":"<p>schwarzes Gu\u00dfeisen mit dunklem Holzgriff zum Tragen und kleinem Holzgriff, um den Deckel zu \u00f6ffnen. Durchmesser ca. 8,5 cm, Gesamtl\u00e4nge 22cm.<\/p>\n<p>Fr\u00fcher ist man im alpinen Raum mit einer R\u00e4ucherpfanne durch&#8217;s Haus gegangen, um es zu reinigen und Fruchtbarkeit &amp; Gesundheit einzuladen. Mit dieser kleinen handlichen R\u00e4ucherpfanne ist das heute kein Problem mehr.<\/p>\n","protected":false},"excerpt":{"rendered":"<p>schwarzes Gu\u00dfeisen mit dunklem Holzgriff zum Tragen und kleinem Holzgriff, um den Deckel zu \u00f6ffnen. Durchmesser ca. 8,5 cm, Gesamtl\u00e4nge 22cm. Fr\u00fcher ist man im alpinen Raum mit einer R\u00e4ucherpfanne durch&#8217;s Haus gegangen, um es zu reinigen und Fruchtbarkeit &amp; Gesundheit einzuladen. Mit dieser kleinen handlichen R\u00e4ucherpfanne ist das heute kein Problem mehr.<\/p>\n","protected":false},"featured_media":10144,"template":"","meta":[],"product_brand":[],"product_cat":[124,110],"product_tag":[1116,643,1118,1117],"class_list":{"0":"post-10143","1":"product","2":"type-product","3":"status-publish","4":"has-post-thumbnail","6":"product_cat-raeuchergefaesse","7":"product_cat-raeucherwerk","8":"product_tag-pfanne","9":"product_tag-raeuchern","10":"product_tag-raeucherrituale","11":"product_tag-reinigungsrituale","12":"product_shipping_class-paket","14":"first","15":"onbackorder","16":"taxable","17":"shipping-taxable","18":"purchasable","19":"product-type-simple"},"_links":{"self":[{"href":"https:\/\/shop.mittgard.de\/index.php?rest_route=\/wp\/v2\/product\/10143","targetHints":{"allow":["GET"]}}],"collection":[{"href":"https:\/\/shop.mittgard.de\/index.php?rest_route=\/wp\/v2\/product"}],"about":[{"href":"https:\/\/shop.mittgard.de\/index.php?rest_route=\/wp\/v2\/types\/product"}],"wp:featuredmedia":[{"embeddable":true,"href":"https:\/\/shop.mittgard.de\/index.php?rest_route=\/wp\/v2\/media\/10144"}],"wp:attachment":[{"href":"https:\/\/shop.mittgard.de\/index.php?rest_route=%2Fwp%2Fv2%2Fmedia&parent=10143"}],"wp:term":[{"taxonomy":"product_brand","embeddable":true,"href":"https:\/\/shop.mittgard.de\/index.php?rest_route=%2Fwp%2Fv2%2Fproduct_brand&post=10143"},{"taxonomy":"product_cat","embeddable":true,"href":"https:\/\/shop.mittgard.de\/index.php?rest_route=%2Fwp%2Fv2%2Fproduct_cat&post=10143"},{"taxonomy":"product_tag","embeddable":true,"href":"https:\/\/shop.mittgard.de\/index.php?rest_route=%2Fwp%2Fv2%2Fproduct_tag&post=10143"}],"curies":[{"name":"wp","href":"https:\/\/api.w.org\/{rel}","templated":true}]}}