{"id":10207,"date":"2021-06-11T12:28:03","date_gmt":"2021-06-11T10:28:03","guid":{"rendered":"https:\/\/shop.mittgard.de\/?post_type=product&#038;p=10207"},"modified":"2025-04-10T09:43:37","modified_gmt":"2025-04-10T07:43:37","slug":"diverse-walhalla-die-gesammelte-saga-band-3","status":"publish","type":"product","link":"https:\/\/shop.mittgard.de\/?product=diverse-walhalla-die-gesammelte-saga-band-3","title":{"rendered":"Diverse &#8222;Walhalla &#8211; Die gesammelte Saga&#8220; Band 3"},"content":{"rendered":"<p>Die Pr\u00fcfung der Asen<\/p>\n<p>In den Mythen durchlaufen die G\u00f6tter zahlreiche Pr\u00fcfungen. Doch das Gleiche gilt genauso f\u00fcr die Autoren und Zeichner, bis sie ein fertiges Comicheft in den H\u00e4nden halten. Es dauert beinahe ein ganzes Jahr, ein Walhalla-Abenteuer zu schreiben, zu zeichnen und zu kolorieren. In diesem Band wird der Entstehungsprozess eines Heftes Schritt f\u00fcr Schritt erkl\u00e4rt.<\/p>\n<p>B\u00e4nde 1 bis 5 von Walhalla: Die gesammelte Saga enthalten alle Geschichten aus den 15 Heften der Walhalla-Serie sowie jede Menge Bonusmaterial. Zum ersten Mal wird u.a. ein Teil der bislang unver\u00f6ffentlichten Bildmanuskripte der Serie abgedruckt. Jeder Band der Saga wartet au\u00dferdem mit Texten zu den Originalmythen auf. Wir folgen dem spannenden Weg vom Mythos zum Comic, der ges\u00e4umt ist von h\u00fcbschen Illustrationen, alternativen Titelseiten, Plakaten und Skizzen&#8230; massenhaft Skizzen!<\/p>\n<p>Dieser Band enth\u00e4lt die Geschichten<\/p>\n<p>7. Die Schlange der Tiefe<br \/>\n8. Freyjas Halsschmuck<br \/>\n9. Die Herausforderung des Riesen<\/p>\n<p>Gebunden Ausgabe, Gro\u00dfformat, 196 Seiten<\/p>\n","protected":false},"excerpt":{"rendered":"<p>Geb<\/p>\n","protected":false},"featured_media":10208,"template":"","meta":[],"product_brand":[],"product_cat":[193,197,185],"product_tag":[318,876,336,311],"class_list":{"0":"post-10207","1":"product","2":"type-product","3":"status-publish","4":"has-post-thumbnail","6":"product_cat-germanen","7":"product_cat-kinderbuecher","8":"product_cat-literatur","9":"product_tag-asatru","10":"product_tag-comic","11":"product_tag-germanen","12":"product_tag-wikinger","13":"product_shipping_class-paket","15":"first","16":"outofstock","17":"taxable","18":"shipping-taxable","19":"purchasable","20":"product-type-simple"},"_links":{"self":[{"href":"https:\/\/shop.mittgard.de\/index.php?rest_route=\/wp\/v2\/product\/10207","targetHints":{"allow":["GET"]}}],"collection":[{"href":"https:\/\/shop.mittgard.de\/index.php?rest_route=\/wp\/v2\/product"}],"about":[{"href":"https:\/\/shop.mittgard.de\/index.php?rest_route=\/wp\/v2\/types\/product"}],"wp:featuredmedia":[{"embeddable":true,"href":"https:\/\/shop.mittgard.de\/index.php?rest_route=\/wp\/v2\/media\/10208"}],"wp:attachment":[{"href":"https:\/\/shop.mittgard.de\/index.php?rest_route=%2Fwp%2Fv2%2Fmedia&parent=10207"}],"wp:term":[{"taxonomy":"product_brand","embeddable":true,"href":"https:\/\/shop.mittgard.de\/index.php?rest_route=%2Fwp%2Fv2%2Fproduct_brand&post=10207"},{"taxonomy":"product_cat","embeddable":true,"href":"https:\/\/shop.mittgard.de\/index.php?rest_route=%2Fwp%2Fv2%2Fproduct_cat&post=10207"},{"taxonomy":"product_tag","embeddable":true,"href":"https:\/\/shop.mittgard.de\/index.php?rest_route=%2Fwp%2Fv2%2Fproduct_tag&post=10207"}],"curies":[{"name":"wp","href":"https:\/\/api.w.org\/{rel}","templated":true}]}}