{"id":10290,"date":"2021-06-29T15:54:41","date_gmt":"2021-06-29T13:54:41","guid":{"rendered":"https:\/\/shop.mittgard.de\/?post_type=product&#038;p=10290"},"modified":"2024-12-15T16:33:25","modified_gmt":"2024-12-15T15:33:25","slug":"dollinger-hans-geschichte-des-mittelalters","status":"publish","type":"product","link":"https:\/\/shop.mittgard.de\/?product=dollinger-hans-geschichte-des-mittelalters","title":{"rendered":"Dollinger, Hans &#8222;Geschichte des Mittelalters&#8220;"},"content":{"rendered":"<p>Die ganze Welt des Mittelalters in einem komprimierten und verst\u00e4ndlichen \u00dcberblick<\/p>\n<p>Vom Ende der Antike bis zu den Anf\u00e4ngen der Renaissance und der Reformation leistet dieses Buch eine reichhaltige Darstellung der Epoche, die sowohl das Reich Karls des Gro\u00dfen und das Ende von Byzanz gesehen hat als auch die Bildung der ersten Nationalstaaten Europas.<\/p>\n<p>Der Autor wirft zudem einen Blick auf den Einflu\u00df der katholischen Kirche und das mittelalterliche Leben in Kl\u00f6stern, Burgen, St\u00e4dten und D\u00f6rfern. Eine Betrachtung der K\u00fcnste und Wissenschaften im europ\u00e4ischen Mittelalter rundet das Werk ab.<\/p>\n<p>Der Historiker und Publizist Hans Dollinger (*1929) tritt seit Jahrzehnten als hervorragender Kenner der Geschichte in Erscheinung. Er war Mitautor von &#8222;Durant&#8217;s Kulturgeschichte der Menschheit&#8220;, alleiniger Verfasser des gro\u00dfen Werkes &#8222;Schwarzbuch der Weltgeschichte&#8220; sowie zahlreicher Ver\u00f6ffentlichungen zur deutschen Geschichte.<\/p>\n<p>Gebundene Ausgabe, 160 Seiten<\/p>\n","protected":false},"excerpt":{"rendered":"<p>HC<\/p>\n","protected":false},"featured_media":10291,"template":"","meta":[],"product_brand":[],"product_cat":[192,185,211],"product_tag":[327,236],"class_list":{"0":"post-10290","1":"product","2":"type-product","3":"status-publish","4":"has-post-thumbnail","6":"product_cat-geschichte","7":"product_cat-literatur","8":"product_cat-sachbuch-lexika","9":"product_tag-geschichte","10":"product_tag-mittelalter","11":"product_shipping_class-paket","13":"first","14":"onbackorder","15":"taxable","16":"shipping-taxable","17":"purchasable","18":"product-type-simple"},"_links":{"self":[{"href":"https:\/\/shop.mittgard.de\/index.php?rest_route=\/wp\/v2\/product\/10290","targetHints":{"allow":["GET"]}}],"collection":[{"href":"https:\/\/shop.mittgard.de\/index.php?rest_route=\/wp\/v2\/product"}],"about":[{"href":"https:\/\/shop.mittgard.de\/index.php?rest_route=\/wp\/v2\/types\/product"}],"wp:featuredmedia":[{"embeddable":true,"href":"https:\/\/shop.mittgard.de\/index.php?rest_route=\/wp\/v2\/media\/10291"}],"wp:attachment":[{"href":"https:\/\/shop.mittgard.de\/index.php?rest_route=%2Fwp%2Fv2%2Fmedia&parent=10290"}],"wp:term":[{"taxonomy":"product_brand","embeddable":true,"href":"https:\/\/shop.mittgard.de\/index.php?rest_route=%2Fwp%2Fv2%2Fproduct_brand&post=10290"},{"taxonomy":"product_cat","embeddable":true,"href":"https:\/\/shop.mittgard.de\/index.php?rest_route=%2Fwp%2Fv2%2Fproduct_cat&post=10290"},{"taxonomy":"product_tag","embeddable":true,"href":"https:\/\/shop.mittgard.de\/index.php?rest_route=%2Fwp%2Fv2%2Fproduct_tag&post=10290"}],"curies":[{"name":"wp","href":"https:\/\/api.w.org\/{rel}","templated":true}]}}

<p>Die ganze Welt des Mittelalters in einem komprimierten und verständlichen Überblick</p>
<p>Vom Ende der Antike bis zu den Anfängen der Renaissance und der Reformation leistet dieses Buch eine reichhaltige Darstellung der Epoche, die sowohl das Reich Karls des Großen und das Ende von Byzanz gesehen hat als auch die Bildung der ersten Nationalstaaten Europas.</p>
<p>Der Autor wirft zudem einen Blick auf den Einfluß der katholischen Kirche und das mittelalterliche Leben in Klöstern, Burgen, Städten und Dörfern. Eine Betrachtung der Künste und Wissenschaften im europäischen Mittelalter rundet das Werk ab.</p>
<p>Der Historiker und Publizist Hans Dollinger (*1929) tritt seit Jahrzehnten als hervorragender Kenner der Geschichte in Erscheinung. Er war Mitautor von &#8222;Durant&#8217;s Kulturgeschichte der Menschheit&#8220;, alleiniger Verfasser des großen Werkes &#8222;Schwarzbuch der Weltgeschichte&#8220; sowie zahlreicher Veröffentlichungen zur deutschen Geschichte.</p>
<p>Gebundene Ausgabe, 160 Seiten</p>
