{"id":10446,"date":"2021-08-31T13:13:34","date_gmt":"2021-08-31T11:13:34","guid":{"rendered":"https:\/\/shop.mittgard.de\/?post_type=product&#038;p=10446"},"modified":"2025-12-10T10:09:41","modified_gmt":"2025-12-10T09:09:41","slug":"brinkmeier-michaela-maerchen-vom-meer","status":"publish","type":"product","link":"https:\/\/shop.mittgard.de\/?product=brinkmeier-michaela-maerchen-vom-meer","title":{"rendered":"Brinkmeier, Michaela &#8222;M\u00e4rchen vom Meer&#8220;"},"content":{"rendered":"<p>Weite, Wind und Wellen \u2013 wer schon einmal am Meeresufer stand, der kennt sie, diese Sehnsucht: Der Blick frei bis zum Horizont, dar\u00fcber der unendliche Himmel, dahinter ferne L\u00e4nder und darunter die unendlichen Tiefen mit ihren geheimnisvollen Gesch\u00f6pfen. Das Meer fasziniert die Menschen seit jeher und hat sie wunderbare M\u00e4rchen ersinnen lassen. Geschichten von mutigen Seefahrern und ihren Abenteuern, von Begegnungen mit Walfischen und Meerfrauen, von traumhaften Unterwasserwelten und verborgenen Sch\u00e4tzen. Einige der sch\u00f6nsten davon finden sich in dieser internationalen M\u00e4rchensammlung.<\/p>\n<p>Gebunden, 192 Seiten<\/p>\n","protected":false},"excerpt":{"rendered":"<p>Geb<\/p>\n","protected":false},"featured_media":10447,"template":"","meta":[],"product_brand":[],"product_cat":[185,213],"product_tag":[252,391,1138],"class_list":{"0":"post-10446","1":"product","2":"type-product","3":"status-publish","4":"has-post-thumbnail","6":"product_cat-literatur","7":"product_cat-maerchen","8":"product_tag-kinder","9":"product_tag-maerchen","10":"product_tag-meer","11":"product_shipping_class-paket","13":"first","14":"onbackorder","15":"taxable","16":"shipping-taxable","17":"purchasable","18":"product-type-simple"},"_links":{"self":[{"href":"https:\/\/shop.mittgard.de\/index.php?rest_route=\/wp\/v2\/product\/10446","targetHints":{"allow":["GET"]}}],"collection":[{"href":"https:\/\/shop.mittgard.de\/index.php?rest_route=\/wp\/v2\/product"}],"about":[{"href":"https:\/\/shop.mittgard.de\/index.php?rest_route=\/wp\/v2\/types\/product"}],"wp:featuredmedia":[{"embeddable":true,"href":"https:\/\/shop.mittgard.de\/index.php?rest_route=\/wp\/v2\/media\/10447"}],"wp:attachment":[{"href":"https:\/\/shop.mittgard.de\/index.php?rest_route=%2Fwp%2Fv2%2Fmedia&parent=10446"}],"wp:term":[{"taxonomy":"product_brand","embeddable":true,"href":"https:\/\/shop.mittgard.de\/index.php?rest_route=%2Fwp%2Fv2%2Fproduct_brand&post=10446"},{"taxonomy":"product_cat","embeddable":true,"href":"https:\/\/shop.mittgard.de\/index.php?rest_route=%2Fwp%2Fv2%2Fproduct_cat&post=10446"},{"taxonomy":"product_tag","embeddable":true,"href":"https:\/\/shop.mittgard.de\/index.php?rest_route=%2Fwp%2Fv2%2Fproduct_tag&post=10446"}],"curies":[{"name":"wp","href":"https:\/\/api.w.org\/{rel}","templated":true}]}}