{"id":10478,"date":"2021-08-31T13:49:26","date_gmt":"2021-08-31T11:49:26","guid":{"rendered":"https:\/\/shop.mittgard.de\/?post_type=product&#038;p=10478"},"modified":"2025-05-13T09:15:28","modified_gmt":"2025-05-13T07:15:28","slug":"diamond-lily-minze-salbei-rose","status":"publish","type":"product","link":"https:\/\/shop.mittgard.de\/?product=diamond-lily-minze-salbei-rose","title":{"rendered":"Diamond, Lily &#8222;Minze, Salbei, Rose&#8220;"},"content":{"rendered":"<p>Kochrezepte und einfache Naturkosmetik mit Kr\u00e4utern und Bl\u00fcten<\/p>\n<p>Zw\u00f6lf Pflanzen von Basilikum bis Lavendel und 80 Rezepte, in denen K\u00fcchenkr\u00e4uter und Bl\u00fcten die Hauptrolle spielen, hat Lily Diamond f\u00fcr dieses Buch aus ihrem beliebten Food-und-Beauty-Blog ausgew\u00e4hlt. Zu jeder Pflanze gibt es unkomplizierte und doch raffinierte Kochrezepte, s\u00fc\u00df und pikant, alle vegetarisch, manche vegan.<\/p>\n<p>Das Buch ist aber nicht nur eine Inspirationsquelle f\u00fcr eine sinnlich-gesunde K\u00fcche, es bietet au\u00dferdem auch einfache Pflanzenrezepturen f\u00fcr Sch\u00f6nheit und Wohlbefinden, ganz nach dem Motto: \u201eWas von innen sch\u00f6n macht, macht auch von au\u00dfen sch\u00f6n.\u201c<\/p>\n<p>Dazu erz\u00e4hlt die Autorin aus ihrem Leben \u2013 von ihrer Kindheit auf Maui, ihrer kr\u00e4uterkundigen Mutter, von der sie ihr reiches Pflanzenwissen erworben hat, und von ihren Erfahrungen auf dem Weg ins Erwachsenenleben.<\/p>\n<p>Kt, 272 Seiten<\/p>\n","protected":false},"excerpt":{"rendered":"<p>Kt<\/p>\n","protected":false},"featured_media":10479,"template":"","meta":[],"product_brand":[],"product_cat":[186,204,185,201,206],"product_tag":[1143,228,398,237,1142],"class_list":{"0":"post-10478","1":"product","2":"type-product","3":"status-publish","4":"has-post-thumbnail","6":"product_cat-alternativ-leben","7":"product_cat-aromatherapie","8":"product_cat-literatur","9":"product_cat-naturheilkunde-kraeuterwissen","10":"product_cat-naturkost","11":"product_tag-blumen","12":"product_tag-duft","13":"product_tag-kochen","14":"product_tag-kosmetik","15":"product_tag-kraeuterkueche","16":"product_shipping_class-paket","18":"first","19":"onbackorder","20":"taxable","21":"shipping-taxable","22":"purchasable","23":"product-type-simple"},"_links":{"self":[{"href":"https:\/\/shop.mittgard.de\/index.php?rest_route=\/wp\/v2\/product\/10478","targetHints":{"allow":["GET"]}}],"collection":[{"href":"https:\/\/shop.mittgard.de\/index.php?rest_route=\/wp\/v2\/product"}],"about":[{"href":"https:\/\/shop.mittgard.de\/index.php?rest_route=\/wp\/v2\/types\/product"}],"wp:featuredmedia":[{"embeddable":true,"href":"https:\/\/shop.mittgard.de\/index.php?rest_route=\/wp\/v2\/media\/10479"}],"wp:attachment":[{"href":"https:\/\/shop.mittgard.de\/index.php?rest_route=%2Fwp%2Fv2%2Fmedia&parent=10478"}],"wp:term":[{"taxonomy":"product_brand","embeddable":true,"href":"https:\/\/shop.mittgard.de\/index.php?rest_route=%2Fwp%2Fv2%2Fproduct_brand&post=10478"},{"taxonomy":"product_cat","embeddable":true,"href":"https:\/\/shop.mittgard.de\/index.php?rest_route=%2Fwp%2Fv2%2Fproduct_cat&post=10478"},{"taxonomy":"product_tag","embeddable":true,"href":"https:\/\/shop.mittgard.de\/index.php?rest_route=%2Fwp%2Fv2%2Fproduct_tag&post=10478"}],"curies":[{"name":"wp","href":"https:\/\/api.w.org\/{rel}","templated":true}]}}