{"id":10530,"date":"2021-08-31T14:46:52","date_gmt":"2021-08-31T12:46:52","guid":{"rendered":"https:\/\/shop.mittgard.de\/?post_type=product&#038;p=10530"},"modified":"2024-12-16T11:18:06","modified_gmt":"2024-12-16T10:18:06","slug":"stumpf-ursula-unsere-heilkraeuter","status":"publish","type":"product","link":"https:\/\/shop.mittgard.de\/?product=stumpf-ursula-unsere-heilkraeuter","title":{"rendered":"Stumpf, Ursula &#8222;Unsere Heilkr\u00e4uter&#8220;"},"content":{"rendered":"<p>Gesundheit aus der Natur<\/p>\n<p>In der Natur wachsen \u00fcberall wertvolle Heilpflanzen. Sie zu finden, zu erkennen und anzuwenden ist Teil der traditionellen und bew\u00e4hrten Volksheilkunde. Dieser Naturf\u00fchrer hilft Ihnen, ihre eigene Hausapotheke um ein St\u00fcck Natur zu erweitern.<\/p>\n<p>&#8211; 160 Heilkr\u00e4uter im Portr\u00e4t mit Anwendung und Wissenswertem<\/p>\n<p>&#8211; die Grundlagen der Kr\u00e4uterernte und Trocknung<\/p>\n<p>&#8211; Mit Tipps f\u00fcr die eigene Kr\u00e4uterapotheke zu Hause<\/p>\n<p>&#8211; Extra: Register nach Beschwerden f\u00fcr schnelle Hilfe<\/p>\n<p>Broschiert, 256 Seiten<\/p>\n","protected":false},"excerpt":{"rendered":"<p>Br<\/p>\n","protected":false},"featured_media":10531,"template":"","meta":[],"product_brand":[],"product_cat":[185,201],"product_tag":[],"class_list":{"0":"post-10530","1":"product","2":"type-product","3":"status-publish","4":"has-post-thumbnail","6":"product_cat-literatur","7":"product_cat-naturheilkunde-kraeuterwissen","8":"product_shipping_class-paket","10":"first","11":"onbackorder","12":"taxable","13":"shipping-taxable","14":"purchasable","15":"product-type-simple"},"_links":{"self":[{"href":"https:\/\/shop.mittgard.de\/index.php?rest_route=\/wp\/v2\/product\/10530","targetHints":{"allow":["GET"]}}],"collection":[{"href":"https:\/\/shop.mittgard.de\/index.php?rest_route=\/wp\/v2\/product"}],"about":[{"href":"https:\/\/shop.mittgard.de\/index.php?rest_route=\/wp\/v2\/types\/product"}],"wp:featuredmedia":[{"embeddable":true,"href":"https:\/\/shop.mittgard.de\/index.php?rest_route=\/wp\/v2\/media\/10531"}],"wp:attachment":[{"href":"https:\/\/shop.mittgard.de\/index.php?rest_route=%2Fwp%2Fv2%2Fmedia&parent=10530"}],"wp:term":[{"taxonomy":"product_brand","embeddable":true,"href":"https:\/\/shop.mittgard.de\/index.php?rest_route=%2Fwp%2Fv2%2Fproduct_brand&post=10530"},{"taxonomy":"product_cat","embeddable":true,"href":"https:\/\/shop.mittgard.de\/index.php?rest_route=%2Fwp%2Fv2%2Fproduct_cat&post=10530"},{"taxonomy":"product_tag","embeddable":true,"href":"https:\/\/shop.mittgard.de\/index.php?rest_route=%2Fwp%2Fv2%2Fproduct_tag&post=10530"}],"curies":[{"name":"wp","href":"https:\/\/api.w.org\/{rel}","templated":true}]}}