{"id":11035,"date":"2021-12-09T11:16:08","date_gmt":"2021-12-09T10:16:08","guid":{"rendered":"https:\/\/shop.mittgard.de\/?post_type=product&#038;p=11035"},"modified":"2024-12-14T14:56:01","modified_gmt":"2024-12-14T13:56:01","slug":"zirbenholzspaene-25g","status":"publish","type":"product","link":"https:\/\/shop.mittgard.de\/?product=zirbenholzspaene-25g","title":{"rendered":"Zirbenholzsp\u00e4ne (25g)"},"content":{"rendered":"<p>Die Zirbelkiefer wirkt mit ihrem wohlig warmen Duft entspannend bei Stre\u00df und verhilft zu einem erholsamen Schlaf. Au\u00dferdem vertreibt sie Insekten und Motten. Man kann sie verr\u00e4uchern oder in S\u00e4ckchen f\u00fcllen.<\/p>\n","protected":false},"excerpt":{"rendered":"<p>Die Zirbelkiefer wirkt mit ihrem wohlig warmen Duft entspannend bei Stre\u00df und verhilft zu einem erholsamen Schlaf. Au\u00dferdem vertreibt sie Insekten und Motten. Man kann sie verr\u00e4uchern oder in S\u00e4ckchen f\u00fcllen.<\/p>\n","protected":false},"featured_media":11036,"template":"","meta":[],"product_brand":[],"product_cat":[16,114,110,102],"product_tag":[34,1196,447],"class_list":{"0":"post-11035","1":"product","2":"type-product","3":"status-publish","4":"has-post-thumbnail","6":"product_cat-kraeuter","7":"product_cat-kraeuter-hoelzer","8":"product_cat-raeucherwerk","9":"product_cat-weitere-kraeuter","10":"product_tag-beruhigend","11":"product_tag-schlaf","12":"product_tag-wald","13":"product_shipping_class-paket","15":"first","16":"instock","17":"taxable","18":"shipping-taxable","19":"purchasable","20":"product-type-simple"},"_links":{"self":[{"href":"https:\/\/shop.mittgard.de\/index.php?rest_route=\/wp\/v2\/product\/11035","targetHints":{"allow":["GET"]}}],"collection":[{"href":"https:\/\/shop.mittgard.de\/index.php?rest_route=\/wp\/v2\/product"}],"about":[{"href":"https:\/\/shop.mittgard.de\/index.php?rest_route=\/wp\/v2\/types\/product"}],"wp:featuredmedia":[{"embeddable":true,"href":"https:\/\/shop.mittgard.de\/index.php?rest_route=\/wp\/v2\/media\/11036"}],"wp:attachment":[{"href":"https:\/\/shop.mittgard.de\/index.php?rest_route=%2Fwp%2Fv2%2Fmedia&parent=11035"}],"wp:term":[{"taxonomy":"product_brand","embeddable":true,"href":"https:\/\/shop.mittgard.de\/index.php?rest_route=%2Fwp%2Fv2%2Fproduct_brand&post=11035"},{"taxonomy":"product_cat","embeddable":true,"href":"https:\/\/shop.mittgard.de\/index.php?rest_route=%2Fwp%2Fv2%2Fproduct_cat&post=11035"},{"taxonomy":"product_tag","embeddable":true,"href":"https:\/\/shop.mittgard.de\/index.php?rest_route=%2Fwp%2Fv2%2Fproduct_tag&post=11035"}],"curies":[{"name":"wp","href":"https:\/\/api.w.org\/{rel}","templated":true}]}}