{"id":11621,"date":"2022-05-02T17:55:39","date_gmt":"2022-05-02T15:55:39","guid":{"rendered":"https:\/\/shop.mittgard.de\/?post_type=product&#038;p=11621"},"modified":"2024-12-15T11:36:41","modified_gmt":"2024-12-15T10:36:41","slug":"diverse-die-heubereitung-die-sichere-heuernte","status":"publish","type":"product","link":"https:\/\/shop.mittgard.de\/?product=diverse-die-heubereitung-die-sichere-heuernte","title":{"rendered":"Diverse &#8222;Die Heubereitung &#038; Die sichere Heuernte&#8220;"},"content":{"rendered":"<p>Dieses B\u00fcchlein besteht aus zwei Teilen.<\/p>\n<p>Der erste Teil besteht aus dem Nachdruck eines landwirtschaftlichen Ratgebers aus dem Jahre 1892 mit dem Titel &#8222;Die Heubereitung&#8220; und umfasst 112 Seiten.<\/p>\n<p>Es werden die Techniken gezeigt, wie fr\u00fcher ohne bzw. mit wenig maschinellem Einsatz das Gras geerntet und f\u00fcr den Winter haltbar gemacht wurde. Es werden dort verschiedene Arbeitsabl\u00e4ufe und Feinheiten erl\u00e4utert f\u00fcr die Herstellung von D\u00fcrrheu, Braunheu, Brennheu, die Konservierung in Gruben (Silierung), und Feimenpressen im Aufbau gezeigt. Viele der hier gezeigten Methoden sind heute kaum mehr im Einsatz oder werden nur bei Einsatz von erd\u00f6lbetriebenen Maschinen angewendet.<br \/>\nDieser\u00a0<strong>erste Teil ist in Frakturschrift<\/strong>\u00a0wiedergegeben.<\/p>\n<p>Der zweite Teil mit dem Titel &#8222;Die sichere Heuernte&#8220; ist ein Nachdruck eines Heftes aus dem Jahre 1935. In diesem Teil werden vor allem die Vor- und Nachteile bei der Reutertrocknung beschrieben und auch der Aufbau von Heuh\u00fctten, Holzreutern (Heinzen) und Draht- und Schwedenreutern genauestens beschrieben.<br \/>\nDieser Teil umfasst 44 Seiten und ist in<strong>\u00a0moderner Abschrift<\/strong>\u00a0beigef\u00fcgt. Mit zahlreichen Bildern und Tabellen.<\/p>\n<p>Weicheinband, 11,5 x 18 cm, 156 S., zahlr. Abb., Tab.<\/p>\n","protected":false},"excerpt":{"rendered":"<p>Heft<\/p>\n","protected":false},"featured_media":11622,"template":"","meta":[],"product_brand":[],"product_cat":[186,188,185],"product_tag":[1228,1227,1230,1229],"class_list":{"0":"post-11621","1":"product","2":"type-product","3":"status-publish","4":"has-post-thumbnail","6":"product_cat-alternativ-leben","7":"product_cat-altes-handwerk","8":"product_cat-literatur","9":"product_tag-bauer","10":"product_tag-heuernte","11":"product_tag-landleben","12":"product_tag-landwirtschaft","13":"product_shipping_class-brief","15":"first","16":"instock","17":"taxable","18":"shipping-taxable","19":"purchasable","20":"product-type-simple"},"_links":{"self":[{"href":"https:\/\/shop.mittgard.de\/index.php?rest_route=\/wp\/v2\/product\/11621","targetHints":{"allow":["GET"]}}],"collection":[{"href":"https:\/\/shop.mittgard.de\/index.php?rest_route=\/wp\/v2\/product"}],"about":[{"href":"https:\/\/shop.mittgard.de\/index.php?rest_route=\/wp\/v2\/types\/product"}],"wp:featuredmedia":[{"embeddable":true,"href":"https:\/\/shop.mittgard.de\/index.php?rest_route=\/wp\/v2\/media\/11622"}],"wp:attachment":[{"href":"https:\/\/shop.mittgard.de\/index.php?rest_route=%2Fwp%2Fv2%2Fmedia&parent=11621"}],"wp:term":[{"taxonomy":"product_brand","embeddable":true,"href":"https:\/\/shop.mittgard.de\/index.php?rest_route=%2Fwp%2Fv2%2Fproduct_brand&post=11621"},{"taxonomy":"product_cat","embeddable":true,"href":"https:\/\/shop.mittgard.de\/index.php?rest_route=%2Fwp%2Fv2%2Fproduct_cat&post=11621"},{"taxonomy":"product_tag","embeddable":true,"href":"https:\/\/shop.mittgard.de\/index.php?rest_route=%2Fwp%2Fv2%2Fproduct_tag&post=11621"}],"curies":[{"name":"wp","href":"https:\/\/api.w.org\/{rel}","templated":true}]}}