{"id":11637,"date":"2022-05-03T14:01:18","date_gmt":"2022-05-03T12:01:18","guid":{"rendered":"https:\/\/shop.mittgard.de\/?post_type=product&#038;p=11637"},"modified":"2026-01-27T15:18:09","modified_gmt":"2026-01-27T14:18:09","slug":"mayer-fuchs-haberl-erdenfrau","status":"publish","type":"product","link":"https:\/\/shop.mittgard.de\/?product=mayer-fuchs-haberl-erdenfrau","title":{"rendered":"Mayer\/Fuchs-Haberl &#8222;Erdenfrau&#8220;"},"content":{"rendered":"<p>Heilpflanzen, Rituale und Rezepte im Wandel der Jahreszeiten<\/p>\n<p>Von Lichtmess und der Tagundnachtgleiche des Fr\u00fchlings \u00fcber das Maifest, die Sommersonnenwende, das Schnitterinnenfest im August und die Herbst-Tagundnachtgleiche bis hin zum Gedenken der Ahninnen im November und zur Sonnenwende rund um die Rauhn\u00e4chte durchl\u00e4uft die Natur acht Wandlungsphasen im Jahreskreis. Das Wissen um diese zyklischen Abl\u00e4ufe der Natur und die Rhythmen der Erde bringt uns die Wunder des Lebens n\u00e4her: Geburt, Liebe, Tod, Umwandlung und Wiedergeburt.<\/p>\n<p>Durch unsere moderne Lebensweise haben gerade Frauen die Anbindung an die Zyklen der Erde verloren. Dieses Buch beschreibt anhand der Wandlungsphasen die Qualit\u00e4t der jeweiligen Jahreszeit und vermittelt altes Frauenwissen zu uralten Br\u00e4uchen, spirituellen Ritualen, Heilmitteln aus heimischen Pflanzen und Rezepten f\u00fcr Speisen und Naturkosmetik. Die &#8222;Erdenfrau&#8220; kann so eine wunderbare Begleiterin sein, um sich selbst und Mutter Erde wieder n\u00e4her zu kommen.<\/p>\n<p>HC, 192 Seiten<\/p>\n","protected":false},"excerpt":{"rendered":"<p>HC<\/p>\n","protected":false},"featured_media":11638,"template":"","meta":[],"product_brand":[],"product_cat":[186,195,185,201],"product_tag":[225,223,382],"class_list":{"0":"post-11637","1":"product","2":"type-product","3":"status-publish","4":"has-post-thumbnail","6":"product_cat-alternativ-leben","7":"product_cat-hexentum-schamanismus","8":"product_cat-literatur","9":"product_cat-naturheilkunde-kraeuterwissen","10":"product_tag-jahreskreis","11":"product_tag-naturreligion","12":"product_tag-rituale","13":"product_shipping_class-paket","15":"first","16":"onbackorder","17":"taxable","18":"shipping-taxable","19":"purchasable","20":"product-type-simple"},"_links":{"self":[{"href":"https:\/\/shop.mittgard.de\/index.php?rest_route=\/wp\/v2\/product\/11637","targetHints":{"allow":["GET"]}}],"collection":[{"href":"https:\/\/shop.mittgard.de\/index.php?rest_route=\/wp\/v2\/product"}],"about":[{"href":"https:\/\/shop.mittgard.de\/index.php?rest_route=\/wp\/v2\/types\/product"}],"wp:featuredmedia":[{"embeddable":true,"href":"https:\/\/shop.mittgard.de\/index.php?rest_route=\/wp\/v2\/media\/11638"}],"wp:attachment":[{"href":"https:\/\/shop.mittgard.de\/index.php?rest_route=%2Fwp%2Fv2%2Fmedia&parent=11637"}],"wp:term":[{"taxonomy":"product_brand","embeddable":true,"href":"https:\/\/shop.mittgard.de\/index.php?rest_route=%2Fwp%2Fv2%2Fproduct_brand&post=11637"},{"taxonomy":"product_cat","embeddable":true,"href":"https:\/\/shop.mittgard.de\/index.php?rest_route=%2Fwp%2Fv2%2Fproduct_cat&post=11637"},{"taxonomy":"product_tag","embeddable":true,"href":"https:\/\/shop.mittgard.de\/index.php?rest_route=%2Fwp%2Fv2%2Fproduct_tag&post=11637"}],"curies":[{"name":"wp","href":"https:\/\/api.w.org\/{rel}","templated":true}]}}