{"id":11836,"date":"2022-06-12T11:56:21","date_gmt":"2022-06-12T09:56:21","guid":{"rendered":"https:\/\/shop.mittgard.de\/?post_type=product&#038;p=11836"},"modified":"2026-01-29T11:20:49","modified_gmt":"2026-01-29T10:20:49","slug":"pentagramm-hirsch-bronze","status":"publish","type":"product","link":"https:\/\/shop.mittgard.de\/?product=pentagramm-hirsch-bronze","title":{"rendered":"Pentagramm &#8222;Hirsch&#8220; Bronze"},"content":{"rendered":"<p>Pentagramm mit dem Hirsch als Symbol f\u00fcr Cernunnos, dem keltischen Vegetationsgott, Herr der Tiere &amp; W\u00e4lder<\/p>\n<p>Gr\u00f6\u00dfe ca. 3,5 x 2,5 cm, Schmuckbronze<\/p>\n<p>inklusive Lederband<\/p>\n","protected":false},"excerpt":{"rendered":"<p>Pentagramm mit dem Hirsch als Symbol f\u00fcr Cernunnos, dem keltischen Vegetationsgott, Herr der Tiere &amp; W\u00e4lder Gr\u00f6\u00dfe ca. 3,5 x 2,5 cm, Schmuckbronze inklusive Lederband<\/p>\n","protected":false},"featured_media":11837,"template":"","meta":[],"product_brand":[],"product_cat":[485,455],"product_tag":[472,1248,805,175],"class_list":{"0":"post-11836","1":"product","2":"type-product","3":"status-publish","4":"has-post-thumbnail","6":"product_cat-pentagramm","7":"product_cat-schmuck","8":"product_tag-bronze","9":"product_tag-cernunnos","10":"product_tag-hirsch","11":"product_tag-schutz","12":"product_shipping_class-brief","14":"first","15":"onbackorder","16":"taxable","17":"shipping-taxable","18":"purchasable","19":"product-type-simple"},"_links":{"self":[{"href":"https:\/\/shop.mittgard.de\/index.php?rest_route=\/wp\/v2\/product\/11836","targetHints":{"allow":["GET"]}}],"collection":[{"href":"https:\/\/shop.mittgard.de\/index.php?rest_route=\/wp\/v2\/product"}],"about":[{"href":"https:\/\/shop.mittgard.de\/index.php?rest_route=\/wp\/v2\/types\/product"}],"wp:featuredmedia":[{"embeddable":true,"href":"https:\/\/shop.mittgard.de\/index.php?rest_route=\/wp\/v2\/media\/11837"}],"wp:attachment":[{"href":"https:\/\/shop.mittgard.de\/index.php?rest_route=%2Fwp%2Fv2%2Fmedia&parent=11836"}],"wp:term":[{"taxonomy":"product_brand","embeddable":true,"href":"https:\/\/shop.mittgard.de\/index.php?rest_route=%2Fwp%2Fv2%2Fproduct_brand&post=11836"},{"taxonomy":"product_cat","embeddable":true,"href":"https:\/\/shop.mittgard.de\/index.php?rest_route=%2Fwp%2Fv2%2Fproduct_cat&post=11836"},{"taxonomy":"product_tag","embeddable":true,"href":"https:\/\/shop.mittgard.de\/index.php?rest_route=%2Fwp%2Fv2%2Fproduct_tag&post=11836"}],"curies":[{"name":"wp","href":"https:\/\/api.w.org\/{rel}","templated":true}]}}