{"id":11845,"date":"2022-06-13T11:52:17","date_gmt":"2022-06-13T09:52:17","guid":{"rendered":"https:\/\/shop.mittgard.de\/?post_type=product&#038;p=11845"},"modified":"2024-12-16T09:24:04","modified_gmt":"2024-12-16T08:24:04","slug":"havenith-christian-der-kleine-keltenkessel","status":"publish","type":"product","link":"https:\/\/shop.mittgard.de\/?product=havenith-christian-der-kleine-keltenkessel","title":{"rendered":"Havenith, Christian &#8222;Der kleine Keltenkessel&#8220;"},"content":{"rendered":"<p>Kochen wie die Kelten<\/p>\n<p>Gehen Sie auf eine gen\u00fcssliche Reise durch 1000 Jahre keltische K\u00fcchengeschichte, die Sie quer durch Europa f\u00fchrt: Von der Mittelmeerk\u00fcste \u00fcber die Alpen bis kurz vor die Nordsee, von den Pyren\u00e4en bis nach Polen erstreckte sich das kulturelle Siedlungsgebiet der Festlandkelten. Heute noch finden sich in den traditionellen Gerichten dieser Regionen Spuren ihrer Esskultur.<\/p>\n<p>Der Autor hat sich im Rahmen seines Projektes &#8222;Deprosaligos&#8220; (keltisch f\u00fcr &#8222;Schmaussucherlein&#8220;) auf die Suche nach der authentischen, belegbaren keltischen K\u00fcche gemacht. Mehrt als 250 Fundstellen wurden ausgewertet, arch\u00e4obotanische Spuren auf essbare Pflanzen hin untersucht und Knochenfunde m\u00f6glichen Zubereitungsarten zugeordnet. Als Kr\u00e4uterp\u00e4dagoge gelang es ihm au\u00dferdem, die essbaren Wildpflanzen und Fr\u00fcchte in schmackhafte Gerichte zu verwandeln.<\/p>\n<p>Dieses Kochbuch l\u00e4dt Sie zum Nachkochen ein: Erleben Sie die handfeste, regionale, saisonale und einmalige K\u00fcche der Kelten.<\/p>\n<p>Christian Havenith, *1969 in Bad Neuenahr. Nach seinem Biologiestudium folgte eine Ausbildung zum Obstg\u00e4rtner mit Qualifikationen im Wildobst- und Kr\u00e4uteranbau, danach eine Fortbildung zum Kr\u00e4uterp\u00e4dagogen und zertifizierten Natur- und Landschaftsf\u00fchrer. Sein Interesse an Gem\u00fcsesorten gipfelte in einem Schaugartenprojekt auf der Bundesgartenschau 2011. Sein Hobby des keltischen Reenactment verbindet er mit seinem Fachwissen, um die keltische K\u00fcche wieder zu neuem Leben zu erwecken.<\/p>\n<p>Gebundene Ausgabe, 128 Seiten<\/p>\n","protected":false},"excerpt":{"rendered":"<p>Geb<\/p>\n","protected":false},"featured_media":11846,"template":"","meta":[],"product_brand":[],"product_cat":[194,185,206],"product_tag":[313,398,241],"class_list":{"0":"post-11845","1":"product","2":"type-product","3":"status-publish","4":"has-post-thumbnail","6":"product_cat-kelten","7":"product_cat-literatur","8":"product_cat-naturkost","9":"product_tag-kelten","10":"product_tag-kochen","11":"product_tag-kueche","12":"product_shipping_class-paket","14":"first","15":"onbackorder","16":"taxable","17":"shipping-taxable","18":"purchasable","19":"product-type-simple"},"_links":{"self":[{"href":"https:\/\/shop.mittgard.de\/index.php?rest_route=\/wp\/v2\/product\/11845","targetHints":{"allow":["GET"]}}],"collection":[{"href":"https:\/\/shop.mittgard.de\/index.php?rest_route=\/wp\/v2\/product"}],"about":[{"href":"https:\/\/shop.mittgard.de\/index.php?rest_route=\/wp\/v2\/types\/product"}],"wp:featuredmedia":[{"embeddable":true,"href":"https:\/\/shop.mittgard.de\/index.php?rest_route=\/wp\/v2\/media\/11846"}],"wp:attachment":[{"href":"https:\/\/shop.mittgard.de\/index.php?rest_route=%2Fwp%2Fv2%2Fmedia&parent=11845"}],"wp:term":[{"taxonomy":"product_brand","embeddable":true,"href":"https:\/\/shop.mittgard.de\/index.php?rest_route=%2Fwp%2Fv2%2Fproduct_brand&post=11845"},{"taxonomy":"product_cat","embeddable":true,"href":"https:\/\/shop.mittgard.de\/index.php?rest_route=%2Fwp%2Fv2%2Fproduct_cat&post=11845"},{"taxonomy":"product_tag","embeddable":true,"href":"https:\/\/shop.mittgard.de\/index.php?rest_route=%2Fwp%2Fv2%2Fproduct_tag&post=11845"}],"curies":[{"name":"wp","href":"https:\/\/api.w.org\/{rel}","templated":true}]}}