{"id":11927,"date":"2022-07-11T14:19:25","date_gmt":"2022-07-11T12:19:25","guid":{"rendered":"https:\/\/shop.mittgard.de\/?post_type=product&#038;p=11927"},"modified":"2024-12-13T16:07:40","modified_gmt":"2024-12-13T15:07:40","slug":"glas-chevronperle-tuerkis","status":"publish","type":"product","link":"https:\/\/shop.mittgard.de\/?product=glas-chevronperle-tuerkis","title":{"rendered":"Glas-Chevronperle t\u00fcrkis"},"content":{"rendered":"<p>Walzenperlen<\/p>\n<p>5-lagig in t\u00fcrkis, wei\u00df, rot<\/p>\n<p>1,2 cm lang<\/p>\n<p>Preis pro St\u00fcck<\/p>\n","protected":false},"excerpt":{"rendered":"<p>Walzenperlen 5-lagig in t\u00fcrkis, wei\u00df, rot 1,2 cm lang Preis pro St\u00fcck<\/p>\n","protected":false},"featured_media":11928,"template":"","meta":[],"product_brand":[],"product_cat":[486,455],"product_tag":[809,299,460],"class_list":{"0":"post-11927","1":"product","2":"type-product","3":"status-publish","4":"has-post-thumbnail","6":"product_cat-perlen","7":"product_cat-schmuck","8":"product_tag-chevron","9":"product_tag-glas","10":"product_tag-tuerkis","11":"product_shipping_class-brief","13":"first","14":"instock","15":"taxable","16":"shipping-taxable","17":"purchasable","18":"product-type-simple"},"_links":{"self":[{"href":"https:\/\/shop.mittgard.de\/index.php?rest_route=\/wp\/v2\/product\/11927","targetHints":{"allow":["GET"]}}],"collection":[{"href":"https:\/\/shop.mittgard.de\/index.php?rest_route=\/wp\/v2\/product"}],"about":[{"href":"https:\/\/shop.mittgard.de\/index.php?rest_route=\/wp\/v2\/types\/product"}],"wp:featuredmedia":[{"embeddable":true,"href":"https:\/\/shop.mittgard.de\/index.php?rest_route=\/wp\/v2\/media\/11928"}],"wp:attachment":[{"href":"https:\/\/shop.mittgard.de\/index.php?rest_route=%2Fwp%2Fv2%2Fmedia&parent=11927"}],"wp:term":[{"taxonomy":"product_brand","embeddable":true,"href":"https:\/\/shop.mittgard.de\/index.php?rest_route=%2Fwp%2Fv2%2Fproduct_brand&post=11927"},{"taxonomy":"product_cat","embeddable":true,"href":"https:\/\/shop.mittgard.de\/index.php?rest_route=%2Fwp%2Fv2%2Fproduct_cat&post=11927"},{"taxonomy":"product_tag","embeddable":true,"href":"https:\/\/shop.mittgard.de\/index.php?rest_route=%2Fwp%2Fv2%2Fproduct_tag&post=11927"}],"curies":[{"name":"wp","href":"https:\/\/api.w.org\/{rel}","templated":true}]}}