{"id":11989,"date":"2022-07-21T11:55:45","date_gmt":"2022-07-21T09:55:45","guid":{"rendered":"https:\/\/shop.mittgard.de\/?post_type=product&#038;p=11989"},"modified":"2026-04-06T13:52:16","modified_gmt":"2026-04-06T11:52:16","slug":"gramberg-eugen-wildgemuese-wildfruechte-haustee","status":"publish","type":"product","link":"https:\/\/shop.mittgard.de\/?product=gramberg-eugen-wildgemuese-wildfruechte-haustee","title":{"rendered":"Gramberg, Eugen &#8222;Wildgem\u00fcse Wildfr\u00fcchte &#038; Haustee&#8220;"},"content":{"rendered":"<p>Dieses Buch erschien in der Nachkriegszeit und beschreibt 85 der gebr\u00e4uchlichsten essbaren Wildpflanzen in Deutschland.<\/p>\n<p>In Notzeiten griffen Menschen immer wieder auf wildwachsende Pflanzen ihrer Heimat zur\u00fcck um die vorhandenen Nahrungsmittel strecken zu k\u00f6nnen.<\/p>\n<p>Eugen Grambergs Buch gibt Hinweise zum Auffinden der Pflanzen in der Natur, beschreibt ihre Verwendung in der K\u00fcche und zeigt auch die heilkundliche Nutzung vieler Pflanzen die wir sonst unbeachtet am Wegesrand finden k\u00f6nnen. Vorliegendes Buch ist insbesondere wertvoll aufgrund der vielen angegebenen Verwertungsvorschl\u00e4ge. Es zeigt zudem die Herstellung von Pflanzens\u00e4ften und Haustees aus heimischen Pflanzen.<\/p>\n<p>Zahlreiche farbige Abbildungen einiger Pflanzen sind ebenfalls enthalten.<br \/>\n(Dieses Buch ist kein Bestimmungsbuch das jede essbare Pflanze beschreibt, sondern eher ein Buch dass die Verwertung und Verwendung im Haushalt zeigt.)<\/p>\n<p>Brosch\u00fcre, 86 S., Nachdruck der Ausgabe von 1946 (4. Auflage), modernes Schriftbild, A5.<\/p>\n","protected":false},"excerpt":{"rendered":"<p>Heft<\/p>\n","protected":false},"featured_media":11990,"template":"","meta":[],"product_brand":[],"product_cat":[186,185,206],"product_tag":[937,220,244,416],"class_list":{"0":"post-11989","1":"product","2":"type-product","3":"status-publish","4":"has-post-thumbnail","6":"product_cat-alternativ-leben","7":"product_cat-literatur","8":"product_cat-naturkost","9":"product_tag-heilkraeuter","10":"product_tag-selbstversorger","11":"product_tag-survival","12":"product_tag-wildpflanzen","13":"product_shipping_class-brief","15":"first","16":"instock","17":"taxable","18":"shipping-taxable","19":"purchasable","20":"product-type-simple"},"_links":{"self":[{"href":"https:\/\/shop.mittgard.de\/index.php?rest_route=\/wp\/v2\/product\/11989","targetHints":{"allow":["GET"]}}],"collection":[{"href":"https:\/\/shop.mittgard.de\/index.php?rest_route=\/wp\/v2\/product"}],"about":[{"href":"https:\/\/shop.mittgard.de\/index.php?rest_route=\/wp\/v2\/types\/product"}],"wp:featuredmedia":[{"embeddable":true,"href":"https:\/\/shop.mittgard.de\/index.php?rest_route=\/wp\/v2\/media\/11990"}],"wp:attachment":[{"href":"https:\/\/shop.mittgard.de\/index.php?rest_route=%2Fwp%2Fv2%2Fmedia&parent=11989"}],"wp:term":[{"taxonomy":"product_brand","embeddable":true,"href":"https:\/\/shop.mittgard.de\/index.php?rest_route=%2Fwp%2Fv2%2Fproduct_brand&post=11989"},{"taxonomy":"product_cat","embeddable":true,"href":"https:\/\/shop.mittgard.de\/index.php?rest_route=%2Fwp%2Fv2%2Fproduct_cat&post=11989"},{"taxonomy":"product_tag","embeddable":true,"href":"https:\/\/shop.mittgard.de\/index.php?rest_route=%2Fwp%2Fv2%2Fproduct_tag&post=11989"}],"curies":[{"name":"wp","href":"https:\/\/api.w.org\/{rel}","templated":true}]}}