{"id":12157,"date":"2022-08-09T13:41:15","date_gmt":"2022-08-09T11:41:15","guid":{"rendered":"https:\/\/shop.mittgard.de\/?post_type=product&#038;p=12157"},"modified":"2025-06-10T12:17:57","modified_gmt":"2025-06-10T10:17:57","slug":"offene-dreifalt-gross-bronze","status":"publish","type":"product","link":"https:\/\/shop.mittgard.de\/?product=offene-dreifalt-gross-bronze","title":{"rendered":"Offene Dreifalt gro\u00df Bronze"},"content":{"rendered":"<p>\u00c4hnlich wie die Triskele stehen die drei ineinander verschlungenen Knoten f\u00fcr den ewigen Kreislauf des Leben von Leben, Tod und Wiedergeburt. Mit seinen nach au\u00dfen gerichteten Knoten ist er jedoch zugleich auch ein Schutzsymbol und seine \u00d6ffnungen nach Innen verhelfen seinem Tr\u00e4ger zu neuen Einsichten und positiven Erkenntnissen.<\/p>\n<p>\u2205 2,5 cm, Schmuckbronze<\/p>\n<p>Lederband inklusive<\/p>\n","protected":false},"excerpt":{"rendered":"<p>\u00c4hnlich wie die Triskele stehen die drei ineinander verschlungenen Knoten f\u00fcr den ewigen Kreislauf des Leben von Leben, Tod und Wiedergeburt. Mit seinen nach au\u00dfen gerichteten Knoten ist er jedoch zugleich auch ein Schutzsymbol und seine \u00d6ffnungen nach Innen verhelfen seinem Tr\u00e4ger zu neuen Einsichten und positiven Erkenntnissen. \u2205 2,5 cm, Schmuckbronze Lederband inklusive<\/p>\n","protected":false},"featured_media":12158,"template":"","meta":[],"product_brand":[],"product_cat":[479,478,455],"product_tag":[313,795,1264],"class_list":{"0":"post-12157","1":"product","2":"type-product","3":"status-publish","4":"has-post-thumbnail","6":"product_cat-anhaenger-keltischer-schmuck","7":"product_cat-keltischer-schmuck","8":"product_cat-schmuck","9":"product_tag-kelten","10":"product_tag-kreislauf-des-lebens","11":"product_tag-schutzsymbol","12":"product_shipping_class-brief","14":"first","15":"onbackorder","16":"taxable","17":"shipping-taxable","18":"purchasable","19":"product-type-simple"},"_links":{"self":[{"href":"https:\/\/shop.mittgard.de\/index.php?rest_route=\/wp\/v2\/product\/12157","targetHints":{"allow":["GET"]}}],"collection":[{"href":"https:\/\/shop.mittgard.de\/index.php?rest_route=\/wp\/v2\/product"}],"about":[{"href":"https:\/\/shop.mittgard.de\/index.php?rest_route=\/wp\/v2\/types\/product"}],"wp:featuredmedia":[{"embeddable":true,"href":"https:\/\/shop.mittgard.de\/index.php?rest_route=\/wp\/v2\/media\/12158"}],"wp:attachment":[{"href":"https:\/\/shop.mittgard.de\/index.php?rest_route=%2Fwp%2Fv2%2Fmedia&parent=12157"}],"wp:term":[{"taxonomy":"product_brand","embeddable":true,"href":"https:\/\/shop.mittgard.de\/index.php?rest_route=%2Fwp%2Fv2%2Fproduct_brand&post=12157"},{"taxonomy":"product_cat","embeddable":true,"href":"https:\/\/shop.mittgard.de\/index.php?rest_route=%2Fwp%2Fv2%2Fproduct_cat&post=12157"},{"taxonomy":"product_tag","embeddable":true,"href":"https:\/\/shop.mittgard.de\/index.php?rest_route=%2Fwp%2Fv2%2Fproduct_tag&post=12157"}],"curies":[{"name":"wp","href":"https:\/\/api.w.org\/{rel}","templated":true}]}}