{"id":12367,"date":"2022-08-30T16:06:43","date_gmt":"2022-08-30T14:06:43","guid":{"rendered":"https:\/\/shop.mittgard.de\/?post_type=product&#038;p=12367"},"modified":"2025-12-01T13:17:10","modified_gmt":"2025-12-01T12:17:10","slug":"ackermann-keltische-maerchen-und-sagen","status":"publish","type":"product","link":"https:\/\/shop.mittgard.de\/?product=ackermann-keltische-maerchen-und-sagen","title":{"rendered":"Ackermann &#8222;Keltische M\u00e4rchen und Sagen&#8220;"},"content":{"rendered":"<p>Die Kelten sind ein geheimnisvolle Volk, das Jahrhunderte vor Christus in zahlreiche L\u00e4nder Westeuropas eingedrungen ist. Sie haben ein vielf\u00e4ltiges Erbe hinterlassen, darunter einen reichen Schatz an Mythen und M\u00e4rchen. Tollk\u00fchne Helden aus dem Kreis um K\u00f6nig Artus bev\u00f6lkern diesen Kosmos ebenso wie Feen und Fabelwesen, die in einer Anderswelt leben. Die keltischen M\u00e4rchen sind wie ihre Bilderwelt: grotesk und fabelhaft und bis ins \u00dcppige verschlungen. Dieser Band versammelt M\u00e4rchen aus Irland, Wales, Cornwall, Schottland und der Bretagne.<\/p>\n<p>Gebundene Ausgabe, 318 Seiten<\/p>\n","protected":false},"excerpt":{"rendered":"<p>Geb<\/p>\n","protected":false},"featured_media":23593,"template":"","meta":[],"product_brand":[],"product_cat":[194,197,185,213,212],"product_tag":[313,1300,391,305],"class_list":{"0":"post-12367","1":"product","2":"type-product","3":"status-publish","4":"has-post-thumbnail","6":"product_cat-kelten","7":"product_cat-kinderbuecher","8":"product_cat-literatur","9":"product_cat-maerchen","10":"product_cat-sagen","11":"product_tag-kelten","12":"product_tag-koenig-artus","13":"product_tag-maerchen","14":"product_tag-sagen","15":"product_shipping_class-paket","17":"first","18":"instock","19":"taxable","20":"shipping-taxable","21":"purchasable","22":"product-type-simple"},"_links":{"self":[{"href":"https:\/\/shop.mittgard.de\/index.php?rest_route=\/wp\/v2\/product\/12367","targetHints":{"allow":["GET"]}}],"collection":[{"href":"https:\/\/shop.mittgard.de\/index.php?rest_route=\/wp\/v2\/product"}],"about":[{"href":"https:\/\/shop.mittgard.de\/index.php?rest_route=\/wp\/v2\/types\/product"}],"wp:featuredmedia":[{"embeddable":true,"href":"https:\/\/shop.mittgard.de\/index.php?rest_route=\/wp\/v2\/media\/23593"}],"wp:attachment":[{"href":"https:\/\/shop.mittgard.de\/index.php?rest_route=%2Fwp%2Fv2%2Fmedia&parent=12367"}],"wp:term":[{"taxonomy":"product_brand","embeddable":true,"href":"https:\/\/shop.mittgard.de\/index.php?rest_route=%2Fwp%2Fv2%2Fproduct_brand&post=12367"},{"taxonomy":"product_cat","embeddable":true,"href":"https:\/\/shop.mittgard.de\/index.php?rest_route=%2Fwp%2Fv2%2Fproduct_cat&post=12367"},{"taxonomy":"product_tag","embeddable":true,"href":"https:\/\/shop.mittgard.de\/index.php?rest_route=%2Fwp%2Fv2%2Fproduct_tag&post=12367"}],"curies":[{"name":"wp","href":"https:\/\/api.w.org\/{rel}","templated":true}]}}