{"id":12534,"date":"2022-09-09T12:50:27","date_gmt":"2022-09-09T10:50:27","guid":{"rendered":"https:\/\/shop.mittgard.de\/?post_type=product&#038;p=12534"},"modified":"2025-04-14T10:57:09","modified_gmt":"2025-04-14T08:57:09","slug":"junkes-sagen-legenden-aus-thueringen","status":"publish","type":"product","link":"https:\/\/shop.mittgard.de\/?product=junkes-sagen-legenden-aus-thueringen","title":{"rendered":"Junkes &#8222;Sagen &#038; Legenden aus Th\u00fcringen&#8220;"},"content":{"rendered":"<p>Eine riesige Sagen-Schatzkiste<\/p>\n<p>Im alten K\u00f6nigreich Th\u00fcringen treffen wir Edelmann Iring und die umtriebige Amalaberga. Dann sausen wir weiter zur Wartburg, wo uns Ludwig von Th\u00fcringen und die heilige Hildegard erwarten. Nur ein paar Jahr(hundert)e sp\u00e4ter treffen wir dort auch den Junker J\u00f6rg, der niemand anderes ist als der bekannteste Deutsche aller Zeiten: Martin Luther.<\/p>\n<p>Th\u00fcringen bietet eine reichhaltige Tradition unz\u00e4hliger Sagen und Legenden. Mario Junkes hat wieder einmal tief gesch\u00fcrft und diese f\u00fcr Sie gesammelt. Sie reisen im Handumdrehen vom Kyffh\u00e4user und Kaiser Barbarossa zum Gro\u00dfen Hermannsberg und goldenen Kegeln, zu den Rittern von Eisfeld und zur\u00fcck zur Wartburg mit den Ludolfingern, einem S\u00e4ngerkrieg und dem Zauberer Klinsor.<\/p>\n<p>Zwischendrin begegnen Sie Frau Holle und Frau Perchta, Sie treffen die Heiligen Bonifatius und Landespatron Georg &#8211; und Sie erfahren, wo man M\u00f6rtel mit Wein abger\u00fchrt hat.<\/p>\n<p>Th\u00fcringen ist ein Kleinod, das nicht nur reichhaltige deutsche Geschichte bietet, sondern auch eine riesige Schatzkiste voller Sagen und Legenden verwahrt. Alle warten darauf, entdeckt zu werden &#8211; und mit diesem Buch halten Sie die Eintrittskarte in der Hand.<\/p>\n<p>Mario Junkes, geboren 1972, war nach Ausbildungen zum Fremdsprachenkorrespondent und \u00dcbersetzer f\u00fcr deutsche und internationale Arbeitgeber in mehreren europ\u00e4ischen L\u00e4ndern t\u00e4tig. Seit 2012 widmet er sich zunehmend eigenen Schreibprojekten. Einer seiner Schwerpunkte ist die Sagenwelt Europas.<\/p>\n<p>HC, 160 Seiten<\/p>\n","protected":false},"excerpt":{"rendered":"<p>HC<\/p>\n","protected":false},"featured_media":12535,"template":"","meta":[],"product_brand":[],"product_cat":[185,212],"product_tag":[1171,1047,1322,1323,305,1279,1321],"class_list":{"0":"post-12534","1":"product","2":"type-product","3":"status-publish","4":"has-post-thumbnail","6":"product_cat-literatur","7":"product_cat-sagen","8":"product_tag-barbarossa","9":"product_tag-frau-holle","10":"product_tag-kyffhaeuser","11":"product_tag-luther","12":"product_tag-sagen","13":"product_tag-thueringen","14":"product_tag-wartburg","15":"product_shipping_class-paket","17":"first","18":"instock","19":"taxable","20":"shipping-taxable","21":"purchasable","22":"product-type-simple"},"_links":{"self":[{"href":"https:\/\/shop.mittgard.de\/index.php?rest_route=\/wp\/v2\/product\/12534","targetHints":{"allow":["GET"]}}],"collection":[{"href":"https:\/\/shop.mittgard.de\/index.php?rest_route=\/wp\/v2\/product"}],"about":[{"href":"https:\/\/shop.mittgard.de\/index.php?rest_route=\/wp\/v2\/types\/product"}],"wp:featuredmedia":[{"embeddable":true,"href":"https:\/\/shop.mittgard.de\/index.php?rest_route=\/wp\/v2\/media\/12535"}],"wp:attachment":[{"href":"https:\/\/shop.mittgard.de\/index.php?rest_route=%2Fwp%2Fv2%2Fmedia&parent=12534"}],"wp:term":[{"taxonomy":"product_brand","embeddable":true,"href":"https:\/\/shop.mittgard.de\/index.php?rest_route=%2Fwp%2Fv2%2Fproduct_brand&post=12534"},{"taxonomy":"product_cat","embeddable":true,"href":"https:\/\/shop.mittgard.de\/index.php?rest_route=%2Fwp%2Fv2%2Fproduct_cat&post=12534"},{"taxonomy":"product_tag","embeddable":true,"href":"https:\/\/shop.mittgard.de\/index.php?rest_route=%2Fwp%2Fv2%2Fproduct_tag&post=12534"}],"curies":[{"name":"wp","href":"https:\/\/api.w.org\/{rel}","templated":true}]}}