{"id":12720,"date":"2022-09-28T17:58:41","date_gmt":"2022-09-28T15:58:41","guid":{"rendered":"https:\/\/shop.mittgard.de\/?post_type=product&#038;p=12720"},"modified":"2024-12-16T11:19:38","modified_gmt":"2024-12-16T10:19:38","slug":"vornholt-holger-hildegard-von-bingen","status":"publish","type":"product","link":"https:\/\/shop.mittgard.de\/?product=vornholt-holger-hildegard-von-bingen","title":{"rendered":"Vornholt, Holger &#8222;Hildegard von Bingen&#8220;"},"content":{"rendered":"<p>Heilwissen und Rezepte f\u00fcr Ihr Wohlbefinden<\/p>\n<p>Wohltuend und Wirkungsvoll<\/p>\n<p>Naturheilmittel und ihre Anwendung in Ern\u00e4hrung und Alltag: Das Heilwissen der Hildegard von Bingen ist so bew\u00e4hrt wie aktuell. Ihr ganzheitliches Kr\u00e4uterheilwissen und ihre Ern\u00e4hrungslehre bis hin zum Grundsatz des Positive Thinking &#8211; Hildegards Rezepturen entfalten ihre Wirkung gegen zahlreiche Alltagsbeschwerden und vermeiden manchen Gang in die Apotheke.<\/p>\n<ul>\n<li>Hildegards Heilwissen f\u00fcr einen gesunden Geist und K\u00f6rper<\/li>\n<li>Die 50 wichtigsten Heilkr\u00e4uter und ihre Anwendung<\/li>\n<li>Einf\u00fchrung in Hildegards Kr\u00e4uterkosmetik und die Kraft der Edelsteine<\/li>\n<\/ul>\n<p>Hildegards Heilkunde &#8211; aktueller denn je!<\/p>\n<p>Broschierte Ausgabe, 96 Seiten<\/p>\n","protected":false},"excerpt":{"rendered":"<p>Br<\/p>\n","protected":false},"featured_media":12721,"template":"","meta":[],"product_brand":[],"product_cat":[185,201],"product_tag":[1325,1356,1355,236],"class_list":{"0":"post-12720","1":"product","2":"type-product","3":"status-publish","4":"has-post-thumbnail","6":"product_cat-literatur","7":"product_cat-naturheilkunde-kraeuterwissen","8":"product_tag-hildegard-von-bingen","9":"product_tag-klosterwissen","10":"product_tag-kraeuterheilkunde","11":"product_tag-mittelalter","12":"product_shipping_class-paket","14":"first","15":"onbackorder","16":"taxable","17":"shipping-taxable","18":"purchasable","19":"product-type-simple"},"_links":{"self":[{"href":"https:\/\/shop.mittgard.de\/index.php?rest_route=\/wp\/v2\/product\/12720","targetHints":{"allow":["GET"]}}],"collection":[{"href":"https:\/\/shop.mittgard.de\/index.php?rest_route=\/wp\/v2\/product"}],"about":[{"href":"https:\/\/shop.mittgard.de\/index.php?rest_route=\/wp\/v2\/types\/product"}],"wp:featuredmedia":[{"embeddable":true,"href":"https:\/\/shop.mittgard.de\/index.php?rest_route=\/wp\/v2\/media\/12721"}],"wp:attachment":[{"href":"https:\/\/shop.mittgard.de\/index.php?rest_route=%2Fwp%2Fv2%2Fmedia&parent=12720"}],"wp:term":[{"taxonomy":"product_brand","embeddable":true,"href":"https:\/\/shop.mittgard.de\/index.php?rest_route=%2Fwp%2Fv2%2Fproduct_brand&post=12720"},{"taxonomy":"product_cat","embeddable":true,"href":"https:\/\/shop.mittgard.de\/index.php?rest_route=%2Fwp%2Fv2%2Fproduct_cat&post=12720"},{"taxonomy":"product_tag","embeddable":true,"href":"https:\/\/shop.mittgard.de\/index.php?rest_route=%2Fwp%2Fv2%2Fproduct_tag&post=12720"}],"curies":[{"name":"wp","href":"https:\/\/api.w.org\/{rel}","templated":true}]}}