{"id":12918,"date":"2022-11-08T15:58:31","date_gmt":"2022-11-08T14:58:31","guid":{"rendered":"https:\/\/shop.mittgard.de\/?post_type=product&#038;p=12918"},"modified":"2025-10-06T13:07:17","modified_gmt":"2025-10-06T11:07:17","slug":"hess-sam-die-welt-der-naturgeister-arbeitsbuch","status":"publish","type":"product","link":"https:\/\/shop.mittgard.de\/?product=hess-sam-die-welt-der-naturgeister-arbeitsbuch","title":{"rendered":"Hess, Sam &#8222;Die Welt der Naturgeister &#8211; Arbeitsbuch&#8220;"},"content":{"rendered":"<p>Der Weg, um mit Naturgeistern zu reden<\/p>\n<p>Unser K\u00f6rper ist ein einziges Sinnesorgan &#8211; f\u00fcr die sichtbaren wie auch die unsichtbaren Dinge und Wesen. Wenn wir unsere inneren Augen und Ohren \u00f6ffnen, k\u00f6nnen wir die Welt der Naturgeister erkennen. Wir sehen, h\u00f6ren und tasten Erd-, Luft- und Feuergeister und die geheimnisvollen Wassergeister, von denen uns die M\u00e4rchen und Sagen als Nymphen erz\u00e4hlen:<\/p>\n<ul>\n<li>die 4 Elemente als Zugang in die geistige Welt: Die Schaffenskr\u00e4fte von Erde, Wasser, Luft und Feuer kennenlernen.<\/li>\n<li>Einfache \u00dcbungen, um die inneren Sinne zu schulen: Mit den Wesen der Elemente in Kontakt treten.<\/li>\n<li>Hilfreiche Frage- und Ausf\u00fcllb\u00f6gen: Sich von den eigenen Erlebnissen f\u00fchren lassen.<\/li>\n<\/ul>\n<p>Mit vielen einzigartigen und inspirierenden Erfahrungen des Hellsehers Sam Hess &#8211; und Teilnehmern seiner Wald-Seminare.<\/p>\n<p>Br, 127 Seiten<\/p>\n","protected":false},"excerpt":{"rendered":"<p>Br<\/p>\n","protected":false},"featured_media":12919,"template":"","meta":[],"product_brand":[],"product_cat":[185,200],"product_tag":[503,1140,323,1141],"class_list":{"0":"post-12918","1":"product","2":"type-product","3":"status-publish","4":"has-post-thumbnail","6":"product_cat-literatur","7":"product_cat-naturgeister","8":"product_tag-feen","9":"product_tag-kobolde","10":"product_tag-naturgeister","11":"product_tag-zwerge","12":"product_shipping_class-paket","14":"first","15":"onbackorder","16":"taxable","17":"shipping-taxable","18":"purchasable","19":"product-type-simple"},"_links":{"self":[{"href":"https:\/\/shop.mittgard.de\/index.php?rest_route=\/wp\/v2\/product\/12918","targetHints":{"allow":["GET"]}}],"collection":[{"href":"https:\/\/shop.mittgard.de\/index.php?rest_route=\/wp\/v2\/product"}],"about":[{"href":"https:\/\/shop.mittgard.de\/index.php?rest_route=\/wp\/v2\/types\/product"}],"wp:featuredmedia":[{"embeddable":true,"href":"https:\/\/shop.mittgard.de\/index.php?rest_route=\/wp\/v2\/media\/12919"}],"wp:attachment":[{"href":"https:\/\/shop.mittgard.de\/index.php?rest_route=%2Fwp%2Fv2%2Fmedia&parent=12918"}],"wp:term":[{"taxonomy":"product_brand","embeddable":true,"href":"https:\/\/shop.mittgard.de\/index.php?rest_route=%2Fwp%2Fv2%2Fproduct_brand&post=12918"},{"taxonomy":"product_cat","embeddable":true,"href":"https:\/\/shop.mittgard.de\/index.php?rest_route=%2Fwp%2Fv2%2Fproduct_cat&post=12918"},{"taxonomy":"product_tag","embeddable":true,"href":"https:\/\/shop.mittgard.de\/index.php?rest_route=%2Fwp%2Fv2%2Fproduct_tag&post=12918"}],"curies":[{"name":"wp","href":"https:\/\/api.w.org\/{rel}","templated":true}]}}