{"id":13000,"date":"2022-12-01T10:23:23","date_gmt":"2022-12-01T09:23:23","guid":{"rendered":"https:\/\/shop.mittgard.de\/?post_type=product&#038;p=13000"},"modified":"2024-12-14T15:54:21","modified_gmt":"2024-12-14T14:54:21","slug":"moerser-speckstein","status":"publish","type":"product","link":"https:\/\/shop.mittgard.de\/?product=moerser-speckstein","title":{"rendered":"M\u00f6rser Speckstein"},"content":{"rendered":"<p>Der M\u00f6rser ist ein unverzichtbares Werkzeug zum Zerkleinern und Vermischen von Kr\u00e4utern &amp; Harzen zum Herstellen von eigenen R\u00e4uchermischungen. Oder auch zum Zerkleinern von Gew\u00fcrzen zum Kochen. F\u00fcr Beides sollte man aber getrennte M\u00f6rser benutzen, sonst schmeckt das Essen nach Weihrauch!<\/p>\n<p>Speckstein, 6 x 10 cm<\/p>\n<p>Speckstein gibt es in verschiedenen Farben und Musterungen, dementsprechend kann das Aussehen variieren.<\/p>\n","protected":false},"excerpt":{"rendered":"<p>Der M\u00f6rser ist ein unverzichtbares Werkzeug zum Zerkleinern und Vermischen von Kr\u00e4utern &amp; Harzen zum Herstellen von eigenen R\u00e4uchermischungen. Oder auch zum Zerkleinern von Gew\u00fcrzen zum Kochen. F\u00fcr Beides sollte man aber getrennte M\u00f6rser benutzen, sonst schmeckt das Essen nach Weihrauch! Speckstein, 6 x 10 cm Speckstein gibt es in verschiedenen Farben und Musterungen, dementsprechend &hellip; <\/p>\n<p class=\"link-more\"><a href=\"https:\/\/shop.mittgard.de\/?product=moerser-speckstein\" class=\"more-link\"><span class=\"screen-reader-text\">\u201eM\u00f6rser Speckstein\u201c <\/span>weiterlesen<\/a><\/p>\n","protected":false},"featured_media":13001,"template":"","meta":[],"product_brand":[],"product_cat":[111,110],"product_tag":[1372,649,660,1371],"class_list":{"0":"post-13000","1":"product","2":"type-product","3":"status-publish","4":"has-post-thumbnail","6":"product_cat-raeucherkohle-zubehoer","7":"product_cat-raeucherwerk","8":"product_tag-harze-zerkleinern","9":"product_tag-moerser","10":"product_tag-speckstein","11":"product_tag-weihrauchherstellung","12":"product_shipping_class-paket","14":"first","15":"instock","16":"taxable","17":"shipping-taxable","18":"purchasable","19":"product-type-simple"},"_links":{"self":[{"href":"https:\/\/shop.mittgard.de\/index.php?rest_route=\/wp\/v2\/product\/13000","targetHints":{"allow":["GET"]}}],"collection":[{"href":"https:\/\/shop.mittgard.de\/index.php?rest_route=\/wp\/v2\/product"}],"about":[{"href":"https:\/\/shop.mittgard.de\/index.php?rest_route=\/wp\/v2\/types\/product"}],"wp:featuredmedia":[{"embeddable":true,"href":"https:\/\/shop.mittgard.de\/index.php?rest_route=\/wp\/v2\/media\/13001"}],"wp:attachment":[{"href":"https:\/\/shop.mittgard.de\/index.php?rest_route=%2Fwp%2Fv2%2Fmedia&parent=13000"}],"wp:term":[{"taxonomy":"product_brand","embeddable":true,"href":"https:\/\/shop.mittgard.de\/index.php?rest_route=%2Fwp%2Fv2%2Fproduct_brand&post=13000"},{"taxonomy":"product_cat","embeddable":true,"href":"https:\/\/shop.mittgard.de\/index.php?rest_route=%2Fwp%2Fv2%2Fproduct_cat&post=13000"},{"taxonomy":"product_tag","embeddable":true,"href":"https:\/\/shop.mittgard.de\/index.php?rest_route=%2Fwp%2Fv2%2Fproduct_tag&post=13000"}],"curies":[{"name":"wp","href":"https:\/\/api.w.org\/{rel}","templated":true}]}}