{"id":1364,"date":"2018-05-01T17:06:07","date_gmt":"2018-05-01T15:06:07","guid":{"rendered":"http:\/\/shop.mittgard.de\/?product=import-placeholder-for-3430"},"modified":"2026-03-25T15:48:43","modified_gmt":"2026-03-25T14:48:43","slug":"kalmuswurzel","status":"publish","type":"product","link":"https:\/\/shop.mittgard.de\/?product=kalmuswurzel","title":{"rendered":"Kalmus, Wurzel, geschnitten (50g)"},"content":{"rendered":"<p>sanfter schwerer Geruch, Gl\u00fccks- &amp; Schutzr\u00e4ucherungen<\/p>\n<p>euphorisierend, aphrodisierend und st\u00e4rkend f\u00fcr das Selbstbewu\u00dftsein<\/p>\n\r\n\t<a class=\"paoc-popup-click paoc-popup-cust-9934 paoc-popup-simple_link paoc-popup-link\" href=\"javascript:void(0);\">Geschichtliches samt Rezept<\/a>\r\n\r\n\n","protected":false},"excerpt":{"rendered":"<p>sanfter schwerer Geruch, Gl\u00fccks- &amp; Schutzr\u00e4ucherungen euphorisierend, aphrodisierend und st\u00e4rkend f\u00fcr das Selbstbewu\u00dftsein<\/p>\n","protected":false},"featured_media":1742,"template":"","meta":[],"product_brand":[],"product_cat":[114,110],"product_tag":[145,129],"class_list":{"0":"post-1364","1":"product","2":"type-product","3":"status-publish","4":"has-post-thumbnail","6":"product_cat-kraeuter-hoelzer","7":"product_cat-raeucherwerk","8":"product_tag-schwer","9":"product_tag-suesslich","10":"product_shipping_class-paket","12":"first","13":"instock","14":"taxable","15":"shipping-taxable","16":"purchasable","17":"product-type-simple"},"_links":{"self":[{"href":"https:\/\/shop.mittgard.de\/index.php?rest_route=\/wp\/v2\/product\/1364","targetHints":{"allow":["GET"]}}],"collection":[{"href":"https:\/\/shop.mittgard.de\/index.php?rest_route=\/wp\/v2\/product"}],"about":[{"href":"https:\/\/shop.mittgard.de\/index.php?rest_route=\/wp\/v2\/types\/product"}],"wp:featuredmedia":[{"embeddable":true,"href":"https:\/\/shop.mittgard.de\/index.php?rest_route=\/wp\/v2\/media\/1742"}],"wp:attachment":[{"href":"https:\/\/shop.mittgard.de\/index.php?rest_route=%2Fwp%2Fv2%2Fmedia&parent=1364"}],"wp:term":[{"taxonomy":"product_brand","embeddable":true,"href":"https:\/\/shop.mittgard.de\/index.php?rest_route=%2Fwp%2Fv2%2Fproduct_brand&post=1364"},{"taxonomy":"product_cat","embeddable":true,"href":"https:\/\/shop.mittgard.de\/index.php?rest_route=%2Fwp%2Fv2%2Fproduct_cat&post=1364"},{"taxonomy":"product_tag","embeddable":true,"href":"https:\/\/shop.mittgard.de\/index.php?rest_route=%2Fwp%2Fv2%2Fproduct_tag&post=1364"}],"curies":[{"name":"wp","href":"https:\/\/api.w.org\/{rel}","templated":true}]}}