{"id":1383,"date":"2018-05-01T17:06:10","date_gmt":"2018-05-01T15:06:10","guid":{"rendered":"http:\/\/shop.mittgard.de\/?product=import-placeholder-for-3449"},"modified":"2026-03-25T16:44:41","modified_gmt":"2026-03-25T15:44:41","slug":"patchouliblaetter","status":"publish","type":"product","link":"https:\/\/shop.mittgard.de\/?product=patchouliblaetter","title":{"rendered":"Patchouli, Bl\u00e4tter, geschnitten (50g)"},"content":{"rendered":"<p>warm, erdig &#8211; w\u00fcrzig mit s\u00fc\u00dflicher Note, riecht voller als das \u00d6l<\/p>\n","protected":false},"excerpt":{"rendered":"<p>warm, erdig &#8211; w\u00fcrzig mit s\u00fc\u00dflicher Note, riecht voller als das \u00d6l<\/p>\n","protected":false},"featured_media":1763,"template":"","meta":[],"product_brand":[],"product_cat":[114,110],"product_tag":[144,145,130],"class_list":{"0":"post-1383","1":"product","2":"type-product","3":"status-publish","4":"has-post-thumbnail","6":"product_cat-kraeuter-hoelzer","7":"product_cat-raeucherwerk","8":"product_tag-erdig","9":"product_tag-schwer","10":"product_tag-warm","11":"product_shipping_class-paket","13":"first","14":"instock","15":"taxable","16":"shipping-taxable","17":"purchasable","18":"product-type-simple"},"_links":{"self":[{"href":"https:\/\/shop.mittgard.de\/index.php?rest_route=\/wp\/v2\/product\/1383","targetHints":{"allow":["GET"]}}],"collection":[{"href":"https:\/\/shop.mittgard.de\/index.php?rest_route=\/wp\/v2\/product"}],"about":[{"href":"https:\/\/shop.mittgard.de\/index.php?rest_route=\/wp\/v2\/types\/product"}],"wp:featuredmedia":[{"embeddable":true,"href":"https:\/\/shop.mittgard.de\/index.php?rest_route=\/wp\/v2\/media\/1763"}],"wp:attachment":[{"href":"https:\/\/shop.mittgard.de\/index.php?rest_route=%2Fwp%2Fv2%2Fmedia&parent=1383"}],"wp:term":[{"taxonomy":"product_brand","embeddable":true,"href":"https:\/\/shop.mittgard.de\/index.php?rest_route=%2Fwp%2Fv2%2Fproduct_brand&post=1383"},{"taxonomy":"product_cat","embeddable":true,"href":"https:\/\/shop.mittgard.de\/index.php?rest_route=%2Fwp%2Fv2%2Fproduct_cat&post=1383"},{"taxonomy":"product_tag","embeddable":true,"href":"https:\/\/shop.mittgard.de\/index.php?rest_route=%2Fwp%2Fv2%2Fproduct_tag&post=1383"}],"curies":[{"name":"wp","href":"https:\/\/api.w.org\/{rel}","templated":true}]}}