{"id":1390,"date":"2018-05-01T17:06:15","date_gmt":"2018-05-01T15:06:15","guid":{"rendered":"http:\/\/shop.mittgard.de\/?product=import-placeholder-for-3456"},"modified":"2025-11-26T10:34:13","modified_gmt":"2025-11-26T09:34:13","slug":"salbei-weisser-3","status":"publish","type":"product","link":"https:\/\/shop.mittgard.de\/?product=salbei-weisser-3","title":{"rendered":"Salbei, Wei\u00dfer (B\u00fcndel)"},"content":{"rendered":"<p>der indianische Salbei ist viel erfrischender als der unsrige, zum Reinigen &amp; Segnen in der Schwitzh\u00fctte &amp; zu anderen Zeremonien ist er dem Mond geweiht. Er h\u00e4lt B\u00f6ses fern und reinigt und kl\u00e4rt das Bewusstsein.<\/p>\n<p>L\u00e4nge: 22 cm<\/p>\n","protected":false},"excerpt":{"rendered":"<p>der indianische Salbei ist viel erfrischender als der unsrige, zum Reinigen &amp; Segnen in der Schwitzh\u00fctte &amp; zu anderen Zeremonien ist er dem Mond geweiht. Er h\u00e4lt B\u00f6ses fern und reinigt und kl\u00e4rt das Bewusstsein. L\u00e4nge: 22 cm<\/p>\n","protected":false},"featured_media":1797,"template":"","meta":[],"product_brand":[],"product_cat":[114,110],"product_tag":[100,165],"class_list":{"0":"post-1390","1":"product","2":"type-product","3":"status-publish","4":"has-post-thumbnail","6":"product_cat-kraeuter-hoelzer","7":"product_cat-raeucherwerk","8":"product_tag-erfrischend","9":"product_tag-reinigend","10":"product_shipping_class-paket","12":"first","13":"onbackorder","14":"taxable","15":"shipping-taxable","16":"purchasable","17":"product-type-simple"},"_links":{"self":[{"href":"https:\/\/shop.mittgard.de\/index.php?rest_route=\/wp\/v2\/product\/1390","targetHints":{"allow":["GET"]}}],"collection":[{"href":"https:\/\/shop.mittgard.de\/index.php?rest_route=\/wp\/v2\/product"}],"about":[{"href":"https:\/\/shop.mittgard.de\/index.php?rest_route=\/wp\/v2\/types\/product"}],"wp:featuredmedia":[{"embeddable":true,"href":"https:\/\/shop.mittgard.de\/index.php?rest_route=\/wp\/v2\/media\/1797"}],"wp:attachment":[{"href":"https:\/\/shop.mittgard.de\/index.php?rest_route=%2Fwp%2Fv2%2Fmedia&parent=1390"}],"wp:term":[{"taxonomy":"product_brand","embeddable":true,"href":"https:\/\/shop.mittgard.de\/index.php?rest_route=%2Fwp%2Fv2%2Fproduct_brand&post=1390"},{"taxonomy":"product_cat","embeddable":true,"href":"https:\/\/shop.mittgard.de\/index.php?rest_route=%2Fwp%2Fv2%2Fproduct_cat&post=1390"},{"taxonomy":"product_tag","embeddable":true,"href":"https:\/\/shop.mittgard.de\/index.php?rest_route=%2Fwp%2Fv2%2Fproduct_tag&post=1390"}],"curies":[{"name":"wp","href":"https:\/\/api.w.org\/{rel}","templated":true}]}}