{"id":1395,"date":"2018-05-01T17:06:15","date_gmt":"2018-05-01T15:06:15","guid":{"rendered":"http:\/\/shop.mittgard.de\/?product=import-placeholder-for-3461"},"modified":"2024-12-14T14:48:14","modified_gmt":"2024-12-14T13:48:14","slug":"sandelholz-weiss-stuecke","status":"publish","type":"product","link":"https:\/\/shop.mittgard.de\/?product=sandelholz-weiss-stuecke","title":{"rendered":"Sandelholz, wei\u00df, St\u00fccke (50g)"},"content":{"rendered":"<p>harzig-s\u00fc\u00df mit w\u00fcrzig-orientalischer Note, an Rose erinnernd, zum Duften braucht man die gro\u00dfen St\u00fccke nur auf die Heizung legen<\/p>\n","protected":false},"excerpt":{"rendered":"<p>harzig-s\u00fc\u00df mit w\u00fcrzig-orientalischer Note, an Rose erinnernd, zum Duften braucht man die gro\u00dfen St\u00fccke nur auf die Heizung legen<\/p>\n","protected":false},"featured_media":1775,"template":"","meta":[],"product_brand":[],"product_cat":[114,110],"product_tag":[131,166,129,65],"class_list":{"0":"post-1395","1":"product","2":"type-product","3":"status-publish","4":"has-post-thumbnail","6":"product_cat-kraeuter-hoelzer","7":"product_cat-raeucherwerk","8":"product_tag-aphrodisierend","9":"product_tag-orientalisch","10":"product_tag-suesslich","11":"product_tag-waermend","12":"product_shipping_class-paket","14":"first","15":"instock","16":"taxable","17":"shipping-taxable","18":"purchasable","19":"product-type-simple"},"_links":{"self":[{"href":"https:\/\/shop.mittgard.de\/index.php?rest_route=\/wp\/v2\/product\/1395","targetHints":{"allow":["GET"]}}],"collection":[{"href":"https:\/\/shop.mittgard.de\/index.php?rest_route=\/wp\/v2\/product"}],"about":[{"href":"https:\/\/shop.mittgard.de\/index.php?rest_route=\/wp\/v2\/types\/product"}],"wp:featuredmedia":[{"embeddable":true,"href":"https:\/\/shop.mittgard.de\/index.php?rest_route=\/wp\/v2\/media\/1775"}],"wp:attachment":[{"href":"https:\/\/shop.mittgard.de\/index.php?rest_route=%2Fwp%2Fv2%2Fmedia&parent=1395"}],"wp:term":[{"taxonomy":"product_brand","embeddable":true,"href":"https:\/\/shop.mittgard.de\/index.php?rest_route=%2Fwp%2Fv2%2Fproduct_brand&post=1395"},{"taxonomy":"product_cat","embeddable":true,"href":"https:\/\/shop.mittgard.de\/index.php?rest_route=%2Fwp%2Fv2%2Fproduct_cat&post=1395"},{"taxonomy":"product_tag","embeddable":true,"href":"https:\/\/shop.mittgard.de\/index.php?rest_route=%2Fwp%2Fv2%2Fproduct_tag&post=1395"}],"curies":[{"name":"wp","href":"https:\/\/api.w.org\/{rel}","templated":true}]}}