{"id":1398,"date":"2018-05-01T17:06:16","date_gmt":"2018-05-01T15:06:16","guid":{"rendered":"http:\/\/shop.mittgard.de\/?product=import-placeholder-for-3464"},"modified":"2025-02-22T17:29:19","modified_gmt":"2025-02-22T16:29:19","slug":"sumpfporst","status":"publish","type":"product","link":"https:\/\/shop.mittgard.de\/?product=sumpfporst","title":{"rendered":"Sumpfporst, Kraut, geschnitten (50g)"},"content":{"rendered":"<p>germanisches R\u00e4ucherkraut zur Anrufung der G\u00f6tter, kr\u00e4uterig, herb &#8211; erfrischender Duft<\/p>\n<blockquote>\n<pre><span style=\"font-family: Chilanka;\"><span style=\"font-size: x-large;\">Sumpfporst<\/span><\/span>\r\n\r\n<span style=\"font-family: Chilanka; font-size: 12pt;\">Der Sumpfporst ist eine immergr\u00fcne krautartige Pflanze, die in den Mooren\r\nder Nordhalbkugel unserer Erde vorkommt. Sie kann bis zu 1,50m hoch\r\nwerden und steht in Deutschland unter Naturschutz.<\/span>\r\n<span style=\"font-family: Chilanka; font-size: 12pt;\">Sie ist eine archaische Schamanenpflanze und die Schamanen in \r\nSibirien verwenden ihn zum Einreiben bei Gelenkschmerzen oder \r\nverr\u00e4uchern ihn, um einen trance\u00e4hnlichen Zustand herbei zu f\u00fchren \r\nund so leichter mit den feinstofflichen Kr\u00e4ften in Kontakt zu kommen.\r\nIm Mittelalter war es eine magische Pflanze, die f\u00fcr Abtreibungen genutzt \r\nwurde \u2013 deshalb sollten Schwangere sie auf keinen Fall verr\u00e4uchern! <\/span>\r\n<span style=\"font-family: Chilanka; font-size: 12pt;\">In der R\u00e4ucherheilkunde wird Sumpfporst zusammen mit Salbei gegen \r\nHusten &amp; Keuchhusten verr\u00e4uchert. Gemeinsam mit Hopfen &amp; Kiefer wirkt \r\ner schlaff\u00f6rdernd und -verl\u00e4ngernd. <\/span><span style=\"font-family: Chilanka; font-size: 12pt;\">In schamanischen Kulturen wird \r\nSumpfporst bis heute bei Ritualen &amp; schamanischen Reisen verr\u00e4uchert. <\/span>\r\n\r\n<span style=\"font-family: Chilanka; font-size: 12pt;\">Christian R\u00e4tsch ist der Meinung, da\u00df es der Sumpfporst war, \r\nder die Berserker zu ihrer Wut angetrieben hat. Doch lest selbst:<\/span>\r\n\r\n<span style=\"font-family: Chilanka;\"><span style=\"font-size: x-large;\">Berserker-Grutbier<\/span><\/span>\r\n\r\n<span style=\"font-family: Chilanka; font-size: 12pt;\">Ein Experiment mit Sumpfporst-Bier:<\/span>\r\n\r\n<span style=\"font-family: Chilanka; font-size: 12pt;\">Ich hatte mir eine Flasche dunkles Hefe-Weizenbier aus dem Supermarkt \r\nund die Sumpfporst-Urtinktur (Ledum = D1) aus der Apotheke besorgt. \r\nIch habe dann 20 Tropfen in 0,2 l Bier gegeben. Der Geschmack erinnerte \r\nmich an Tannenw\u00e4lder, Harz, Moos, duftende Kr\u00e4uter in der \r\nNachmittagssonne. Keine Spur bitter. Angenehm aromatisch. \r\nKein Widerwillen, sehr s\u00fcffig. Ich habe das Glas schnell geleert. Beinahe \r\nsofort trat eine Wirkung ein. Ein leichter Taumel, eine dumpfe Entspannung, \r\neine Art Berauschung ohne Suff. Der Sumpfporst scheint die Wirkung des \r\nBieres zu beschleunigen. Der Porst steigt schnell und direkt in den Kopf.\r\nEs ist, als wolle er sich das Gehirn ausd\u00fcnsten.<\/span>\r\n\r\n<span style=\"font-family: Chilanka; font-size: 12pt;\">Ich habe mir ein zweites Glas gemischt: Der w\u00fcrzige Kr\u00e4utergeschmack reizt \r\nzum Weitertrinken! Auch dieses Glas ist schnell geleert. Ich beobachte, \r\nda\u00df der Schaum durch die Tinktur stark abnimmt. Die \r\nOberfl\u00e4chenspannung des Bieres hat sich also ver\u00e4ndert. Wieder erreicht \r\nder Porst mein Gehirn schnell und gezielt. Die bierartige Berauschung \r\nnimmt stark zu. Ich habe das Gef\u00fchl statt 0,4 l Bier mehrere Mass getrunken\r\nzu haben. Aber die unangenehmen Seiten der Wirkung des Alkohols \r\nbleiben aus. Kein Schwindel, keine Koordinationsschwierigkeiten, keine \r\nM\u00fcdigkeit. Ich f\u00fchle mich leicht berauscht, angenehm angeregt und hungrig \r\nnach neuen Taten.<\/span>\r\n\r\n<span style=\"font-family: Chilanka; font-size: 12pt;\">aus R\u00e4tsch \"UrBock - Jenseits von Hopfen und Malz\"<\/span>\r\n\r\n<span style=\"font-family: Chilanka; font-size: 12pt;\">Anmerkung von mir: Vorsicht! Nicht \u00fcbertreiben! F\u00fchrt bei \r\n\u00dcberdosierung zu Kr\u00e4mpfen, Wut und Raserei - also zur typisch \r\ngermanischen Berserkerwut!<\/span><\/pre>\n<\/blockquote>\n","protected":false},"excerpt":{"rendered":"<p>germanisches R\u00e4ucherkraut zur Anrufung der G\u00f6tter, kr\u00e4uterig, herb &#8211; erfrischender Duft Sumpfporst Der Sumpfporst ist eine immergr\u00fcne krautartige Pflanze, die in den Mooren der Nordhalbkugel unserer Erde vorkommt. Sie kann bis zu 1,50m hoch werden und steht in Deutschland unter Naturschutz. Sie ist eine archaische Schamanenpflanze und die Schamanen in Sibirien verwenden ihn zum Einreiben &hellip; <\/p>\n<p class=\"link-more\"><a href=\"https:\/\/shop.mittgard.de\/?product=sumpfporst\" class=\"more-link\"><span class=\"screen-reader-text\">\u201eSumpfporst, Kraut, geschnitten (50g)\u201c <\/span>weiterlesen<\/a><\/p>\n","protected":false},"featured_media":1777,"template":"","meta":[],"product_brand":[],"product_cat":[114,110],"product_tag":[141,133],"class_list":{"0":"post-1398","1":"product","2":"type-product","3":"status-publish","4":"has-post-thumbnail","6":"product_cat-kraeuter-hoelzer","7":"product_cat-raeucherwerk","8":"product_tag-herb","9":"product_tag-wuerzig","10":"product_shipping_class-paket","12":"first","13":"outofstock","14":"taxable","15":"shipping-taxable","16":"purchasable","17":"product-type-simple"},"_links":{"self":[{"href":"https:\/\/shop.mittgard.de\/index.php?rest_route=\/wp\/v2\/product\/1398","targetHints":{"allow":["GET"]}}],"collection":[{"href":"https:\/\/shop.mittgard.de\/index.php?rest_route=\/wp\/v2\/product"}],"about":[{"href":"https:\/\/shop.mittgard.de\/index.php?rest_route=\/wp\/v2\/types\/product"}],"wp:featuredmedia":[{"embeddable":true,"href":"https:\/\/shop.mittgard.de\/index.php?rest_route=\/wp\/v2\/media\/1777"}],"wp:attachment":[{"href":"https:\/\/shop.mittgard.de\/index.php?rest_route=%2Fwp%2Fv2%2Fmedia&parent=1398"}],"wp:term":[{"taxonomy":"product_brand","embeddable":true,"href":"https:\/\/shop.mittgard.de\/index.php?rest_route=%2Fwp%2Fv2%2Fproduct_brand&post=1398"},{"taxonomy":"product_cat","embeddable":true,"href":"https:\/\/shop.mittgard.de\/index.php?rest_route=%2Fwp%2Fv2%2Fproduct_cat&post=1398"},{"taxonomy":"product_tag","embeddable":true,"href":"https:\/\/shop.mittgard.de\/index.php?rest_route=%2Fwp%2Fv2%2Fproduct_tag&post=1398"}],"curies":[{"name":"wp","href":"https:\/\/api.w.org\/{rel}","templated":true}]}}