{"id":1559,"date":"2018-05-01T17:06:59","date_gmt":"2018-05-01T15:06:59","guid":{"rendered":"http:\/\/shop.mittgard.de\/?product=import-placeholder-for-3710"},"modified":"2024-12-14T15:46:33","modified_gmt":"2024-12-14T14:46:33","slug":"raeucherschale-5","status":"publish","type":"product","link":"https:\/\/shop.mittgard.de\/?product=raeucherschale-5","title":{"rendered":"R\u00e4ucherschale &#8222;Niniv\u00e9&#8220;"},"content":{"rendered":"<p>aus Speckstein Niniv\u00e9<\/p>\n<p>Speckstein gibt es in verschiedenen Farben und Musterungen, dementsprechend kann das Aussehen variieren.<\/p>\n<p>H\u00f6he: 7,5 cm, \u00d8 = 13 cm<\/p>\n","protected":false},"excerpt":{"rendered":"<p>aus Speckstein Niniv\u00e9 Speckstein gibt es in verschiedenen Farben und Musterungen, dementsprechend kann das Aussehen variieren. H\u00f6he: 7,5 cm, \u00d8 = 13 cm<\/p>\n","protected":false},"featured_media":6090,"template":"","meta":[],"product_brand":[],"product_cat":[124,110],"product_tag":[643,660],"class_list":{"0":"post-1559","1":"product","2":"type-product","3":"status-publish","4":"has-post-thumbnail","6":"product_cat-raeuchergefaesse","7":"product_cat-raeucherwerk","8":"product_tag-raeuchern","9":"product_tag-speckstein","10":"product_shipping_class-paket","12":"first","13":"onbackorder","14":"taxable","15":"shipping-taxable","16":"purchasable","17":"product-type-simple"},"_links":{"self":[{"href":"https:\/\/shop.mittgard.de\/index.php?rest_route=\/wp\/v2\/product\/1559","targetHints":{"allow":["GET"]}}],"collection":[{"href":"https:\/\/shop.mittgard.de\/index.php?rest_route=\/wp\/v2\/product"}],"about":[{"href":"https:\/\/shop.mittgard.de\/index.php?rest_route=\/wp\/v2\/types\/product"}],"wp:featuredmedia":[{"embeddable":true,"href":"https:\/\/shop.mittgard.de\/index.php?rest_route=\/wp\/v2\/media\/6090"}],"wp:attachment":[{"href":"https:\/\/shop.mittgard.de\/index.php?rest_route=%2Fwp%2Fv2%2Fmedia&parent=1559"}],"wp:term":[{"taxonomy":"product_brand","embeddable":true,"href":"https:\/\/shop.mittgard.de\/index.php?rest_route=%2Fwp%2Fv2%2Fproduct_brand&post=1559"},{"taxonomy":"product_cat","embeddable":true,"href":"https:\/\/shop.mittgard.de\/index.php?rest_route=%2Fwp%2Fv2%2Fproduct_cat&post=1559"},{"taxonomy":"product_tag","embeddable":true,"href":"https:\/\/shop.mittgard.de\/index.php?rest_route=%2Fwp%2Fv2%2Fproduct_tag&post=1559"}],"curies":[{"name":"wp","href":"https:\/\/api.w.org\/{rel}","templated":true}]}}