{"id":1567,"date":"2018-05-01T17:07:04","date_gmt":"2018-05-01T15:07:04","guid":{"rendered":"http:\/\/shop.mittgard.de\/?product=import-placeholder-for-3718"},"modified":"2024-12-14T15:57:07","modified_gmt":"2024-12-14T14:57:07","slug":"raeucherstaebchenbox-antik","status":"publish","type":"product","link":"https:\/\/shop.mittgard.de\/?product=raeucherstaebchenbox-antik","title":{"rendered":"R\u00e4ucherst\u00e4bchenbox &#8222;Antik&#8220;"},"content":{"rendered":"<p>aus Holz mit Schnitzereien und Messingintarsien, im oberen Teil kann man R\u00e4ucherst\u00e4bchen und -kegel abbrennen, unten ist ein Geheimfach um die restlichen R\u00e4ucherst\u00e4bchen zu verstauen<\/p>\n<p>l = 30 cm<\/p>\n","protected":false},"excerpt":{"rendered":"<p>aus Holz mit Schnitzereien und Messingintarsien, im oberen Teil kann man R\u00e4ucherst\u00e4bchen und -kegel abbrennen, unten ist ein Geheimfach um die restlichen R\u00e4ucherst\u00e4bchen zu verstauen l = 30 cm<\/p>\n","protected":false},"featured_media":7303,"template":"","meta":[],"product_brand":[],"product_cat":[125,110],"product_tag":[654,266,600],"class_list":{"0":"post-1567","1":"product","2":"type-product","3":"status-publish","4":"has-post-thumbnail","6":"product_cat-raeucherstaebchen-halter","7":"product_cat-raeucherwerk","8":"product_tag-box","9":"product_tag-holz","10":"product_tag-raeucherstaebchen","11":"product_shipping_class-paket","13":"first","14":"instock","15":"taxable","16":"shipping-taxable","17":"purchasable","18":"product-type-simple"},"_links":{"self":[{"href":"https:\/\/shop.mittgard.de\/index.php?rest_route=\/wp\/v2\/product\/1567","targetHints":{"allow":["GET"]}}],"collection":[{"href":"https:\/\/shop.mittgard.de\/index.php?rest_route=\/wp\/v2\/product"}],"about":[{"href":"https:\/\/shop.mittgard.de\/index.php?rest_route=\/wp\/v2\/types\/product"}],"wp:featuredmedia":[{"embeddable":true,"href":"https:\/\/shop.mittgard.de\/index.php?rest_route=\/wp\/v2\/media\/7303"}],"wp:attachment":[{"href":"https:\/\/shop.mittgard.de\/index.php?rest_route=%2Fwp%2Fv2%2Fmedia&parent=1567"}],"wp:term":[{"taxonomy":"product_brand","embeddable":true,"href":"https:\/\/shop.mittgard.de\/index.php?rest_route=%2Fwp%2Fv2%2Fproduct_brand&post=1567"},{"taxonomy":"product_cat","embeddable":true,"href":"https:\/\/shop.mittgard.de\/index.php?rest_route=%2Fwp%2Fv2%2Fproduct_cat&post=1567"},{"taxonomy":"product_tag","embeddable":true,"href":"https:\/\/shop.mittgard.de\/index.php?rest_route=%2Fwp%2Fv2%2Fproduct_tag&post=1567"}],"curies":[{"name":"wp","href":"https:\/\/api.w.org\/{rel}","templated":true}]}}