{"id":1571,"date":"2018-05-01T17:07:05","date_gmt":"2018-05-01T15:07:05","guid":{"rendered":"http:\/\/shop.mittgard.de\/?product=import-placeholder-for-3722"},"modified":"2024-12-14T15:57:47","modified_gmt":"2024-12-14T14:57:47","slug":"raeucherstaebchenhalter-2","status":"publish","type":"product","link":"https:\/\/shop.mittgard.de\/?product=raeucherstaebchenhalter-2","title":{"rendered":"R\u00e4ucherst\u00e4bchenhalter"},"content":{"rendered":"<p>aus Holz geschnitzt, wei\u00df<\/p>\n<p>l = 28 cm<\/p>\n","protected":false},"excerpt":{"rendered":"<p>aus Holz geschnitzt, wei\u00df l = 28 cm<\/p>\n","protected":false},"featured_media":7308,"template":"","meta":[],"product_brand":[],"product_cat":[125,110],"product_tag":[266,600],"class_list":{"0":"post-1571","1":"product","2":"type-product","3":"status-publish","4":"has-post-thumbnail","6":"product_cat-raeucherstaebchen-halter","7":"product_cat-raeucherwerk","8":"product_tag-holz","9":"product_tag-raeucherstaebchen","10":"product_shipping_class-paket","12":"first","13":"instock","14":"taxable","15":"shipping-taxable","16":"purchasable","17":"product-type-simple"},"_links":{"self":[{"href":"https:\/\/shop.mittgard.de\/index.php?rest_route=\/wp\/v2\/product\/1571","targetHints":{"allow":["GET"]}}],"collection":[{"href":"https:\/\/shop.mittgard.de\/index.php?rest_route=\/wp\/v2\/product"}],"about":[{"href":"https:\/\/shop.mittgard.de\/index.php?rest_route=\/wp\/v2\/types\/product"}],"wp:featuredmedia":[{"embeddable":true,"href":"https:\/\/shop.mittgard.de\/index.php?rest_route=\/wp\/v2\/media\/7308"}],"wp:attachment":[{"href":"https:\/\/shop.mittgard.de\/index.php?rest_route=%2Fwp%2Fv2%2Fmedia&parent=1571"}],"wp:term":[{"taxonomy":"product_brand","embeddable":true,"href":"https:\/\/shop.mittgard.de\/index.php?rest_route=%2Fwp%2Fv2%2Fproduct_brand&post=1571"},{"taxonomy":"product_cat","embeddable":true,"href":"https:\/\/shop.mittgard.de\/index.php?rest_route=%2Fwp%2Fv2%2Fproduct_cat&post=1571"},{"taxonomy":"product_tag","embeddable":true,"href":"https:\/\/shop.mittgard.de\/index.php?rest_route=%2Fwp%2Fv2%2Fproduct_tag&post=1571"}],"curies":[{"name":"wp","href":"https:\/\/api.w.org\/{rel}","templated":true}]}}