{"id":1573,"date":"2018-05-01T17:07:05","date_gmt":"2018-05-01T15:07:05","guid":{"rendered":"http:\/\/shop.mittgard.de\/?product=import-placeholder-for-3724"},"modified":"2024-12-14T15:50:18","modified_gmt":"2024-12-14T14:50:18","slug":"raeucherstoevchen","status":"publish","type":"product","link":"https:\/\/shop.mittgard.de\/?product=raeucherstoevchen","title":{"rendered":"R\u00e4ucherst\u00f6vchen"},"content":{"rendered":"<p>aus wei\u00dfem Ton mit R\u00e4uchersieb, kl. Edelstahlb\u00fcrste &amp; Gebrauchsanleitung<\/p>\n<p>\u00d8 = 8 cm, 8,5 cm hoch<\/p>\n","protected":false},"excerpt":{"rendered":"<p>aus wei\u00dfem Ton mit R\u00e4uchersieb, kl. Edelstahlb\u00fcrste &amp; Gebrauchsanleitung \u00d8 = 8 cm, 8,5 cm hoch<\/p>\n","protected":false},"featured_media":7963,"template":"","meta":[],"product_brand":[],"product_cat":[124,110],"product_tag":[643,943,944,672],"class_list":{"0":"post-1573","1":"product","2":"type-product","3":"status-publish","4":"has-post-thumbnail","6":"product_cat-raeuchergefaesse","7":"product_cat-raeucherwerk","8":"product_tag-raeuchern","9":"product_tag-sieb","10":"product_tag-stoevchen","11":"product_tag-teelicht","12":"product_shipping_class-paket","14":"first","15":"instock","16":"taxable","17":"shipping-taxable","18":"purchasable","19":"product-type-simple"},"_links":{"self":[{"href":"https:\/\/shop.mittgard.de\/index.php?rest_route=\/wp\/v2\/product\/1573","targetHints":{"allow":["GET"]}}],"collection":[{"href":"https:\/\/shop.mittgard.de\/index.php?rest_route=\/wp\/v2\/product"}],"about":[{"href":"https:\/\/shop.mittgard.de\/index.php?rest_route=\/wp\/v2\/types\/product"}],"wp:featuredmedia":[{"embeddable":true,"href":"https:\/\/shop.mittgard.de\/index.php?rest_route=\/wp\/v2\/media\/7963"}],"wp:attachment":[{"href":"https:\/\/shop.mittgard.de\/index.php?rest_route=%2Fwp%2Fv2%2Fmedia&parent=1573"}],"wp:term":[{"taxonomy":"product_brand","embeddable":true,"href":"https:\/\/shop.mittgard.de\/index.php?rest_route=%2Fwp%2Fv2%2Fproduct_brand&post=1573"},{"taxonomy":"product_cat","embeddable":true,"href":"https:\/\/shop.mittgard.de\/index.php?rest_route=%2Fwp%2Fv2%2Fproduct_cat&post=1573"},{"taxonomy":"product_tag","embeddable":true,"href":"https:\/\/shop.mittgard.de\/index.php?rest_route=%2Fwp%2Fv2%2Fproduct_tag&post=1573"}],"curies":[{"name":"wp","href":"https:\/\/api.w.org\/{rel}","templated":true}]}}