{"id":15968,"date":"2023-03-22T16:13:52","date_gmt":"2023-03-22T15:13:52","guid":{"rendered":"https:\/\/shop.mittgard.de\/?post_type=product&#038;p=15968"},"modified":"2025-10-08T18:11:38","modified_gmt":"2025-10-08T16:11:38","slug":"gienger-michael-die-heilsteine-taschenapotheke","status":"publish","type":"product","link":"https:\/\/shop.mittgard.de\/?product=gienger-michael-die-heilsteine-taschenapotheke","title":{"rendered":"Gienger, Michael &#8222;Die Heilsteine Taschenapotheke&#8220;"},"content":{"rendered":"<p>Mit wenigen Steinen viel bewirken<\/p>\n<p>Steinheilkunde ganz leicht gemacht: Mit nur 12 Steinen deckt die &#8222;Heilsteine Taschenapotheke&#8220; viele Anwendungsbereiche einer Hausapotheke ab. Von Allergien bis Zahnschmerzen finden Sie f\u00fcr Anliegen aller Art den richtigen Stein.<\/p>\n<p>Verst\u00e4ndlich und \u00fcbersichtlich werden in zw\u00f6lf Kapiteln viele Beschwerden sinnvoll zusammengefasst und die passenden Heilsteine sowie deren Anwendung vorgestellt.<\/p>\n<p>Das handliche B\u00fcchlein bietet die Essenz der modernen Steinheilkunde. Mit den zw\u00f6lf Heilsteinen dieser Taschenapotheke k\u00f6nnen Sie viel f\u00fcr Ihre Heilung und Gesunderhaltung tun.<\/p>\n<p>Taschenbuch, 64 Seiten<\/p>\n","protected":false},"excerpt":{"rendered":"<p>TB<\/p>\n","protected":false},"featured_media":26226,"template":"","meta":[],"product_brand":[],"product_cat":[186,185,205],"product_tag":[541,411,1112],"class_list":{"0":"post-15968","1":"product","2":"type-product","3":"status-publish","4":"has-post-thumbnail","6":"product_cat-alternativ-leben","7":"product_cat-literatur","8":"product_cat-steinheilkunde","9":"product_tag-edelsteine","10":"product_tag-heilsteine","11":"product_tag-naturheilkunde","12":"product_shipping_class-brief","14":"first","15":"instock","16":"taxable","17":"shipping-taxable","18":"purchasable","19":"product-type-simple"},"_links":{"self":[{"href":"https:\/\/shop.mittgard.de\/index.php?rest_route=\/wp\/v2\/product\/15968","targetHints":{"allow":["GET"]}}],"collection":[{"href":"https:\/\/shop.mittgard.de\/index.php?rest_route=\/wp\/v2\/product"}],"about":[{"href":"https:\/\/shop.mittgard.de\/index.php?rest_route=\/wp\/v2\/types\/product"}],"wp:featuredmedia":[{"embeddable":true,"href":"https:\/\/shop.mittgard.de\/index.php?rest_route=\/wp\/v2\/media\/26226"}],"wp:attachment":[{"href":"https:\/\/shop.mittgard.de\/index.php?rest_route=%2Fwp%2Fv2%2Fmedia&parent=15968"}],"wp:term":[{"taxonomy":"product_brand","embeddable":true,"href":"https:\/\/shop.mittgard.de\/index.php?rest_route=%2Fwp%2Fv2%2Fproduct_brand&post=15968"},{"taxonomy":"product_cat","embeddable":true,"href":"https:\/\/shop.mittgard.de\/index.php?rest_route=%2Fwp%2Fv2%2Fproduct_cat&post=15968"},{"taxonomy":"product_tag","embeddable":true,"href":"https:\/\/shop.mittgard.de\/index.php?rest_route=%2Fwp%2Fv2%2Fproduct_tag&post=15968"}],"curies":[{"name":"wp","href":"https:\/\/api.w.org\/{rel}","templated":true}]}}