{"id":15976,"date":"2023-03-23T14:47:16","date_gmt":"2023-03-23T13:47:16","guid":{"rendered":"https:\/\/shop.mittgard.de\/?post_type=product&#038;p=15976"},"modified":"2025-10-09T16:55:00","modified_gmt":"2025-10-09T14:55:00","slug":"zeder-kraeuterbuendel","status":"publish","type":"product","link":"https:\/\/shop.mittgard.de\/?product=zeder-kraeuterbuendel","title":{"rendered":"Zeder, Kr\u00e4uterb\u00fcndel"},"content":{"rendered":"<p>balsamisch, s\u00fc\u00df-warmer Duft<\/p>\n<p>indianisches R\u00e4ucherwerk f\u00fcr Schutz und St\u00e4rke, weckt Selbstvertrauen und Intuition<\/p>\n<p>Smudge Stick mit ca. 70g<\/p>\n","protected":false},"excerpt":{"rendered":"<p>balsamisch, s\u00fc\u00df-warmer Duft indianisches R\u00e4ucherwerk f\u00fcr Schutz und St\u00e4rke, weckt Selbstvertrauen und Intuition Smudge Stick mit ca. 70g<\/p>\n","protected":false},"featured_media":26577,"template":"","meta":[],"product_brand":[],"product_cat":[114,110],"product_tag":[143,534,175,133],"class_list":{"0":"post-15976","1":"product","2":"type-product","3":"status-publish","4":"has-post-thumbnail","6":"product_cat-kraeuter-hoelzer","7":"product_cat-raeucherwerk","8":"product_tag-balsamisch","9":"product_tag-indianer","10":"product_tag-schutz","11":"product_tag-wuerzig","12":"product_shipping_class-paket","14":"first","15":"instock","16":"taxable","17":"shipping-taxable","18":"purchasable","19":"product-type-simple"},"_links":{"self":[{"href":"https:\/\/shop.mittgard.de\/index.php?rest_route=\/wp\/v2\/product\/15976","targetHints":{"allow":["GET"]}}],"collection":[{"href":"https:\/\/shop.mittgard.de\/index.php?rest_route=\/wp\/v2\/product"}],"about":[{"href":"https:\/\/shop.mittgard.de\/index.php?rest_route=\/wp\/v2\/types\/product"}],"wp:featuredmedia":[{"embeddable":true,"href":"https:\/\/shop.mittgard.de\/index.php?rest_route=\/wp\/v2\/media\/26577"}],"wp:attachment":[{"href":"https:\/\/shop.mittgard.de\/index.php?rest_route=%2Fwp%2Fv2%2Fmedia&parent=15976"}],"wp:term":[{"taxonomy":"product_brand","embeddable":true,"href":"https:\/\/shop.mittgard.de\/index.php?rest_route=%2Fwp%2Fv2%2Fproduct_brand&post=15976"},{"taxonomy":"product_cat","embeddable":true,"href":"https:\/\/shop.mittgard.de\/index.php?rest_route=%2Fwp%2Fv2%2Fproduct_cat&post=15976"},{"taxonomy":"product_tag","embeddable":true,"href":"https:\/\/shop.mittgard.de\/index.php?rest_route=%2Fwp%2Fv2%2Fproduct_tag&post=15976"}],"curies":[{"name":"wp","href":"https:\/\/api.w.org\/{rel}","templated":true}]}}