{"id":15981,"date":"2023-03-23T15:28:49","date_gmt":"2023-03-23T14:28:49","guid":{"rendered":"https:\/\/shop.mittgard.de\/?post_type=product&#038;p=15981"},"modified":"2025-10-09T16:56:31","modified_gmt":"2025-10-09T14:56:31","slug":"kupferloeffel","status":"publish","type":"product","link":"https:\/\/shop.mittgard.de\/?product=kupferloeffel","title":{"rendered":"Kupferl\u00f6ffel"},"content":{"rendered":"<p>kleiner 12,5 cm langer Kupferl\u00f6ffel zum Auflegen des R\u00e4ucherwerks auf die R\u00e4ucherkohle ohne sich die Finger zu verbrennen.<\/p>\n","protected":false},"excerpt":{"rendered":"<p>kleiner 12,5 cm langer Kupferl\u00f6ffel zum Auflegen des R\u00e4ucherwerks auf die R\u00e4ucherkohle ohne sich die Finger zu verbrennen.<\/p>\n","protected":false},"featured_media":26578,"template":"","meta":[],"product_brand":[],"product_cat":[111,110],"product_tag":[1403,643],"class_list":{"0":"post-15981","1":"product","2":"type-product","3":"status-publish","4":"has-post-thumbnail","6":"product_cat-raeucherkohle-zubehoer","7":"product_cat-raeucherwerk","8":"product_tag-loeffel","9":"product_tag-raeuchern","10":"product_shipping_class-brief","12":"first","13":"onbackorder","14":"taxable","15":"shipping-taxable","16":"purchasable","17":"product-type-simple"},"_links":{"self":[{"href":"https:\/\/shop.mittgard.de\/index.php?rest_route=\/wp\/v2\/product\/15981","targetHints":{"allow":["GET"]}}],"collection":[{"href":"https:\/\/shop.mittgard.de\/index.php?rest_route=\/wp\/v2\/product"}],"about":[{"href":"https:\/\/shop.mittgard.de\/index.php?rest_route=\/wp\/v2\/types\/product"}],"wp:featuredmedia":[{"embeddable":true,"href":"https:\/\/shop.mittgard.de\/index.php?rest_route=\/wp\/v2\/media\/26578"}],"wp:attachment":[{"href":"https:\/\/shop.mittgard.de\/index.php?rest_route=%2Fwp%2Fv2%2Fmedia&parent=15981"}],"wp:term":[{"taxonomy":"product_brand","embeddable":true,"href":"https:\/\/shop.mittgard.de\/index.php?rest_route=%2Fwp%2Fv2%2Fproduct_brand&post=15981"},{"taxonomy":"product_cat","embeddable":true,"href":"https:\/\/shop.mittgard.de\/index.php?rest_route=%2Fwp%2Fv2%2Fproduct_cat&post=15981"},{"taxonomy":"product_tag","embeddable":true,"href":"https:\/\/shop.mittgard.de\/index.php?rest_route=%2Fwp%2Fv2%2Fproduct_tag&post=15981"}],"curies":[{"name":"wp","href":"https:\/\/api.w.org\/{rel}","templated":true}]}}