{"id":2080,"date":"2018-06-22T15:29:59","date_gmt":"2018-06-22T13:29:59","guid":{"rendered":"http:\/\/shop.mittgard.de\/?product=import-placeholder-for-1306"},"modified":"2024-12-14T13:55:36","modified_gmt":"2024-12-14T12:55:36","slug":"copal-negro-50g","status":"publish","type":"product","link":"https:\/\/shop.mittgard.de\/?product=copal-negro-50g","title":{"rendered":"Copal negro (50g)"},"content":{"rendered":"<p>schwarzer Copal von der Pflanze Bursera microphylla = Elefantenbaum aus Mexiko<\/p>\n<p>sch\u00fctzt &amp; vertreibt b\u00f6se Geister &amp; schlechte Tr\u00e4ume<\/p>\n","protected":false},"excerpt":{"rendered":"<p>schwarzer Copal von der Pflanze Bursera microphylla = Elefantenbaum aus Mexiko sch\u00fctzt &amp; vertreibt b\u00f6se Geister &amp; schlechte Tr\u00e4ume<\/p>\n","protected":false},"featured_media":1680,"template":"","meta":[],"product_brand":[],"product_cat":[112,110],"product_tag":[145,129],"class_list":{"0":"post-2080","1":"product","2":"type-product","3":"status-publish","4":"has-post-thumbnail","6":"product_cat-harze","7":"product_cat-raeucherwerk","8":"product_tag-schwer","9":"product_tag-suesslich","10":"product_shipping_class-paket","12":"first","13":"instock","14":"taxable","15":"shipping-taxable","16":"purchasable","17":"product-type-simple"},"_links":{"self":[{"href":"https:\/\/shop.mittgard.de\/index.php?rest_route=\/wp\/v2\/product\/2080","targetHints":{"allow":["GET"]}}],"collection":[{"href":"https:\/\/shop.mittgard.de\/index.php?rest_route=\/wp\/v2\/product"}],"about":[{"href":"https:\/\/shop.mittgard.de\/index.php?rest_route=\/wp\/v2\/types\/product"}],"wp:featuredmedia":[{"embeddable":true,"href":"https:\/\/shop.mittgard.de\/index.php?rest_route=\/wp\/v2\/media\/1680"}],"wp:attachment":[{"href":"https:\/\/shop.mittgard.de\/index.php?rest_route=%2Fwp%2Fv2%2Fmedia&parent=2080"}],"wp:term":[{"taxonomy":"product_brand","embeddable":true,"href":"https:\/\/shop.mittgard.de\/index.php?rest_route=%2Fwp%2Fv2%2Fproduct_brand&post=2080"},{"taxonomy":"product_cat","embeddable":true,"href":"https:\/\/shop.mittgard.de\/index.php?rest_route=%2Fwp%2Fv2%2Fproduct_cat&post=2080"},{"taxonomy":"product_tag","embeddable":true,"href":"https:\/\/shop.mittgard.de\/index.php?rest_route=%2Fwp%2Fv2%2Fproduct_tag&post=2080"}],"curies":[{"name":"wp","href":"https:\/\/api.w.org\/{rel}","templated":true}]}}