{"id":21347,"date":"2023-04-17T16:55:40","date_gmt":"2023-04-17T14:55:40","guid":{"rendered":"https:\/\/shop.mittgard.de\/?post_type=product&#038;p=21347"},"modified":"2025-10-08T19:51:34","modified_gmt":"2025-10-08T17:51:34","slug":"bauer-alexandra-midgard-sagen-lokasenna","status":"publish","type":"product","link":"https:\/\/shop.mittgard.de\/?product=bauer-alexandra-midgard-sagen-lokasenna","title":{"rendered":"Bauer, Alexandra &#8222;Midgard Sagen &#8211; Lokasenna&#8220;"},"content":{"rendered":"<p>Die Midgard Sagen handeln von den altnordischen G\u00f6ttern und Helden aus der Lieder-Edda und der Snorra-Edda. Neu und leicht erz\u00e4hlt eignen sich diese auch f\u00fcr Kinder. Jedes Buch der Reihe erscheint reich bebildert und behandelt die nordische Mythologie in kleinen Episoden. So ist es vor allem Eltern m\u00f6glich, die Geschichten gezielt f\u00fcr ihre Kinder auszuw\u00e4hlen. Dieses Buch erz\u00e4hlt das Lied &#8222;Lokasenna&#8220; wieder.<\/p>\n<p>Loki spottet \u00fcber die Asen. So kommt es zur Feindschaft zwischen ihm und den G\u00f6ttern. Als Thor in den Streit eingreift, flieht Loki. Wird er den Asen entkommen? Wie werden sie ihn bestrafen? Warum kann Sigyn seine Schmerzen lindern?<\/p>\n<p>Liebevoll illustriert von Julia Senf und Rebecca Heil.<\/p>\n<p>broschiert, 98 Seiten<\/p>\n","protected":false},"excerpt":{"rendered":"<p>Br<\/p>\n","protected":false},"featured_media":26386,"template":"","meta":[],"product_brand":[],"product_cat":[193,197,185],"product_tag":[348,351,252,347,305],"class_list":{"0":"post-21347","1":"product","2":"type-product","3":"status-publish","4":"has-post-thumbnail","6":"product_cat-germanen","7":"product_cat-kinderbuecher","8":"product_cat-literatur","9":"product_tag-edda","10":"product_tag-goetter","11":"product_tag-kinder","12":"product_tag-loki","13":"product_tag-sagen","14":"product_shipping_class-paket","16":"first","17":"instock","18":"taxable","19":"shipping-taxable","20":"purchasable","21":"product-type-simple"},"_links":{"self":[{"href":"https:\/\/shop.mittgard.de\/index.php?rest_route=\/wp\/v2\/product\/21347","targetHints":{"allow":["GET"]}}],"collection":[{"href":"https:\/\/shop.mittgard.de\/index.php?rest_route=\/wp\/v2\/product"}],"about":[{"href":"https:\/\/shop.mittgard.de\/index.php?rest_route=\/wp\/v2\/types\/product"}],"wp:featuredmedia":[{"embeddable":true,"href":"https:\/\/shop.mittgard.de\/index.php?rest_route=\/wp\/v2\/media\/26386"}],"wp:attachment":[{"href":"https:\/\/shop.mittgard.de\/index.php?rest_route=%2Fwp%2Fv2%2Fmedia&parent=21347"}],"wp:term":[{"taxonomy":"product_brand","embeddable":true,"href":"https:\/\/shop.mittgard.de\/index.php?rest_route=%2Fwp%2Fv2%2Fproduct_brand&post=21347"},{"taxonomy":"product_cat","embeddable":true,"href":"https:\/\/shop.mittgard.de\/index.php?rest_route=%2Fwp%2Fv2%2Fproduct_cat&post=21347"},{"taxonomy":"product_tag","embeddable":true,"href":"https:\/\/shop.mittgard.de\/index.php?rest_route=%2Fwp%2Fv2%2Fproduct_tag&post=21347"}],"curies":[{"name":"wp","href":"https:\/\/api.w.org\/{rel}","templated":true}]}}