{"id":21422,"date":"2023-05-09T13:59:31","date_gmt":"2023-05-09T11:59:31","guid":{"rendered":"https:\/\/shop.mittgard.de\/?post_type=product&#038;p=21422"},"modified":"2026-01-14T13:46:24","modified_gmt":"2026-01-14T12:46:24","slug":"fischer-doris-faserwerkstatt","status":"publish","type":"product","link":"https:\/\/shop.mittgard.de\/?product=fischer-doris-faserwerkstatt","title":{"rendered":"Fischer, Doris &#8222;Faserwerkstatt&#8220;"},"content":{"rendered":"<p>Traditionelle Textiltechniken mit nat\u00fcrlichen Materialien<\/p>\n<p>Altes Textilhandwerk &#8211; neu entdeckt<\/p>\n<p>Dieses historisch fundierte Sach- und Werkbuch stellt kaum bekannte, vergessene und wiederentdeckte Textiltechniken aus ganz Europa vor &#8211; von der Steinzeit bis ins 19. Jahrhundert. Es f\u00fchrt durch die faszinierende Geschichte des Textilhandwerks und animiert zum Entdecken und Ausprobieren.<\/p>\n<p>Die arch\u00e4ologische Grabungstechnikerin Doris Fischer zeigt, wie man Fasern aufbereitet und daraus F\u00e4den spinnt. Techniken wie Nadelbinden, Brettchenweben oder Diagonalflechten werden Schritt f\u00fcr Schritt erkl\u00e4rt. Einfache Werkzeuge daf\u00fcr lassen sich leicht selbst anfertigen. Auch ohne Vorkenntnisse und mit nat\u00fcrlichen Materialien entstehen so Strohseile, Seidenschn\u00fcre, Leinenborten, G\u00fcrtel, Handschuhe und vieles mehr.<\/p>\n<p>Mit vielen Tipps aus der Praxis von Arch\u00e4otechnik, Reenactment und Museen.<\/p>\n<p>Gebundene Ausgabe, 304 Seiten<\/p>\n","protected":false},"excerpt":{"rendered":"<p>Geb<\/p>\n","protected":false},"featured_media":26207,"template":"","meta":[],"product_brand":[],"product_cat":[186,188,185],"product_tag":[950,1253,936,294,272,1424,1425,281],"class_list":{"0":"post-21422","1":"product","2":"type-product","3":"status-publish","4":"has-post-thumbnail","6":"product_cat-alternativ-leben","7":"product_cat-altes-handwerk","8":"product_cat-literatur","9":"product_tag-baender","10":"product_tag-borte","11":"product_tag-flechten","12":"product_tag-nadelbinden","13":"product_tag-spinnen","14":"product_tag-sprang","15":"product_tag-textiltechnik","16":"product_tag-weben","17":"product_shipping_class-paket","19":"first","20":"instock","21":"taxable","22":"shipping-taxable","23":"purchasable","24":"product-type-simple"},"_links":{"self":[{"href":"https:\/\/shop.mittgard.de\/index.php?rest_route=\/wp\/v2\/product\/21422","targetHints":{"allow":["GET"]}}],"collection":[{"href":"https:\/\/shop.mittgard.de\/index.php?rest_route=\/wp\/v2\/product"}],"about":[{"href":"https:\/\/shop.mittgard.de\/index.php?rest_route=\/wp\/v2\/types\/product"}],"wp:featuredmedia":[{"embeddable":true,"href":"https:\/\/shop.mittgard.de\/index.php?rest_route=\/wp\/v2\/media\/26207"}],"wp:attachment":[{"href":"https:\/\/shop.mittgard.de\/index.php?rest_route=%2Fwp%2Fv2%2Fmedia&parent=21422"}],"wp:term":[{"taxonomy":"product_brand","embeddable":true,"href":"https:\/\/shop.mittgard.de\/index.php?rest_route=%2Fwp%2Fv2%2Fproduct_brand&post=21422"},{"taxonomy":"product_cat","embeddable":true,"href":"https:\/\/shop.mittgard.de\/index.php?rest_route=%2Fwp%2Fv2%2Fproduct_cat&post=21422"},{"taxonomy":"product_tag","embeddable":true,"href":"https:\/\/shop.mittgard.de\/index.php?rest_route=%2Fwp%2Fv2%2Fproduct_tag&post=21422"}],"curies":[{"name":"wp","href":"https:\/\/api.w.org\/{rel}","templated":true}]}}