{"id":21430,"date":"2023-05-09T14:08:58","date_gmt":"2023-05-09T12:08:58","guid":{"rendered":"https:\/\/shop.mittgard.de\/?post_type=product&#038;p=21430"},"modified":"2025-10-08T18:18:46","modified_gmt":"2025-10-08T16:18:46","slug":"kaiser-dieter-die-welt-der-pflanzenfarben","status":"publish","type":"product","link":"https:\/\/shop.mittgard.de\/?product=kaiser-dieter-die-welt-der-pflanzenfarben","title":{"rendered":"Kaiser, Dieter &#8222;Die Welt der Pflanzenfarben&#8220;"},"content":{"rendered":"<p>Ein buntes Arbeits- und Reisebuch zum F\u00e4rben von Wolle<\/p>\n<p>Mit nat\u00fcrlichen F\u00e4rbemitteln k\u00f6nnen auf umweltfreundliche Weise traumhafte Farben hervorgebracht werden. Reseda, Krappwurzel, Katechu, Indigo und die Koschenillelaus eignen sich als F\u00e4rbemittel f\u00fcr den Heimgebrauch ebenso wie f\u00fcr den professionellen Einsatz.<\/p>\n<p>Dieter Kaiser kann auf \u00fcber 40 Jahre Erfahrung mit der Pflanzenf\u00e4rberei zur\u00fcckgreifen. Anhand von genauen Grundrezepturen zeigt er, wie auf Wolle ein ganzes Spektrum an kr\u00e4ftigen, miteinander harmonierenden Farben erzeugt werden kann. Weitere F\u00e4rbemittel wie Goldrute, Walnuss oder Granatapfel erweitern die Farbpalette und erm\u00f6glichen unz\u00e4hlige Nuancierungen.<\/p>\n<p>Das Buch l\u00e4sst uns eintauchen in die bunte Welt der Pflanzenfarben. Es ist aber auch eine Reise zu den Menschen in Peru, Nepal, Indien und Usbekistan und zur Geschichte ihrer Farbe. Und zugleich das umfassende Portr\u00e4t eines jahrtausendealten Handwerks.<\/p>\n<p>Gebundene Ausgabe, 224 Seiten<\/p>\n","protected":false},"excerpt":{"rendered":"<p>Geb<\/p>\n","protected":false},"featured_media":26240,"template":"","meta":[],"product_brand":[],"product_cat":[186,188,185],"product_tag":[271,258,1426],"class_list":{"0":"post-21430","1":"product","2":"type-product","3":"status-publish","4":"has-post-thumbnail","6":"product_cat-alternativ-leben","7":"product_cat-altes-handwerk","8":"product_cat-literatur","9":"product_tag-faerben","10":"product_tag-pflanzenfarben","11":"product_tag-wolle-faerben","12":"product_shipping_class-paket","14":"first","15":"instock","16":"taxable","17":"shipping-taxable","18":"purchasable","19":"product-type-simple"},"_links":{"self":[{"href":"https:\/\/shop.mittgard.de\/index.php?rest_route=\/wp\/v2\/product\/21430","targetHints":{"allow":["GET"]}}],"collection":[{"href":"https:\/\/shop.mittgard.de\/index.php?rest_route=\/wp\/v2\/product"}],"about":[{"href":"https:\/\/shop.mittgard.de\/index.php?rest_route=\/wp\/v2\/types\/product"}],"wp:featuredmedia":[{"embeddable":true,"href":"https:\/\/shop.mittgard.de\/index.php?rest_route=\/wp\/v2\/media\/26240"}],"wp:attachment":[{"href":"https:\/\/shop.mittgard.de\/index.php?rest_route=%2Fwp%2Fv2%2Fmedia&parent=21430"}],"wp:term":[{"taxonomy":"product_brand","embeddable":true,"href":"https:\/\/shop.mittgard.de\/index.php?rest_route=%2Fwp%2Fv2%2Fproduct_brand&post=21430"},{"taxonomy":"product_cat","embeddable":true,"href":"https:\/\/shop.mittgard.de\/index.php?rest_route=%2Fwp%2Fv2%2Fproduct_cat&post=21430"},{"taxonomy":"product_tag","embeddable":true,"href":"https:\/\/shop.mittgard.de\/index.php?rest_route=%2Fwp%2Fv2%2Fproduct_tag&post=21430"}],"curies":[{"name":"wp","href":"https:\/\/api.w.org\/{rel}","templated":true}]}}

<p>Ein buntes Arbeits- und Reisebuch zum Färben von Wolle</p>
<p>Mit natürlichen Färbemitteln können auf umweltfreundliche Weise traumhafte Farben hervorgebracht werden. Reseda, Krappwurzel, Katechu, Indigo und die Koschenillelaus eignen sich als Färbemittel für den Heimgebrauch ebenso wie für den professionellen Einsatz.</p>
<p>Dieter Kaiser kann auf über 40 Jahre Erfahrung mit der Pflanzenfärberei zurückgreifen. Anhand von genauen Grundrezepturen zeigt er, wie auf Wolle ein ganzes Spektrum an kräftigen, miteinander harmonierenden Farben erzeugt werden kann. Weitere Färbemittel wie Goldrute, Walnuss oder Granatapfel erweitern die Farbpalette und ermöglichen unzählige Nuancierungen.</p>
<p>Das Buch lässt uns eintauchen in die bunte Welt der Pflanzenfarben. Es ist aber auch eine Reise zu den Menschen in Peru, Nepal, Indien und Usbekistan und zur Geschichte ihrer Farbe. Und zugleich das umfassende Porträt eines jahrtausendealten Handwerks.</p>
<p>Gebundene Ausgabe, 224 Seiten</p>
