{"id":21508,"date":"2023-05-30T17:35:28","date_gmt":"2023-05-30T15:35:28","guid":{"rendered":"https:\/\/shop.mittgard.de\/?post_type=product&#038;p=21508"},"modified":"2025-09-30T16:50:45","modified_gmt":"2025-09-30T14:50:45","slug":"fibelkette-2","status":"publish","type":"product","link":"https:\/\/shop.mittgard.de\/?product=fibelkette-2","title":{"rendered":"Fibelkette 2"},"content":{"rendered":"<p>um eine gro\u00dfe rot-blau-wei\u00dfe Glasperle gruppieren sich wei\u00dfe Glasperlen, rote Hornperlen und kleine Fischwirbel<\/p>\n<p><span style=\"font-size: 1rem;\">32 cm langer Perlenstrang aufgezogen auf Silberdraht mit versilberten <\/span><span style=\"font-size: 1rem;\">S-Haken zum Einh\u00e4ngen in das Fibelpaar<\/span><\/p>\n<p>&nbsp;<\/p>\n","protected":false},"excerpt":{"rendered":"<p>um eine gro\u00dfe rot-blau-wei\u00dfe Glasperle gruppieren sich wei\u00dfe Glasperlen, rote Hornperlen und kleine Fischwirbel 32 cm langer Perlenstrang aufgezogen auf Silberdraht mit versilberten S-Haken zum Einh\u00e4ngen in das Fibelpaar &nbsp;<\/p>\n","protected":false},"featured_media":25969,"template":"","meta":[],"product_brand":[],"product_cat":[457,455],"product_tag":[615,1310,616,951,311],"class_list":{"0":"post-21508","1":"product","2":"type-product","3":"status-publish","4":"has-post-thumbnail","6":"product_cat-einzelstuecke","7":"product_cat-schmuck","8":"product_tag-brustschmuck","9":"product_tag-fischwirbel","10":"product_tag-glasperlen","11":"product_tag-hornperlen","12":"product_tag-wikinger","13":"product_shipping_class-brief","15":"first","16":"instock","17":"sold-individually","18":"taxable","19":"shipping-taxable","20":"purchasable","21":"product-type-simple"},"_links":{"self":[{"href":"https:\/\/shop.mittgard.de\/index.php?rest_route=\/wp\/v2\/product\/21508","targetHints":{"allow":["GET"]}}],"collection":[{"href":"https:\/\/shop.mittgard.de\/index.php?rest_route=\/wp\/v2\/product"}],"about":[{"href":"https:\/\/shop.mittgard.de\/index.php?rest_route=\/wp\/v2\/types\/product"}],"wp:featuredmedia":[{"embeddable":true,"href":"https:\/\/shop.mittgard.de\/index.php?rest_route=\/wp\/v2\/media\/25969"}],"wp:attachment":[{"href":"https:\/\/shop.mittgard.de\/index.php?rest_route=%2Fwp%2Fv2%2Fmedia&parent=21508"}],"wp:term":[{"taxonomy":"product_brand","embeddable":true,"href":"https:\/\/shop.mittgard.de\/index.php?rest_route=%2Fwp%2Fv2%2Fproduct_brand&post=21508"},{"taxonomy":"product_cat","embeddable":true,"href":"https:\/\/shop.mittgard.de\/index.php?rest_route=%2Fwp%2Fv2%2Fproduct_cat&post=21508"},{"taxonomy":"product_tag","embeddable":true,"href":"https:\/\/shop.mittgard.de\/index.php?rest_route=%2Fwp%2Fv2%2Fproduct_tag&post=21508"}],"curies":[{"name":"wp","href":"https:\/\/api.w.org\/{rel}","templated":true}]}}