{"id":23248,"date":"2023-07-18T10:12:39","date_gmt":"2023-07-18T08:12:39","guid":{"rendered":"https:\/\/shop.mittgard.de\/?post_type=product&#038;p=23248"},"modified":"2025-09-30T19:11:08","modified_gmt":"2025-09-30T17:11:08","slug":"gruen-brauner-edelstein-opal-scheibenperle","status":"publish","type":"product","link":"https:\/\/shop.mittgard.de\/?product=gruen-brauner-edelstein-opal-scheibenperle","title":{"rendered":"Edelstein (Opal?), Scheibenperle, gr\u00fcn-braun"},"content":{"rendered":"<p>ca. \u00d8 1,4 cm, 0,4 cm dick<\/p>\n<p>sehr d\u00fcnn seitlich gebohrt, nur f\u00fcr Angelschnur oder Draht geeignet<\/p>\n<p>Preis pro St\u00fcck<\/p>\n","protected":false},"excerpt":{"rendered":"<p>ca. \u00d8 1,4 cm, 0,4 cm dick sehr d\u00fcnn seitlich gebohrt, nur f\u00fcr Angelschnur oder Draht geeignet Preis pro St\u00fcck<\/p>\n","protected":false},"featured_media":26053,"template":"","meta":[],"product_brand":[],"product_cat":[486,455],"product_tag":[88,91,1440],"class_list":{"0":"post-23248","1":"product","2":"type-product","3":"status-publish","4":"has-post-thumbnail","6":"product_cat-perlen","7":"product_cat-schmuck","8":"product_tag-braun","9":"product_tag-gruen","10":"product_tag-scheiben","11":"product_shipping_class-brief","13":"first","14":"instock","15":"taxable","16":"shipping-taxable","17":"purchasable","18":"product-type-simple"},"_links":{"self":[{"href":"https:\/\/shop.mittgard.de\/index.php?rest_route=\/wp\/v2\/product\/23248","targetHints":{"allow":["GET"]}}],"collection":[{"href":"https:\/\/shop.mittgard.de\/index.php?rest_route=\/wp\/v2\/product"}],"about":[{"href":"https:\/\/shop.mittgard.de\/index.php?rest_route=\/wp\/v2\/types\/product"}],"wp:featuredmedia":[{"embeddable":true,"href":"https:\/\/shop.mittgard.de\/index.php?rest_route=\/wp\/v2\/media\/26053"}],"wp:attachment":[{"href":"https:\/\/shop.mittgard.de\/index.php?rest_route=%2Fwp%2Fv2%2Fmedia&parent=23248"}],"wp:term":[{"taxonomy":"product_brand","embeddable":true,"href":"https:\/\/shop.mittgard.de\/index.php?rest_route=%2Fwp%2Fv2%2Fproduct_brand&post=23248"},{"taxonomy":"product_cat","embeddable":true,"href":"https:\/\/shop.mittgard.de\/index.php?rest_route=%2Fwp%2Fv2%2Fproduct_cat&post=23248"},{"taxonomy":"product_tag","embeddable":true,"href":"https:\/\/shop.mittgard.de\/index.php?rest_route=%2Fwp%2Fv2%2Fproduct_tag&post=23248"}],"curies":[{"name":"wp","href":"https:\/\/api.w.org\/{rel}","templated":true}]}}