{"id":23280,"date":"2023-07-18T10:47:38","date_gmt":"2023-07-18T08:47:38","guid":{"rendered":"https:\/\/shop.mittgard.de\/?post_type=product&#038;p=23280"},"modified":"2025-10-09T17:04:16","modified_gmt":"2025-10-09T15:04:16","slug":"glas-stabperle-koenigsblau","status":"publish","type":"product","link":"https:\/\/shop.mittgard.de\/?product=glas-stabperle-koenigsblau","title":{"rendered":"Glas, Stabperle, k\u00f6nigsblau"},"content":{"rendered":"<p>Glas, Stabperle in k\u00f6nigsblau<\/p>\n<p>1,7 cm lang<\/p>\n<p>sehr d\u00fcnne Bohrung, nur f\u00fcr Draht oder Angelschnur geeignet<\/p>\n<p>Preis pro St\u00fcck<\/p>\n<p>&nbsp;<\/p>\n","protected":false},"excerpt":{"rendered":"<p>Glas, Stabperle in k\u00f6nigsblau 1,7 cm lang sehr d\u00fcnne Bohrung, nur f\u00fcr Draht oder Angelschnur geeignet Preis pro St\u00fcck &nbsp;<\/p>\n","protected":false},"featured_media":26584,"template":"","meta":[],"product_brand":[],"product_cat":[486,455],"product_tag":[98,826,1427],"class_list":{"0":"post-23280","1":"product","2":"type-product","3":"status-publish","4":"has-post-thumbnail","6":"product_cat-perlen","7":"product_cat-schmuck","8":"product_tag-blau","9":"product_tag-glasperle","10":"product_tag-stabperle","11":"product_shipping_class-brief","13":"first","14":"instock","15":"taxable","16":"shipping-taxable","17":"purchasable","18":"product-type-simple"},"_links":{"self":[{"href":"https:\/\/shop.mittgard.de\/index.php?rest_route=\/wp\/v2\/product\/23280","targetHints":{"allow":["GET"]}}],"collection":[{"href":"https:\/\/shop.mittgard.de\/index.php?rest_route=\/wp\/v2\/product"}],"about":[{"href":"https:\/\/shop.mittgard.de\/index.php?rest_route=\/wp\/v2\/types\/product"}],"wp:featuredmedia":[{"embeddable":true,"href":"https:\/\/shop.mittgard.de\/index.php?rest_route=\/wp\/v2\/media\/26584"}],"wp:attachment":[{"href":"https:\/\/shop.mittgard.de\/index.php?rest_route=%2Fwp%2Fv2%2Fmedia&parent=23280"}],"wp:term":[{"taxonomy":"product_brand","embeddable":true,"href":"https:\/\/shop.mittgard.de\/index.php?rest_route=%2Fwp%2Fv2%2Fproduct_brand&post=23280"},{"taxonomy":"product_cat","embeddable":true,"href":"https:\/\/shop.mittgard.de\/index.php?rest_route=%2Fwp%2Fv2%2Fproduct_cat&post=23280"},{"taxonomy":"product_tag","embeddable":true,"href":"https:\/\/shop.mittgard.de\/index.php?rest_route=%2Fwp%2Fv2%2Fproduct_tag&post=23280"}],"curies":[{"name":"wp","href":"https:\/\/api.w.org\/{rel}","templated":true}]}}