{"id":23298,"date":"2023-07-19T17:23:33","date_gmt":"2023-07-19T15:23:33","guid":{"rendered":"https:\/\/shop.mittgard.de\/?post_type=product&#038;p=23298"},"modified":"2025-09-30T16:56:39","modified_gmt":"2025-09-30T14:56:39","slug":"fibelkette-5","status":"publish","type":"product","link":"https:\/\/shop.mittgard.de\/?product=fibelkette-5","title":{"rendered":"Fibelkette 5"},"content":{"rendered":"<p>um eine gro\u00dfe blaue Glasperle mit wei\u00dfen Schmuckf\u00e4den gruppieren sich wei\u00dfe Knochenperlen und blaue Kugel- &amp; Stabperlen aus Glas<\/p>\n<p><span style=\"font-size: 1rem;\">28 cm langer Perlenstrang aufgezogen auf Silberdraht mit <\/span><span style=\"font-size: 1rem;\">S-Haken aus Kupfer zum Einh\u00e4ngen in das Fibelpaar<\/span><\/p>\n<p>&nbsp;<\/p>\n","protected":false},"excerpt":{"rendered":"<p>um eine gro\u00dfe blaue Glasperle mit wei\u00dfen Schmuckf\u00e4den gruppieren sich wei\u00dfe Knochenperlen und blaue Kugel- &amp; Stabperlen aus Glas 28 cm langer Perlenstrang aufgezogen auf Silberdraht mit S-Haken aus Kupfer zum Einh\u00e4ngen in das Fibelpaar &nbsp;<\/p>\n","protected":false},"featured_media":25975,"template":"","meta":[],"product_brand":[],"product_cat":[457,455],"product_tag":[98,615,299,458,311],"class_list":{"0":"post-23298","1":"product","2":"type-product","3":"status-publish","4":"has-post-thumbnail","6":"product_cat-einzelstuecke","7":"product_cat-schmuck","8":"product_tag-blau","9":"product_tag-brustschmuck","10":"product_tag-glas","11":"product_tag-knochen","12":"product_tag-wikinger","13":"product_shipping_class-brief","15":"first","16":"instock","17":"sold-individually","18":"taxable","19":"shipping-taxable","20":"purchasable","21":"product-type-simple"},"_links":{"self":[{"href":"https:\/\/shop.mittgard.de\/index.php?rest_route=\/wp\/v2\/product\/23298","targetHints":{"allow":["GET"]}}],"collection":[{"href":"https:\/\/shop.mittgard.de\/index.php?rest_route=\/wp\/v2\/product"}],"about":[{"href":"https:\/\/shop.mittgard.de\/index.php?rest_route=\/wp\/v2\/types\/product"}],"wp:featuredmedia":[{"embeddable":true,"href":"https:\/\/shop.mittgard.de\/index.php?rest_route=\/wp\/v2\/media\/25975"}],"wp:attachment":[{"href":"https:\/\/shop.mittgard.de\/index.php?rest_route=%2Fwp%2Fv2%2Fmedia&parent=23298"}],"wp:term":[{"taxonomy":"product_brand","embeddable":true,"href":"https:\/\/shop.mittgard.de\/index.php?rest_route=%2Fwp%2Fv2%2Fproduct_brand&post=23298"},{"taxonomy":"product_cat","embeddable":true,"href":"https:\/\/shop.mittgard.de\/index.php?rest_route=%2Fwp%2Fv2%2Fproduct_cat&post=23298"},{"taxonomy":"product_tag","embeddable":true,"href":"https:\/\/shop.mittgard.de\/index.php?rest_route=%2Fwp%2Fv2%2Fproduct_tag&post=23298"}],"curies":[{"name":"wp","href":"https:\/\/api.w.org\/{rel}","templated":true}]}}